-- Adminer 4.8.1 MySQL 5.5.5-10.4.24-MariaDB dump

SET foreign_key_checks = 0;
SET sql_mode = 'NO_AUTO_VALUE_ON_ZERO';

CREATE TABLE `activities` (
  `id` int(11) NOT NULL AUTO_INCREMENT,
  `url` text NOT NULL,
  `method` varchar(255) DEFAULT NULL,
  `data` text DEFAULT NULL,
  `client` int(11) DEFAULT NULL,
  `admin` int(11) DEFAULT NULL,
  `ip` varchar(100) DEFAULT NULL,
  `device` varchar(255) DEFAULT NULL,
  `browser` varchar(255) DEFAULT NULL,
  `created` datetime NOT NULL,
  PRIMARY KEY (`id`),
  KEY `admin` (`admin`),
  KEY `client` (`client`),
  CONSTRAINT `activities_ibfk_1` FOREIGN KEY (`admin`) REFERENCES `admins` (`id`) ON DELETE CASCADE,
  CONSTRAINT `activities_ibfk_2` FOREIGN KEY (`client`) REFERENCES `users` (`id`) ON DELETE CASCADE
) ENGINE=InnoDB DEFAULT CHARSET=utf8;

INSERT INTO `activities` (`id`, `url`, `method`, `data`, `client`, `admin`, `ip`, `device`, `browser`, `created`) VALUES
(1,	'http://localhost/laravel/browsepets/public',	NULL,	NULL,	NULL,	NULL,	'::1',	'Windows 10 x64',	'Chrome',	'2022-11-18 16:43:03'),
(2,	'http://localhost/laravel/browsepets/public',	NULL,	NULL,	NULL,	NULL,	'::1',	'Windows 10 x64',	'Chrome',	'2022-11-18 16:43:07'),
(3,	'http://localhost/laravel/browsepets/public',	NULL,	NULL,	NULL,	NULL,	'::1',	'Windows 10 x64',	'Chrome',	'2022-11-18 16:43:09'),
(4,	'http://localhost/laravel/browsepets/public',	NULL,	NULL,	NULL,	NULL,	'::1',	'Windows 10 x64',	'Chrome',	'2022-11-18 16:43:17'),
(5,	'http://localhost/laravel/browsepets/public',	NULL,	NULL,	NULL,	NULL,	'::1',	'Windows 10 x64',	'Chrome',	'2022-11-18 16:43:33'),
(6,	'http://localhost/laravel/browsepets/public',	NULL,	NULL,	NULL,	NULL,	'::1',	'Windows 10 x64',	'Chrome',	'2022-11-18 16:43:41'),
(7,	'http://localhost/laravel/browsepets/public',	NULL,	NULL,	NULL,	NULL,	'::1',	'Windows 10 x64',	'Chrome',	'2022-11-18 16:44:17'),
(8,	'http://localhost/laravel/browsepets/public',	NULL,	NULL,	NULL,	NULL,	'::1',	'Windows 10 x64',	'Chrome',	'2022-11-18 16:44:55'),
(9,	'http://localhost/laravel/browsepets/public',	NULL,	NULL,	NULL,	NULL,	'::1',	'Windows 10 x64',	'Chrome',	'2022-11-18 16:45:03');

CREATE TABLE `admins` (
  `id` int(11) NOT NULL AUTO_INCREMENT,
  `first_name` varchar(255) NOT NULL,
  `last_name` varchar(255) DEFAULT NULL,
  `email` varchar(255) NOT NULL,
  `password` varchar(255) NOT NULL,
  `phonenumber` varchar(255) DEFAULT NULL,
  `last_login` datetime DEFAULT NULL,
  `is_admin` tinyint(1) NOT NULL DEFAULT 0,
  `otp` varchar(50) DEFAULT NULL,
  `otp_sent_on` datetime DEFAULT NULL,
  `token` varchar(255) DEFAULT NULL,
  `image` varchar(255) DEFAULT NULL,
  `created_by` int(11) DEFAULT NULL,
  `status` tinyint(1) DEFAULT NULL,
  `deleted_at` datetime DEFAULT NULL,
  `created` datetime NOT NULL,
  `address` tinytext DEFAULT NULL,
  `modified` timestamp NOT NULL DEFAULT current_timestamp() ON UPDATE current_timestamp(),
  PRIMARY KEY (`id`)
) ENGINE=InnoDB DEFAULT CHARSET=utf8;

INSERT INTO `admins` (`id`, `first_name`, `last_name`, `email`, `password`, `phonenumber`, `last_login`, `is_admin`, `otp`, `otp_sent_on`, `token`, `image`, `created_by`, `status`, `deleted_at`, `created`, `address`, `modified`) VALUES
(7,	'Globiz',	'Admin',	'admin@globiz.com',	'$2y$10$I9.LSd21orrgul76LZ215.xj4X6JT50G9tax4f/t2Nnop/hg9Y4Be',	'+448845241732',	'2022-11-22 11:33:27',	1,	NULL,	NULL,	'YG5F8Xxc1NGL6L19J6C5syJqXMXrdm43',	'/uploads/admins/16686784126856-banner-im.png',	1,	1,	NULL,	'2021-02-20 08:48:20',	'Dummy Address , Ludhiana - 141001',	'2022-11-22 06:03:27');

CREATE TABLE `admin_permissions` (
  `id` int(11) NOT NULL AUTO_INCREMENT,
  `permission_id` int(11) NOT NULL,
  `admin_id` int(11) NOT NULL,
  `mode` enum('listing','create','update','delete') COLLATE utf8_bin NOT NULL,
  `created_by` int(11) NOT NULL,
  `created` timestamp NOT NULL DEFAULT current_timestamp() ON UPDATE current_timestamp(),
  PRIMARY KEY (`id`),
  KEY `permission_id` (`permission_id`),
  KEY `admin_id` (`admin_id`),
  KEY `created_by` (`created_by`),
  CONSTRAINT `admin_permissions_ibfk_1` FOREIGN KEY (`permission_id`) REFERENCES `permissions` (`id`) ON DELETE CASCADE,
  CONSTRAINT `admin_permissions_ibfk_2` FOREIGN KEY (`admin_id`) REFERENCES `admins` (`id`) ON DELETE CASCADE,
  CONSTRAINT `admin_permissions_ibfk_3` FOREIGN KEY (`created_by`) REFERENCES `admins` (`id`) ON DELETE CASCADE
) ENGINE=InnoDB DEFAULT CHARSET=utf8 COLLATE=utf8_bin;


CREATE TABLE `blogs` (
  `id` int(11) NOT NULL AUTO_INCREMENT,
  `title` varchar(255) NOT NULL,
  `slug` varchar(255) DEFAULT NULL,
  `description` text DEFAULT NULL,
  `image` text DEFAULT NULL,
  `meta_title` varchar(255) DEFAULT NULL,
  `meta_keywords` varchar(255) DEFAULT NULL,
  `meta_description` varchar(255) DEFAULT NULL,
  `status` tinyint(1) NOT NULL DEFAULT 1,
  `created_by` int(11) DEFAULT NULL,
  `deleted_at` datetime DEFAULT NULL,
  `created` datetime NOT NULL,
  `modified` timestamp NOT NULL DEFAULT current_timestamp() ON UPDATE current_timestamp(),
  PRIMARY KEY (`id`),
  UNIQUE KEY `slug` (`slug`),
  KEY `created_by` (`created_by`),
  CONSTRAINT `blogs_ibfk_2` FOREIGN KEY (`created_by`) REFERENCES `admins` (`id`) ON DELETE SET NULL
) ENGINE=InnoDB DEFAULT CHARSET=utf8;

INSERT INTO `blogs` (`id`, `title`, `slug`, `description`, `image`, `meta_title`, `meta_keywords`, `meta_description`, `status`, `created_by`, `deleted_at`, `created`, `modified`) VALUES
(66,	'How to Safely Use Internet and Social Media Sites',	'how-to-safely-use-internet-and-social-media-sites',	'<h3>How to Safely Use&nbsp;Internet and Social Media Sites:</h3>\r\n\r\n<p>Information placed on the internet or social media can potentially end up in the worldwide public domain and be seen or used by someone for purpose it was not intended for. This may happen even if the information was intended to be &lsquo;private&rsquo; or was on a closed profile or group. Therefore, consider any information you are going to place on the internet or social media as public disclosure.</p>\r\n\r\n<p>You should avoid using internet and social media after consuming alcohol or when your judgment may be impaired for other reasons. Similarly, the use of social media for private purposes during work hours and from government systems should be in accordance with the department policies. The use of social media for private purposes during working time, and from personal mobile devices, is not a healthy practice.</p>\r\n\r\n<p>Those in government services should be familiar with department policies and procedures covering topics such as information security, data protection, the officials secret Act etc which deal with data integrity, sanctity etc.</p>\r\n\r\n<p><strong>Risk Factors:</strong></p>\r\n\r\n<p>The safe use of the internet and social media requires an awareness of risks across four areas:</p>\r\n\r\n<p><strong>Breach of trust or confidence:&nbsp;</strong>Disclosure of information about the official work or about colleagues.</p>\r\n\r\n<p>You have moral duty if not legal to avoid disclosing information obtained from third parties through the conduct of duties. Such information must not therefore be posted on the internet or social media sites like Facebook. Similarly, you should not access or disclose any information that is not in the proper course of official duty nor access information for personal reasons.&nbsp;</p>\r\n\r\n<p>Also, you shall not provide information to third parties who are not entitled to it. Finally, you are advised not to make adverse comment regarding colleagues or seniors in general on the internet or social media.</p>\r\n\r\n<p><strong>Unauthorized disclosure of personal data:&nbsp;</strong>You may have to significant amount of personal and sensitive data due to nature of your work and duty. Here, personal data means data which relates to living individual who can be identified from:&nbsp;<br />\r\na) The data, or<br />\r\nb) Other information which is in your possession, or is likely to come into your possession.</p>\r\n\r\n<p><strong>Sensitive personal data means personal data consisting of information as to:</strong><br />\r\na) &nbsp;The racial or ethnic origin of a person<br />\r\nb) Their political opinions<br />\r\nc) &nbsp;Their religious beliefs or their beliefs of a similar nature<br />\r\nd) &nbsp;Their physical or mental health or condition<br />\r\ne) &nbsp;Their sexual life<br />\r\nf) The commission or alleged commission of any offence</p>\r\n\r\n<p>The personal data or sensitive personal data about third parties that you obtain in the course of your duties should not be disclosed on the internet or social medial as it may tantamount to violation of rules or may also be a criminal offence.</p>\r\n\r\n<p><strong>Bringing discredit to work environment:&nbsp;</strong><br />\r\nYou should be mindful of the viral effect of the internet and social media and the potential for the smallest piece of information to scale beyond all expectations. The expression of views or conduct which appears to support discrimination against any group, or encourages racial or religious hatred may amount to criminal offence.</p>\r\n\r\n<p>You should not make any comment or post any images on the internet or social media which are, or could reasonably be perceived to be, beliefs or conduct that are contrary to the expectations of behavior outlined in the standards of professional behavior.</p>\r\n\r\n<p><strong>Revealing personal information:&nbsp;</strong>Increased vulnerability to harassment, corruption or blackmail or even worse</p>\r\n\r\n<p>Criminals and others may use the internet and social media to indentify personal information with a view to embarrassing, discrediting, harassing, corrupting or blackmailing you or your families for their own benefit. People in sensitive posts, with uncommon names, or in high profile posts are particularly vulnerable to such attempts. Therefore, you must ensure that privacy settings for social media are set to the highest level.</p>\r\n\r\n<p>Besides, you should be careful when accepting &ldquo;friends&rdquo; on social media and they should not be associated with inappropriate contents on social media. This will make sure that you are not associated with criminals on social media.</p>\r\n\r\n<p>You must ensure that all your computers and mobile devices have up-to date security and anti-virus software installed and must use strong passwords and never share them. It is recommended that you should not post any of the following information on the internet or social media:</p>\r\n\r\n<ul>\r\n	<li>Details of your employer</li>\r\n	<li>Details of your post</li>\r\n	<li>Mobile telephone numbers</li>\r\n	<li>Home addresses</li>\r\n	<li>Personal e-mail addresses</li>\r\n	<li>Family members details</li>\r\n	<li>Hobbies and places frequented&nbsp;</li>\r\n	<li>Details of vehicles&nbsp;</li>\r\n	<li>Sensitive personal data like bank account details&nbsp;</li>\r\n	<li>Images or details of colleagues without their consent&nbsp;</li>\r\n</ul>\r\n\r\n<p>The use of mobile internet devices and smart-phones with an ability to access the internet and social media may lead to situation where you may inadvertently disclose sensitive personal information. With advances in digital technology, images obtained using smart-phones may contain data revealing the exact geographical location where the image was captured. The subsequent posting of such images on the internet or social media sites may unintentionally disclose information which was meant to be kept private.</p>\r\n\r\n<p>Therefore, you are strongly advised to disable Location Based Services (LBS) and GPS services on personal smart-phones to avoid the unintentional disclosure of your location by posting of such images on the internet or social media sites.&nbsp;</p>',	'/uploads/blogs/16162403647481-download.png',	'How to Safely Use Internet and Social Media Sites',	'How to Safely Use Internet and Social Media Sites',	'How to Safely Use Internet and Social Media Sites',	1,	7,	NULL,	'2022-08-04 12:47:37',	'2022-08-04 07:17:37'),
(67,	'Is TikTok Pro App Fake or Real?',	'is-tiktok-pro-app-fake-or-real',	'<h3>Is TikTok Pro App Fake or Real?</h3>\r\n\r\n<p>As per Indian cyber experts, Chinese apps were illegally and secretly harvesting vast amounts of personally identifiable user information and sending it to China. The data gathered by these apps could be used to identify, profile and track users in India, which raises serious privacy and security concerns for 130+ crore Indian users. Consequently, government of India had evoked Section 69 of Information Technology Act, to block these apps from operating in the Indian cyber space. </p>\r\n\r\n<p><strong>Section 69 of IT Act: </strong><br>\r\nPower to issue directions for blocking for public access of any information through any computer resource:</p>\r\n\r\n<p>(1) Where the Central Government or any of its officer specially authorized by it in this behalf is satisfied that it is necessary or expedient so to do, in the interest of sovereignty and integrity of India, defense of India, security of the State, friendly relations with foreign States or public order or for preventing incitement to the commission of any cognizable offence relating to above, it may subject to the provisions of sub-section (2) for reasons to be recorded in writing, by order, direct any agency of the Government or intermediary to block for access by the public or cause to be blocked for access by the public any information generated, transmitted, received, stored or hosted in any computer resource.</p>\r\n\r\n<p><strong>TikTok Pro Application: </strong>   <br>\r\nSince Tik Tok had a very large user base in India, running into several crores, numerous users are actively looking for alternate ways to run Tik Tok app in India. And scammers are using the desperation as bait to make user download malicious apps and soft-wares.   </p>\r\n\r\n<p>A fake news is being circulated by malicious elements that TikTok app is now available as TikTok pro in India. The fake news has made its way not only on WhatsApp but also on social media sites like Facebook, Twitter etc. </p>\r\n\r\n<p>Further to complete their nefarious designs, criminals provide a fake link to download the malicious Tik Tok Pro application on the devices. </p>\r\n\r\n<p><strong>The following observations have been made on the basis of app look and logo, poor grammer and app unavailability on the trusted sources: </strong></p>\r\n\r\n<ul>\r\n <li>The logo of the fake Tik Tok Pro app impersonates the logo of the original one. This convinces most of the gullible users that it’s genuine app. </li>\r\n <li>In the genuine Tik Tok app, the app name can be seen below the logo, whereas in the fake Tik Tok pro app, the logo and app name are in line with each other and version pro can be found below. </li>\r\n <li>The Tik Tok pro app is not available either on Playstore or Appstore. This gives a clear indication that it’s fake and fraudulent version of the original app. </li>\r\n <li>The URL http://tiny.cc/TikTokPro does not follow the basic security protocol as the site starts with http rather than https </li>\r\n <li>The fake app is full of unnecessary capitalization and grammatical errors. </li>\r\n</ul>\r\n\r\n<p>Enjoy TikTok Videos and also make Creative Videos again. Now Tiktok is only Available in (Tiktok pro) So Download from below. </p>\r\n\r\n<p><strong>Link : </strong>http://tiny.cc/TiktokPro </p>\r\n\r\n<p>In the first sentence, TikTok app name is written as Tiktok (lowercase letter has been used for TikTok). The letter V in Videos and C in Creative has been capitalized unnecessarily. Similarly, in the net sentence A in Available, S is So and D in Download has been wrongly capitalized. Finally word “inâ€ has been wrongly used in place of “asâ€</p>\r\n\r\n<p><strong>The Malicious Link:</strong><br>\r\nOn clicking the link http://tiny.cc/TikTokPro a malicious APK is immediately installed of size 2.2 MB having the name Tiktok_pro.apk. The installed APK file specifies it’s source as https://githubusercontent.com/legitprime/10gb/master/Tiktok_pro.apk </p>\r\n\r\n<p>However, when clicked on the link, the following message is displayed “The site can’t be reachedâ€. </p>\r\n\r\n<p><strong>Security Tips:</strong></p>\r\n\r\n<ul>\r\n <li>Never click on suspicious, untrustworthy links as they may contain malwares. Alternatively, they may redirect you to fake and fraudulent phishing websites meant to harvest your login details. </li>\r\n <li>Don’t install apps from outside Playstore and Appstore. This is because they have in build system like Play Protect to ward off malicious apps. The same protection is not available when downloading apps from third party sites. </li>\r\n <li>Do not forward any message on social media platform or messenger without checking it’s veracity. Look for other sources like PIB or news channels or fact checking websites to confirm the authenticity of the message. Forwarding fake, fraudulent, malicious message is not only unethical but can also have legal ramifications. </li>\r\n <li>Don’t install alternative apps for applications banned by the Indian government. The decision has been taken for greater good and you should not try to bypass it by trying to install alternate version of banned apps.</li>\r\n</ul>\r\n',	'/uploads/blog/1924892095.jpg',	'Is TikTok Pro App Fake or Real?',	'Is TikTok Pro App Fake or Real?',	'Is TikTok Pro App Fake or Real?',	1,	7,	NULL,	'2022-08-04 12:47:40',	'2022-08-04 07:17:40'),
(68,	'Dangers of Free Public Wi-Fi',	'dangers-of-free-public-wi-fi',	'<h3>Dangers of Free Public Wi-Fi:</h3>\r\n\r\n<p>Most people are habituated to using free Wi-Fi at airports, hotels and other public places. But, only few of them realize the risks associated with this practice. Therefore, the following write-up discusses the dangers associated with use of public free Wi-Fi. </p>\r\n\r\n<p><strong>Introduction:</strong><br>\r\nFree public Wi-Fi are easy ways to access the internet, and it doesn’t cost any dime. But it comes with associated risks and dangers. Freely downloadable \"sniffing\" software has made it super easy for anyone to hack into someone&#39;s Wi-Fi session and see what they are up-to. These software tools were actually meant for IT administrators to troubleshoot network problems. But like everything else, they are now also been used by bad guys.  </p>\r\n\r\n<p><strong>Here are the dangers associated with the use of free public Wi-Fi:</strong></p>\r\n\r\n<p><strong>Session Hijacking:  </strong><br>\r\nWhen you log into any online account, a cookie is sent to your device, which is used in further exchanged between client side (browser) and server side, to recognize you and your current session. If hacker can somehow read your cookie, they can gain access to your ongoing session, something known as “Session hijackingâ€. What makes matter worse is that hackers don’t even need your password to hijack your session. </p>\r\n\r\n<p>Sites that use encrypted HTTPS traffic on their login page but not on other pages are especially susceptible to Session hijacking. Sites that employ HTTPS across all their pages are considered less vulnerable. However, hackers can still access your browser cookies through malwares and exploit kits. </p>\r\n\r\n<p><strong>Rogue Wi-Fi:</strong><br>\r\nCyber criminals are known to set up free hotspots, to lure unsuspecting users into their Wi-Fi connections. In some cases, they create Wi-Fi with same name, known as “Evil Twinsâ€. Others create Wi-Fi with names of popular nearby locations such as McDonald.  </p>\r\n\r\n<p>After laying the trap, fraudsters use packet sniffing tools like Wireshark to capture the packets being sent to and from the web servers and client (browser). In technical terms, they commit Man In The Middle (MITM) attacks on your web traffic, by placing themselves between the actual public network and your web sessions. The passwords entered into un-secured (HTTP) websites are visible to them. They can gather your login credentials to compromise your accounts later on. </p>\r\n\r\n<p>Attackers also aim to take benefit of auto-connect feature of Wi-Fi that some users keep enabled on their devices. Once you connect to Evil Twins, attackers can also access your files, if file sharing option is enabled in your device.  Not only this, attackers can also send you files laden with malwares like spywares, Trojans etc. </p>\r\n\r\n<p>Hackers can also push malwares to your device by sending fake warnings in name of malwares, system upgrade etc. However in reality, they install malwares that can create backdoors, rely sensitive information in real time or worse. </p>\r\n\r\n<p><strong>Low Grade Encryption:</strong><br>\r\nWi-Fi networks were initially protected by Wireless Encryption Protocol (WEP). However, the protocol was too weak and could be hacked even by script kiddies. This led to new encryption protocol called the Wi-Fi Protected Access (WPA). This protocol could still be broken with simple and easily available tools. Therefore, if the public network you are using is employing aforementioned two protocols, you are also at risk of being hacked. </p>\r\n\r\n<p><strong>Conclusion:</strong><br>\r\nFree public Wi-Fi is fraught with issues. Users are advised to connect to only secured websites (HTTPS enabled) which can be seen as padlock sign in the URL address bar. However, it’s worth keeping in mind, that accessing these secured websites on public Wi-Fi only minimizes the dangers, but doesn’t nullify them completely.</p>\r\n',	'/uploads/blog/2103438016.jpg',	'Dangers of Free Public Wi-Fi',	'Dangers of Free Public Wi-Fi',	'Dangers of Free Public Wi-Fi',	1,	7,	NULL,	'2022-08-04 12:47:43',	'2022-08-04 07:17:43'),
(69,	'What are Cookies? Are They Good or Bad?',	'what-are-cookies-are-they-good-or-bad',	'<h3>What are Cookies? Are They Good or Bad?</h3>\r\n\r\n<p>Cookies have attracted a lot of attention and concern lately – particularly in the wake of the EU’s General Data Protection Regulation (GDPR) legislation going into effect – so we decided to re-examine the origin and nature of website cookies to remind users what cookies are, why they matter, and how they affect your data privacy.</p>\r\n\r\n<p><strong>What is a “cookieâ€?</strong><br>\r\nA cookie is a small bit of textual information that is stored on a device’s hard-drive by a web server, which is sent again with each future request to that website.</p>\r\n\r\n<p>In addition to storing data, the cookie is attached to a specific domain, (e.g.cyber-cops.com or amazon.com), and usually has an expiration date. A cookie set by one domain cannot be transmitted, used, or accessed directly by any other domain.</p>\r\n\r\n<p><strong>Why are cookies a thing?</strong><br>\r\nCookies were first used by the Netscape browser in 1994, during the same timeframe that the creative folks at Netscape Communications were also inventing JavaScript and SSL.  Technically, cookies are part of the HTTP protocol.</p>\r\n\r\n<p>Why were cookies used, and why do we need them? There was a need to “preserve stateâ€ across page loads and browser sessions. The web is a “stateless mediumâ€ at its core, meaning each page load is 100% self-contained information. Once sent from a web server, the web server forgets all about what it sent and to whom. On the next page load, we start all over. This becomes inefficient when browsing websites at scale, so cookies are used to improve that inefficiency, and provide more continuity.</p>\r\n\r\n<p>For instance, the most common usage of cookies is to preserve the state of a login. Once you login to a website, cookies allow you to move from page-to-page without having to re-login on each page load. They are preserving your authentication state, sometimes known as a “<strong><em>login or authentication session</em></strong>.â€ So here, cookies are “<strong>good</strong>â€ because they provide a direct and useful benefit to the end user.</p>\r\n\r\n<p><strong>What kinds of cookies are there?</strong><br>\r\nTo understand cookies further, let’s examine four types of cookies: <em><strong>session, personalization, tracking, and third-party</strong></em>.</p>\r\n\r\n<p><strong>Session Cookies:</strong><br>\r\n“Session cookiesâ€ have no expiration date. Instead, they last only for the length of a browser “sessionâ€ and are automatically deleted when the browser is closed. These are short-term cookies that have no real privacy concerns, and are not useful for tracking purposes. They typically contain transitory or incidental information.</p>\r\n\r\n<p><strong>The Verdict: <em>Good Cookie</em></strong></p>\r\n\r\n<p><strong>Personalization Cookies:</strong><br>\r\nOther helpful uses of cookies are for remembering and personalizing information. For instance, on an e-commerce site, the number of items in your cart typically appears at the top of the screen; as you move around the site, that information goes with you. Cookies are responsible for that. If you leave an e-commerce site and come back days later, the items you had in your cart will likely still be there. Again, this could not work without cookies (at least, not as the internet is designed and used today).</p>\r\n\r\n<p><strong>The Verdict: <em>Good Cookie</em></strong></p>\r\n\r\n<p><strong>Anonymous Tracking Cookies:</strong><br>\r\nNot all cookies have visible benefits to the end user. Some are used for tracking purposes, and their use is not immediately clear. The cookie data is often distributed and shared across multiple websites for the purpose of gathering information, and/or possibly to present customized content to you, such as advertisements. These cookies are not activated through any direct action by the user, but rather happen whenever the user visits a website. The data in these cookies could be anonymous, or not.</p>\r\n\r\n<p>Anonymous tracking can have many useful benefits that happen out of sight. For example, it can allow website owners to monitor how their sites are being used, which helps them adjust and make improvements to website content and performance. Google Analytics is a prime example of anonymous tracking that is beneficial to website owners, and indirectly beneficial to their users, because the anonymized data gathered by Google Analytics via anonymous tracking cookies gives website owners more insights into user behavior and page flows so they can improve site content and site speed.</p>\r\n\r\n<p><strong>The Verdict: <em>Good Cookie</em></strong></p>\r\n\r\n<p><strong>Third-Party Cookies:</strong><br>\r\nEven though cookies can only be set by, and seen by, the domain from which they originated, third-party cookies often work around this restriction. How?</p>\r\n\r\n<p>One way is iframes, which are sometimes used to present website elements by essentially pulling information from a separate website onto the website you’re viewing. Cookies from third-parties can be included in these iframes.</p>\r\n\r\n<p>The majority of third-party cookies are delivered through advertisements. The service providing banner ads includes a cookie along with the advertisement. As this ad reappears across multiple sites, the provider collects more and more information from you.</p>\r\n\r\n<p>These third-party cookies are the most likely to not be anonymous.</p>\r\n\r\n<p>This is a very common scenario for anyone doing marketing, especially ad-related content. Their idea is “the more we know about you, the better we can target you with content you will be more likely to interact with, which hopefully will persuade you to buy something we are selling.â€  They are collecting your data, so they can serve you more relevant ads (that also end up being more profitable to the company).</p>\r\n\r\n<p><strong>The Verdict: <em>It Depends</em></strong></p>\r\n\r\n<p><strong>How many cookies does the average website have?</strong><br>\r\nThe number of cookies you find on different websites can vary widely. There’s no “right number of cookies,â€ but you can expect that websites with extremely large numbers of cookies are less likely to proactively protect data linked to their site visitors. Put simply: You’re much more likely to be subjected to invasive cookies on such sites.</p>\r\n\r\n<p><strong>How can you protect data privacy on websites with cookies?</strong><br>\r\nThird-party tracking cookies are the only type of cookie that should potentially concern website visitors who want to protect their privacy. Most cookies on popular websites are safe, though many are used to serve you relevant advertisements. If you want to block cookies and protect your privacy, consider the following options:</p>\r\n\r\n<ul>\r\n <li>Modern browsers have settings to block cookies. You can block all cookies, but understand this will break features and functions of many websites.</li>\r\n <li>A better approach is to block only third-party cookies. Note that not all third party cookies fall in the “bad cookieâ€ group. This setting will likely break some sites that are using third-party cookies, even if they are not tracking cookies. As a result, some of these sites might not work correctly, or at all.</li>\r\n <li>You can also manually block and allow cookies on site-by-site basis. This will take more work and monitoring, of course, but doing so provides more flexibility and control of your privacy and user experience on different websites you use.</li>\r\n <li>Modern web browsers also offer an “incognitoâ€ mode.  An incognito browser session begins as a clean slate. There is no browsing history, and no cookies. Cookies are still accepted by the browser in incognito mode, so all sites will work normally. But those cookies are not stored permanently, essentially becoming session cookies. One downside is that without these cookies, you will not have any saved logins. Still, this option will defeat tracking attempts via third-party cookies.</li>\r\n <li>There are third-party extensions for Chrome browsers that provide various cookie-related functionalities, such as deleting cookies after leaving a site.</li>\r\n</ul>\r\n\r\n<p><strong>What’s the final verdict on cookies?</strong><br>\r\nAs with most technologies, cookies are not inherently good or evil – their ethical nature ultimately depends on how each website deploys, tracks, and uses them. With this in mind, website users who are concerned that cookies pose a potential threat to their data privacy may only allow them on a case-by-case, site-by-site basis.</p>\r\n',	'/uploads/blog/1392127499.jpg',	'What are Cookies? Are They Good or Bad?',	'What are Cookies? Are They Good or Bad?',	'What are Cookies? Are They Good or Bad?',	0,	7,	NULL,	'2022-08-04 12:47:45',	'2022-10-13 05:46:16'),
(70,	'8 Best Hidden Features of WhatsApp',	'8-best-hidden-features-of-whatsapp',	'<h3>8 Best Hidden Features of WhatsApp:</h3>\r\n\r\n<p>WhatsApp is the mainstream messaging app, and especially popular among Indians. The application has now been around for 10+ years and its company has introduced several new features since its inception. While most of these features are known to public, some escape the public glare, which this blog shall summarize. </p>\r\n\r\n<p><strong>Feature 1: Pin significant chats or groups:</strong> <br>\r\nWe all have some individuals whom we interact more frequently than others on WhatsApp. In other words, we message them continually. With significant number of messages showing up, his chat/ media may go un-noticed amongst the noise created by other messages. Keeping this in view, WhatsApp allows its users to pin significant chats or groups on the top, for greater visibility. </p>\r\n\r\n<p><strong>Feature 2: Mark significant messages:</strong><br>\r\nThere are times when we need to re-check a particular message, and don’t want to waste time in tracking it down. One can mark significant messages or media documents in a chat by adding a star to it. On iOS and Android, simply tap and hold the message you want to stamp and hit the Star symbol. You can locate these significant messages under the Starred messages area in the WhatsApp settings. </p>\r\n\r\n<p><strong>Feature 3: Add/ Create desktop shortcut:</strong><br>\r\nWhile you can pin a chat to fix it at the highest point of the WhatsApp screen, you still need to navigate to the application first. However, with this feature, one can swiftly head over to a WhatsApp contact when needed, by creating a desktop shortcut of the contact or group.</p>\r\n\r\n<p><strong>Feature 4: Unique Locking Options:</strong><br>\r\nUnique fingerprint ID or Face ID lock has been there on WhatsApp for quite a long time now. Simply head over to Settings on WhatsApp –>Account -->Privacy and then go to Fingerprint Lock. Empower the alternative and tweak it as per your necessities. </p>\r\n\r\n<p><strong>Feature 5: Two-step Verification:</strong><br>\r\nFor an extra layer of security, one must enable two-factor validation. One can do this by going to WhatsApp Settings -->Account and then by tapping on “Two-step verificationâ€. Once enabled, whenever you set up WhatsApp on another cell phone, aside from the OTP, the application will likewise expect you to enter the two-advance check code. The application will likewise ask it from time to time to guarantee that you have not overlooked it. </p>\r\n\r\n<p><strong>Feature 6: See whom you chat with the most:</strong><br>\r\nWhatsApp now has an element that permits you to see with whom you chat the most or with which group you share media content the most. One can see this by going to Settings -->Data and storage use -->Storage use. </p>\r\n\r\n<p><strong>Feature 7: Hide WhatsApp group photographs and videos from the gallery: </strong><br>\r\nWhatsApp has now added the facility to conceal media from the specific group in the gallery. Simply open a WhatsApp group and tap on the group name to navigate to the option. This strategy won\'t evacuate previously existing WhatsApp pictures in your gallery, but will conceal new incoming media as they arrive. </p>\r\n\r\n<p><strong>Feature 8: Hide a WhatsApp chat: </strong><br>\r\nIndividuals whom you have conversed with lately will show up nearer to the top in your WhatsApp chat list. On the off chance, you may want to hide it and to do so, you can shroud it as \"Archive\". Simply long-press the discussion and select the Archive button on the top. This specific chat will presently vanish from the rundown. You can reach to it by looking over right to the bottom.</p>',	'/uploads/blogs/1614932140403-865167.jpg',	'8 Best Hidden Features of WhatsApp',	'8 Best Hidden Features of WhatsApp',	'8 Best Hidden Features of WhatsApp',	1,	7,	NULL,	'2022-08-04 12:47:48',	'2022-08-04 07:17:48'),
(71,	'Most Basic Steps to Prevent being Victims of Cyber Crimes in India 2020',	'most-basic-steps-to-prevent-being-victims-of-cyber-crimes-in-india-2020',	'<h3>Most Basic Steps to Prevent being Victims of Cyber Crimes in India 2020:</h3>\r\n\r\n<p>Before delving deeper into finer aspects including tools and techniques to prevent being victims of such crimes, let&rsquo;s first understand first what &ldquo;cyber crimes&rdquo; are in great depth.</p>\r\n\r\n<p><strong>Wikipedia definition:</strong><br />\r\nWikipedia defines cyber crimes as &ldquo;a crime involving a computer and a network&rdquo;. The computer is either used in the commission of the crime, or is the target of it. &nbsp;</p>\r\n\r\n<p>Thus, cybercrimes are - &quot;<em>Offences committed against individuals or groups of individuals with a criminal motive to intentionally harm the reputation of the victim or cause physical or mental harm/ loss, to the victim directly or indirectly, using modern telecommunication networks such as internet, mobile phones etc</em>&rdquo;.&nbsp;</p>\r\n\r\n<p>Different form of cyber-crimes include hacking, IPR infringement, DDoS, Slow Loris, sextortion, child pornography, financial frauds etc.&nbsp;</p>\r\n\r\n<p><strong>Basic Precautions to Prevent being Victims of Cyber Crimes:</strong><br />\r\n<strong>1.&nbsp;Use a full-service internet security suite:</strong><br />\r\nThey provide real-time protection against existing and emerging malwares including ransom-wares and viruses, and thus protect your information when you go online.</p>\r\n\r\n<p><strong>2. Use strong un-breakable passwords:</strong><br />\r\nNot creating complex, unbreakable password is a sin in the cyber world. Your passwords should have at least 15 characters, and be a combination of lowercase &amp; uppercase letters, numbers and special characters.&nbsp;</p>\r\n\r\n<p>Besides, you should never repeat your password across websites. Otherwise, data breach on one website, will impact your other online accounts too. You may also consider using a password manager to overcome password related hassles.&nbsp;</p>\r\n\r\n<p><strong>3. Keep your softwares updated:</strong><br />\r\nCybercriminals frequently use known exploits, or flaws in soft-wares to intrude systems. Patching those exploits and flaws helps plug-in the loopholes and therefore helps prevent cyber crimes especially hacking.</p>\r\n\r\n<p><strong>4. Manage your social media settings:</strong><br />\r\nMost cyber crimes now a day, employ OSINT &ndash; Open Source Intelligence Techniques i.e, gathering data about potential victim before launching an actual attack. It helps cyber criminals in manifold ways including in convincing the victim of their genuineness, finding answers to common security questions like mother&rsquo;s maiden name etc.&nbsp;</p>\r\n\r\n<p>Therefore, you should limit the information you post on the social media sites. You may also like to run an audit to delete sensitive personal information from your profile and then tweak your social media settings to prevent exposure of sensitive data to strangers.&nbsp;</p>\r\n\r\n<p><strong>5. Strengthen your home network:</strong><br />\r\nTo strengthen your home network you may use Virtual Private Network. They encrypt all the traffic leaving your devices until it arrives at its destination. If cybercriminals ever manage to hack your communication line, they won&rsquo;t intercept anything but the useless encrypted data. You should use VPN especially when on a public network like hotel or airport.&nbsp;</p>\r\n\r\n<p><strong>6. Talk to your children about the internet:</strong><br />\r\nTeach your kids about how to use the internet safely and securely. They must know about various threats lurking out there in the virtual world like pedophiles. Assure your kids that you are there for them, and make sure that they will come to you, if they shall experience any difficulty online like stalking, bullying, sexting, harassment etc. &nbsp;</p>\r\n\r\n<p><strong>7. Keep an eye on the major security breaches:</strong><br />\r\nYou should keep a tab on the latest data breaches. There are several websites like&nbsp;<a href=\"https://haveibeenpwned.com/\" target=\"_blank\">https://haveibeenpwned.com</a>&nbsp;and&nbsp;<a href=\"https://dehashed.com/\" target=\"_blank\">https://dehashed.com</a>&nbsp;that can help you with the process. Once you find that your account has been compromised in a previous or recent data breach, change the associated passwords immediately.&nbsp;</p>\r\n\r\n<p><strong>8. Enable Multi-Factor Authentication:&nbsp;</strong><br />\r\nMulti-Factor Authentication and Two-Factor Authentication are one of the simplest yet one of the most effective form of protection against account breaches. When a person employs all the three forms of authentication &ndash; What we Have (like ATM card), What we Know (like password) and What we Are (like iris scan, fingerprint scan) it&rsquo;s called Multi-Factor Authentication. On the other hand, when two forms of authentication are used, it&rsquo;s called 2 Factor Authentication or 2FA in short.&nbsp;</p>\r\n\r\n<p>After enabling, MFA or 2FA even if user credentials are compromised, the hackers shall still require the other parameter like the code sent to the phone to intrude into the account. Therefore, you must enable MFA or 2FA whenever available.&nbsp;</p>\r\n\r\n<p><strong>Encrypt and Back-up your Most Important Data:&nbsp;</strong><br />\r\nWe all have some crucial sensitive information like medical information or irreplaceable family photos. You should have back-up for such data, by creating additional copies. These backups should ideally be duplicated as well, with one stored locally on an external hard drive only periodically connected to your primary computer, and one remote such as in a cloud storage system.</p>\r\n\r\n<p><strong>Click with caution:</strong>&nbsp;<br />\r\nDon&rsquo;t click on any link in messages/ emails/ chats etc that come from strangers. The link can take you to a phishing website that shall subsequently capture your private information, such as user names and passwords, or it could download malwares onto your device.&nbsp;</p>\r\n\r\n<p>Even if the message is from someone you know in real life, be cautious. Some viruses replicate and spread through email, so look for signs of malware in messages.</p>\r\n\r\n<p><strong>Be suspicious:&nbsp;</strong><br />\r\nEven if you consider yourself tech savvy, you still need to remain proactive. The threats actors are emerging very rapidly. You should also monitor your accounts periodically to look out for any probable issues like unauthorized money transfer.&nbsp;</p>\r\n\r\n<p><strong>Others:</strong></p>\r\n\r\n<ul>\r\n	<li><strong>Avoid using public computers for sensitive works:&nbsp;</strong>If you&rsquo;re about to perform personal transactions like banking or online shopping, do not use public computers. It may have key-loggers installed, which shall record your credentials that you shall type in.</li>\r\n	<li><strong>Never share your passwords:&nbsp;</strong>Never share your passwords with anyone. In dire circumstances, even if you share it, make sure to change it afterwards to prevent that person from accessing your private account without permission.</li>\r\n	<li><strong>Avoid downloading unknown applications:&nbsp;</strong>The internet is full of free software from various unknown sources. These free programs can carry malicious applications along-with it and cause serious damage to your computer later on.</li>\r\n</ul>',	'/uploads/blogs/16152748036822-bootstrap.jpg',	'Most Basic Steps to Prevent being Victims of Cyber Crimes in India 2020',	'Most Basic Steps to Prevent being Victims of Cyber Crimes in India 2020',	'Most Basic Steps to Prevent being Victims of Cyber Crimes in India 2020',	1,	7,	NULL,	'2022-08-04 12:47:51',	'2022-08-04 07:17:51'),
(72,	'How to Prevent Online Harassment of Women in India 2020',	'how-to-prevent-online-harassment-of-women-in-india-2020',	'<h3>How to Prevent Online Harassment of Women in India 2020:</h3>\r\n\r\n<p>Whenever we come across the word cyber crime, chills run down our spine, isn’t it? Everyday numerous women are subjected to harassment, many of which result in depression and suicide. According to a survey conducted by Feminism, more than 50% of the women residing in urban areas are victims of harassment. According to another research, every 8 out of 10 individuals in India will be subjected to cyber bullying at least at some point in their lives.</p>\r\n\r\n<p>Some of the forms of cyber bulling include posting demeaning comments, spreading false information about a women’s character, issuing online threats, creating fake IDs with the pictures of the victim and thus trying to permanently damage the woman’s image. Out of the respondents to an online research conducted by Symantec, 63?ced online abuses and insults while 59% were subjected to false rumours. It also ranked India as the country with the highest number cases of cyber bullying in Asia Pacific region, way ahead of Japan and Australia.</p>\r\n\r\n<p>Some of the cases that have emerged in the last decade demonstrate the gravity of this heinous crime. In 2017, a woman jumped off the cliff in Kerala. In February of the same year, a woman started receiving death and rape threats online because she took part in a campaign in Delhi. These are just few horrifying examples in an ocean that has plenty more. Cyber crime has turned into an epidemic with more and more countries across continents becoming the hotspot. </p>\r\n\r\n<p>One of the major reasons of increase in these instances is the heightened use of social media sites with less or no restrictions by the guardians. People even fake their identity in these sites before writing nasty comments or demeaning the character of the victim. Anonymity in the cyber world provides a feeling that they can spread any rumour without being identified. Also, most of the victims are in the adolescent stage which makes them vulnerable to the hate comments posted online. Sometimes, despite nasty comments victims are afraid to open up to their parents fearing how they would react to these circumstances. These factors, no matter how insubstantial they might seem, are some of the key drivers of these unpleasant situations and determine how the victim reacts.  </p>\r\n\r\n<p>If we investigate further into the behavioural pattern of the hate spreader, we might come across certain psychological traits that he/ she possess which can be congenital in nature. Many times, kids go through violence within their family. It bottles up for years since there is no outlet to it. Some of the kids channelize this bottled up energy in a positive way but there are plenty others who use it the negative way. They show traits of a bully since childhood which strengthens with time. As the child grows up it becomes his / her nature to bully others and to find every means for harassing victims, be it online or offline.  </p>\r\n\r\n<p>At this point I would like to narrate a personal experience with such a disturbed child. I was in my kindergarten when a girl in my class would bite me, push me in the stair, slap me and treat me in every inhuman way possible for a kid of that age. I repeatedly complained my class teacher but no actions were taken. I along with my parents finally went up to the headmistress. This case was looked into and many students came up with similar complaints. That girl was eventually rusticated but it was found out later that she had a miserable life back home. Her parents kept fighting and she was subjected to domestic violence which led to such a behaviour of hers at school. The point of this anecdote was that in order to curb the rising cases of social media harassment towards women, we should investigate properly the matter to find out the actual reason behind the spread of such hate. I am sure some people do it out of a misogyny mentality but many could be the culmination of such domestic imbalance which leads them to vent it out online behind an anonymous identity.</p>\r\n\r\n<p>The reasons of bullying differs between men and women. Men tend to create a hierarchy amongst themselves since bullying is also known as a form of aggression and men are known to be of aggressive nature. Amongst women, the reasons are quite numerous with the majority of them doing it for resources. Resources here could mean social status and popularity. The list of adolescents being cyber bullied is long and agonizing and can have far reaching debilitating effect for both males and females. </p>\r\n\r\n<p>Government has put several laws and regulations in place with the intent of curbing this rising menace. But the laws can only help tract down the perpetrator and sentence him. The real game-changer will be their rehabilitation back into the society. It’s important to reach the inception point in order to know the reason behind such behaviour so that it can be uprooted from it’s roots. The bully has to be counselled as a pre-emptive measure. It is important to trace the suspect but it is also equally important to deracinate the actual reason behind such behavioural pattern in order to create a safer society. </p>\r\n\r\n<p><strong>Cyber Security for Women:</strong><br>\r\nAn unfortunate number of women are becoming victims of cybercrimes including young women between the age of 18-24 years. Here are some of the steps that should be undertaken to remain and secure in the virtual world. </p>\r\n\r\n<ol>\r\n <li><strong>Never share the passwords: </strong>Keeping a strong password is essential and even more essential is not sharing them with anyone. Passwords should be only known to yourself. Also keeping different passwords for different sites is a health cyber security practice. </li>\r\n <li><strong>Do not leave your webcam connected: </strong>Many apps can connect to your webcam and secretly relay your movement without your knowledge. So it’s better to turn off your camera when not in use.</li>\r\n <li><strong>Do not share more than necessary: </strong>You should not share intimate photos, videos, messages etc. online that can come back later to haunt and embarrass you.</li>\r\n <li><strong>Update all your operating systems on your device: </strong>It helps protect your data efficiently. Updating your software provide better security against newest form of malwares and viruses.</li>\r\n <li><strong>Secure your device with anti-virus: </strong>This helps protect your device from different kind of unknown threat including viruses. </li>\r\n <li><strong>Block people you don’t want to interact with: </strong>It is nothing wrong to block or avoid people whom you don’t know. Do not talk with strangers or share any personal information with them.</li>\r\n</ol>\r\n\r\n<p>These are some basic but important things one should keep in mind to prevent being victims of cybercrimes. Men and women alike need to keep in mind that nothing is more important than personal safety. The internet is fun but can be evil if necessary precautions are not adhered to.</p>\r\n',	'/uploads/blog/2071824552.jpg',	'How to Prevent Online Harassment of Women in India 2020',	'How to Prevent Online Harassment of Women in India 2020',	'How to Prevent Online Harassment of Women in India 2020',	1,	7,	NULL,	'2022-08-04 12:47:53',	'2022-08-04 07:17:53'),
(73,	'How to Keep Children Safe and Secure Online in India 2020',	'how-to-keep-children-safe-and-secure-online-in-india-2020',	'<h3>How to Keep Children Safe and Secure Online in India 2020:</h3>\r\n\r\n<p>As the first point of contact with the cyber world is continuously decreasing, children are becoming more and more susceptible to cyber crimes. Several other factors like their experimental nature, non protection savvy attitude, willingness to take risks, security flaws in devices they operate etc further compound the problem. </p>\r\n\r\n<p>In this write-up, we shall study the plausible steps that need to be taken to keep children safe and secure from cyber attacks. </p>\r\n\r\n<p><strong>Recognize the Threats: </strong><br>\r\nProtection of children from online threats starts with its recognition. Therefore, shy away from false overconfidence that nothing shall ever happen to your child. Even cyber experts have fallen to traps, companies and organizations get breached etc. </p>\r\n\r\n<p><strong>Responsible Parents: </strong><br>\r\nSince, children don’t fully comprehend the online world dangers, parents must assume greater responsibility to ensure well being of their children. Following activities can help protect their children from cyber crimes:</p>\r\n\r\n<ul>\r\n <li><strong>Supervise: </strong>It may seem obvious, but parents must monitor the child’s internet use. Parents should encourage them to visit and stay on websites that you’re familiar with, as they are safe and secure to browse.</li>\r\n <li><strong>Be open: </strong>Encourage the child to share the activities they are doing online and whom they are socializing with. Promote a culture of safety within the home and talk about the virtual world dangers that exist outside. It is important for your child to feel secure enough to confide in you, lest a problem takes place. Ask them to share credentials of any password-protected sites they access. Talk to your child as frequently as possible about the emerging nature of cybercrimes.</li>\r\n <li><strong>Protect your children: </strong>Use parental controls to block access to sites that are not safe or appropriate for children. Review the default settings on each app and customize the same for maximum level of safety. For example, use strictest social media settings to avoid sensitive data exposure to strangers. Place a tape on the camera and switch off the micro-phone to further protect your child. </li>\r\n <li><strong>Wearables: </strong>Parents must do proper research, before purchasing wearables to ensure they are safe and secure. After purchasing the wearable, parents should change the default password and encourage the child to do so, at least every three month. </li>\r\n <li><strong>Security Solution: </strong>Implement a security solution to keep family secure. For example, routers with an extra layer of security. </li>\r\n <li><strong>Awareness: </strong>Parents must aware their children about the difference between the real and virtual world and risks involved in sharing content with strangers. Enhance their knowledge on online privacy and security using various case studies happening in the society. </li>\r\n <li><strong>Parental Control Application: </strong>Parents should incorporate Parental Control applications on their children’s mobile devices. They limit screen time by using “Digital Wellbeingâ€ options available on both Android and iOS devices. It filters the contents that can be viewed online and can restrict the download of applications that you don’t want your child to view.</li>\r\n <li><strong>Observation: </strong>Parents must observe the virtual friends with whom their children is interacting and spending time with, content that child is posting online whether on social media, e commerce or P2P site. Sweetly ask for login credentials of various social media sites, to observe chats and contents being shared with friends and strangers. </li>\r\n <li><strong>Spend Quality Time: </strong>Parents should spend quality time with children to ensure they don’t feel socially disconnected. </li>\r\n</ul>\r\n\r\n<p><strong>Report Cybercrime:</strong><br>\r\nReporting cyber crimes as and when they happen is very important. The best way to prevent cyber stalking, bullying, sexting etc is to report to police at the very first instance of occurrence. When crime doesn’t get reported, it encourages criminal to perpetuate it further. In India, one can report cyber crimes online at the National Cyber Crime Reporting Portal having the URL – <a href=\"http://cybercrime.gov.in/\" target=\"_blank\">cybercrime.gov.in</a>.  </p>\r\n\r\n<p><strong>Others: </strong></p>\r\n\r\n<ul>\r\n <li>Place the computer/ laptop in your living room rather than in the child’s bedroom.</li>\r\n <li>Make sure your children doesn’t post personal details like phone number, email ID,  permanent address, photographs, school address etc online.</li>\r\n <li>Make them aware about basic cyber laws, to help understand the nature of cyber crimes. It also prevents them from committing cyber-crimes unknowingly. For example, from sending vulgar or obscene photos through messengers. </li>\r\n <li>School should conduct regular interactive sessions on cyber crimes, emerging online frauds and how to counter/ report them. </li>\r\n <li>Encourage children to report the first instance of abuse, harassment, online sexual favors etc, to control the issue before it escalates. </li>\r\n</ul>\r\n',	'/uploads/blog/1149342035.jpg',	'How to Keep Children Safe and Secure Online in India 2020',	'How to Keep Children Safe and Secure Online in India 2020',	'How to Keep Children Safe and Secure Online in India 2020',	1,	7,	NULL,	'2022-08-04 12:47:56',	'2022-08-04 07:17:56'),
(74,	'How to Spot Fake and Fraudulent Android Apps 2020',	'how-to-spot-fake-and-fraudulent-android-apps-2020',	'<h3>How to Spot Fake and Fraudulent Android Apps 2020:</h3>\r\n\r\n<p>In general, downloading apps from Google Play store are considered safe and secure. However, many recent examples have proven otherwise. Fraudsters now-a-days create apps which looks identical to popular apps, often by using the same name and icon design. They trick users into downloading fake apps, for nefarious purposes. For example to commit advertisement fraud, to monitor browsing and other activities, to steal sensitive personal information or even worse. </p>\r\n\r\n<p>The problem has risen in recent times. And therefore, Google has been removing such malicious apps from Play Store, for violating its Terms and Conditions. An astonishing 7,00,000 apps have been removed from Store so far! An example is a fake version of WhatsApp that was downloaded by more than one million people, before it was taken off from Play Store.  </p>\r\n\r\n<p><strong>How to Spot these Fake Android Apps:</strong><br>\r\nGiven the number of malicious apps making it’s way into the Google Play Store, it has started Google Play Protect – a new security system to verify apps in the Play Store. It scans apps upon entry into Google Play Store, to weed out fake and malicious ones. </p>\r\n\r\n<p>However, as mentioned before, some fake malicious apps are still making way into the Play Store. In fact, regardless of how perfect the Play Protect system becomes, a small percentage of malicious apps, will still find their way into the Store. Therefore, you must pay attention to apps you are installing. </p>\r\n\r\n<p>Here are some of the steps that a user can undertake to spot fake Android apps. </p>\r\n\r\n<p><strong>Search Results Analysis:</strong><br>\r\nWhen you search the Play Store for the app you want to install, take a few seconds to glance at all the entries — especially if you see the same icon or name more than once. As common logic would suggest, that in such cases, one would be the genuine app and others are likely to be the copycat. </p>\r\n\r\n<p>Therefore, finding multiple apps with same name or icon is the biggest flag. This is because, fake fraudulent apps always use same or similar icon to the app they are trying to mimic. The second app may disguise itself as pro version of the earlier app, to fool people into installing them onto their devices.  </p>\r\n\r\n<p>In nutshell, finding multiple similar names/ icon should immediately arise suspicion in your mind. Subsequently, you should proceed with caution. If the icons are same or similar, turn to their names, to find the genuine one. </p>\r\n\r\n<p><strong>Check App Name and the Developer Details:</strong><br>\r\nIn case of any confusion, take a closer look at the app name and the developer details. In case of aforesaid mentioned fake WhatsApp app, the developer name was visually identical, but the name of the app had the word “Updateâ€ which should have raised a red flag.  </p>\r\n\r\n<p>If the app name or icons are same, developer details can prove handy. Play Store provides an option to check out other apps from a particular developer. The process includes - clicking on the developer name in the Play Store listing, and then scroll down to almost bottom to see more apps from the same developer. </p>\r\n\r\n<p><strong>Check the Number of Downloads:</strong><br>\r\nYou should take a quick look at the number of downloads of app in question. The more popular the app is, more this step would helps to weed out fake ones. </p>\r\n\r\n<p>Let’s assume you are trying to install Twitter app – one of the most downloaded app in the history of Google Play Store. Now suppose, the Twitter app you are looking at has only 1000 downloads. Clearly, it would mean fake fraudulent app – an app with similar name but too recently uploaded on Play Store. In fact, fake apps don’t last longer, and hence they never amass lot many downloads. Therefore, it’s an easy way to spot fake apps. </p>\r\n\r\n<p>The process may not be that helpful, if the app you are looking to download is not that popular. However, as a thumb rule, the genuine app will always have more downloads than the app that is imitating the genuine one. Hence, always pay attention to the number of downloads.  </p>\r\n\r\n<p><strong>Read the Description and Look at the Screenshots:</strong><br>\r\nIf the above parameters are close enough, and you are unable to distinguish between legitimate and fake one, move onto description and screenshots of the app. Red flags here include grammatical and punctuation errors, or lines that may not even make sense. Legitimate apps always have clear and error free description. It would aptly describe the functionality as well as usage of the app. Therefore, if something appears fishy to you, it probably is! </p>\r\n\r\n<p>The same holds true for images as well. In most cases, it would be stolen right away from the legitimate app, but why to take chances. Have a look at the photos too! Any divergence would further help cull out the truth. </p>\r\n\r\n<p><strong>Read the Reviews:</strong><br>\r\nYou should also spend some time, reading the reviews of suspected apps. Focus on negative reviews and what the issues are. If the app is fake, there is every possibility that unsuspecting users who downloaded it, will find it out and mention the same – “fake / bogus / fraudulent / copycat / impersonatingâ€ etc in the reviews. </p>\r\n\r\n<p>Any review calling the app to be fake or fraudulent should be considered seriously. Genuine apps do have negative reviews, but comments like fake will not be there. Therefore, red flag here, coupled with other similar flags should prevent you from downloading the app. </p>\r\n\r\n<p><strong>What to do if you Spot a Fake App?</strong><br>\r\nIf you spot a fake Android app, just not installing it isn’t enough. You must also report to Google that it’s a fake app, to prevent other users from getting victimized. The steps include:</p>\r\n\r\n<ul>\r\n <li><strong>Step 1: </strong>Scroll to the bottom of the page on your mobile device. </li>\r\n <li><strong>Step 2: </strong>Tap on “Flag as Inappropriateâ€</li>\r\n <li><strong>Step 3: </strong>Choose the reason for reporting the app. In case of fake app, select “Copycat or Impersonationâ€ option </li>\r\n <li><strong>Step 4: </strong>Tap “Submitâ€ to complete the process. </li>\r\n</ul>\r\n\r\n<p>You can hope for the best that Google shall review it and take the fake app off the Play Store. However, tech giant like Google, might be receiving millions of such reviews on daily basis – some genuine some hoax. </p>\r\n\r\n<p>Therefore, if possible you should go that extra mile. Share this information on social media sites like Facebook, Instagram, Twitter etc. This will create requisite awareness, and as more and more people will report the app as impersonating, Google will react faster. </p>\r\n\r\n<p><strong>Other Threats:</strong><br>\r\nThere are other ways for fake apps to make their way into your Android device. It includes cyber criminals tricking you into installing a compromised app from third party sources, outside Google Play Store. For example, criminals may impersonate bank manager, credit card company etc and ask you to download bank related fake application. Similarly, some fake app may pose as security updates, and clicking on the link may compromise your information. </p>\r\n\r\n<p>Therefore, if you receive an unsolicited SMS, alert, notification or email don’t pay heed to them. Simply choose to ignore them. Take special precaution not to click on any link sent by strangers or that you were not expecting. If you receive a prompt to install an urgent security update, do some research online to find out more information about it. If there are multiple discussions online about that specific security update, then it’s probably genuine. </p>\r\n\r\n<p>Other red flags of false messages/ alerts include spelling and punctuation errors, shoddy logos and poorly formatted interfaces. Finally, make sure you don’t allow app downloads from third party sites. </p>\r\n\r\n<p><strong>Conclusion:</strong><br>\r\nPrevention is better than cure and therefore taking due precautions is worth it. Finally, even after doing complete research, if you still aren’t sure about the genuineness of the app, then just don’t install it. After all, you always want to be sure in cyber security world, isn’t it? A single mistake in virtual world, is all it takes to potentially inflict catastrophic damage.</p>\r\n',	'/uploads/blog/764697631.jpg',	'How to Spot Fake and Fraudulent Android Apps 2020',	'How to Spot Fake and Fraudulent Android Apps 2020',	'How to Spot Fake and Fraudulent Android Apps 2020',	1,	7,	NULL,	'2022-08-04 12:48:00',	'2022-08-04 07:18:00'),
(75,	'Ea optio et dolorem',	'ea-optio-et-dolorem-BgVwmx',	'<p>rdhggfhg</p>',	'',	'Fugiat et tempore s',	'Quia enim ut molesti',	'Qui vero consequat',	1,	7,	NULL,	'2022-09-10 11:33:37',	'2022-09-10 06:03:37'),
(76,	'Quo dolor non molest',	'quo-dolor-non-molest-Vxbe1g',	'<p>dghfdgdfg</p>',	'/uploads/category/1662790562520-istockphoto-1198271727-170667a.jpg',	'Beatae animi omnis',	'Rerum autem sapiente',	'Et lorem quia repell',	1,	7,	NULL,	'2022-09-10 11:46:04',	'2022-09-10 06:16:04'),
(77,	'Amet est veritatis',	'amet-est-veritatis-EgPK9z',	'<p>effdfdfd</p>',	'/uploads/category/1662790700304-indian-travel-destination-beautiful-attractive.jpg',	'Animi saepe perspic',	'Proident aspernatur',	'Iste voluptatem mole',	1,	7,	NULL,	'2022-09-10 11:49:00',	'2022-09-10 06:19:00'),
(78,	'Harum nisi fugit fa',	'harum-nisi-fugit-fa-0gOLjx',	'<p>fdghfdgdfg</p>',	'/uploads/category/16627908812410-indian-travel-destination-beautiful-attractive.jpg',	'Officia laboris veli',	'Dolor dicta maxime s',	'Rem tenetur voluptat',	1,	7,	NULL,	'2022-09-10 11:51:26',	'2022-09-10 06:21:26'),
(79,	'Eveniet et do offic',	'eveniet-et-do-offic-JPekEr',	'<p>sdfgdsfsdf</p>',	'/uploads/blogs/16630699377616-16623592083983-group-305.png',	'Architecto ea deleni',	'Architecto dolore si',	'Doloribus sint ipsum',	1,	7,	NULL,	'2022-09-10 11:53:21',	'2022-09-13 11:52:19'),
(80,	'Aspernatur quibusdam',	'aspernatur-quibusdam-wrv8EP',	'<p>dfgfdgdfg</p>',	'[\"/uploads/blogs/16686812043505-blog-detail.jpg\"]',	'Minus sequi sequi od',	'Consectetur numquam',	'Et voluptatem praes',	1,	7,	NULL,	'2022-09-13 18:44:04',	'2022-11-17 10:33:31'),
(81,	'Exercitation quia ve',	'exercitation-quia-ve-4LJ0qM',	'<p>efdsfdsfds</p>',	'[\"/uploads/category/16631577764265-istockphoto-1198271727-170667a.jpg\",\"/uploads/category/16631577729906-51364.jpg\"]',	'Quod adipisicing cor',	'Eos occaecat aut ad',	'Voluptatem assumend',	1,	7,	NULL,	'2022-09-14 17:46:18',	'2022-09-14 12:16:18'),
(82,	'test',	'test-9ANVKA',	'<p>asdsada</p>',	'[\"/uploads/blogs/16656550896122-cart4.png\"]',	'asdsd',	'adadd',	'add',	1,	7,	NULL,	'2022-10-13 11:25:03',	'2022-11-02 05:03:29'),
(83,	'Illum nisi quae sit',	'illum-nisi-quae-sit-zLl4XL',	'<p>ertgegfd</p>',	'[\"/uploads/category/16690147964299-iphone-14-pro-storage-select-202209-6-7inch-deeppurple.jpg\"]',	'Exercitation culpa e',	'Repudiandae quisquam',	'Dolorum aut consequa',	1,	7,	NULL,	'2022-11-21 12:43:18',	'2022-11-21 07:13:18');

CREATE TABLE `blog_categories` (
  `id` int(11) NOT NULL AUTO_INCREMENT,
  `parent_id` int(11) DEFAULT NULL,
  `title` varchar(255) NOT NULL,
  `image` text DEFAULT NULL,
  `type` enum('articals-categories') DEFAULT NULL,
  `slug` varchar(255) DEFAULT NULL,
  `created_by` int(11) DEFAULT NULL,
  `deleted_at` datetime DEFAULT NULL,
  `created` datetime NOT NULL,
  `modified` timestamp NOT NULL DEFAULT current_timestamp() ON UPDATE current_timestamp(),
  PRIMARY KEY (`id`),
  UNIQUE KEY `slug` (`slug`),
  KEY `parent_id` (`parent_id`),
  KEY `created_by` (`created_by`),
  CONSTRAINT `blog_categories_ibfk_1` FOREIGN KEY (`parent_id`) REFERENCES `blog_categories` (`id`) ON DELETE CASCADE ON UPDATE CASCADE,
  CONSTRAINT `blog_categories_ibfk_2` FOREIGN KEY (`created_by`) REFERENCES `admins` (`id`)
) ENGINE=InnoDB DEFAULT CHARSET=utf8;

INSERT INTO `blog_categories` (`id`, `parent_id`, `title`, `image`, `type`, `slug`, `created_by`, `deleted_at`, `created`, `modified`) VALUES
(2,	NULL,	'asfadfdsfdssfsfdsf',	'',	NULL,	'asfadfdsfdssfsfdsf-awb7pe',	7,	NULL,	'2022-10-13 11:23:32',	'2022-10-13 05:53:32');

CREATE TABLE `blog_category_relation` (
  `id` int(11) NOT NULL AUTO_INCREMENT,
  `blog_id` int(11) NOT NULL,
  `category_id` int(11) NOT NULL,
  PRIMARY KEY (`id`),
  KEY `blog_id` (`blog_id`),
  KEY `category_id` (`category_id`),
  CONSTRAINT `blog_category_relation_ibfk_1` FOREIGN KEY (`blog_id`) REFERENCES `blogs` (`id`) ON DELETE CASCADE,
  CONSTRAINT `blog_category_relation_ibfk_2` FOREIGN KEY (`category_id`) REFERENCES `blog_categories` (`id`) ON DELETE CASCADE
) ENGINE=InnoDB DEFAULT CHARSET=utf8;

INSERT INTO `blog_category_relation` (`id`, `blog_id`, `category_id`) VALUES
(45,	66,	13),
(46,	66,	16),
(47,	66,	19),
(48,	75,	14),
(49,	75,	15),
(50,	75,	16),
(51,	75,	17),
(52,	75,	18),
(53,	75,	22),
(54,	75,	23),
(55,	75,	24),
(56,	75,	25),
(57,	75,	26),
(58,	75,	28),
(59,	75,	31),
(61,	75,	33),
(62,	75,	34),
(63,	75,	37),
(64,	75,	39),
(65,	75,	41),
(66,	75,	43),
(67,	76,	21),
(68,	76,	22),
(69,	76,	23),
(70,	76,	24),
(71,	76,	28),
(72,	76,	31),
(74,	76,	34),
(75,	76,	38),
(76,	76,	41),
(77,	77,	14),
(78,	77,	17),
(79,	77,	19),
(80,	77,	22),
(81,	77,	23),
(82,	77,	24),
(83,	77,	26),
(84,	77,	28),
(85,	77,	29),
(86,	77,	30),
(88,	77,	34),
(89,	77,	36),
(90,	77,	40),
(91,	77,	41),
(92,	77,	43),
(93,	78,	13),
(94,	78,	14),
(95,	78,	19),
(96,	78,	20),
(97,	78,	21),
(98,	78,	24),
(99,	78,	25),
(100,	78,	31),
(102,	78,	37),
(103,	78,	40),
(104,	78,	43),
(141,	79,	13),
(142,	79,	17),
(143,	79,	18),
(144,	79,	19),
(145,	79,	20),
(146,	79,	22),
(147,	79,	24),
(149,	79,	33),
(151,	79,	36),
(152,	79,	37),
(153,	79,	38),
(154,	79,	39),
(155,	79,	40),
(156,	79,	41),
(157,	79,	42),
(158,	79,	43),
(161,	81,	13),
(162,	81,	14),
(163,	81,	17),
(164,	81,	18),
(165,	81,	19),
(166,	81,	20),
(167,	81,	22),
(168,	81,	24),
(169,	81,	25),
(170,	81,	26),
(171,	81,	28),
(172,	81,	31),
(173,	81,	33),
(174,	81,	34),
(175,	81,	36),
(176,	81,	37),
(177,	81,	38),
(178,	81,	39),
(179,	81,	40),
(180,	81,	41),
(181,	81,	42),
(182,	81,	43),
(185,	82,	2),
(186,	80,	2),
(187,	83,	2);


CREATE TABLE `brands` (
  `id` int(11) NOT NULL AUTO_INCREMENT,
  `title` varchar(255) NOT NULL,
  `status` tinyint(1) NOT NULL DEFAULT 1,
  `created_by` int(11) DEFAULT NULL,
  `created` datetime DEFAULT NULL,
  `modified` timestamp NOT NULL DEFAULT current_timestamp() ON UPDATE current_timestamp(),
  PRIMARY KEY (`id`)
) ENGINE=InnoDB DEFAULT CHARSET=utf8mb4;

INSERT INTO `brands` (`id`, `title`, `status`, `created_by`, `created`, `modified`) VALUES
(11,	'Apple',	1,	7,	'2022-10-28 13:04:57',	'2022-10-28 07:34:57'),
(12,	'Macbook',	1,	7,	'2022-10-28 13:05:56',	'2022-10-29 04:41:53'),
(13,	'iPhone',	1,	7,	'2022-10-29 10:12:02',	'2022-10-29 04:42:02'),
(14,	'iPad',	1,	7,	'2022-10-29 10:12:14',	'2022-10-29 04:42:14'),
(15,	'iWatch',	1,	7,	'2022-10-29 10:12:36',	'2022-11-16 07:55:40');

CREATE TABLE `cities` (
  `id` int(11) NOT NULL AUTO_INCREMENT,
  `name` varchar(255) NOT NULL,
  `state_id` int(11) DEFAULT NULL,
  `status` tinyint(1) NOT NULL DEFAULT 1,
  `created` datetime NOT NULL,
  `modified` timestamp NOT NULL DEFAULT current_timestamp() ON UPDATE current_timestamp(),
  PRIMARY KEY (`id`),
  KEY `state_id` (`state_id`),
  CONSTRAINT `cities_ibfk_1` FOREIGN KEY (`state_id`) REFERENCES `states` (`id`) ON DELETE CASCADE
) ENGINE=InnoDB DEFAULT CHARSET=utf8;

INSERT INTO `cities` (`id`, `name`, `state_id`, `status`, `created`, `modified`) VALUES
(1,	'Garristown',	88,	1,	'2022-04-28 16:18:23',	'2022-06-23 06:59:58'),
(2,	'Ballyboughal',	88,	1,	'2022-06-23 14:11:20',	'2022-06-23 08:41:20'),
(3,	'Oldtown',	88,	1,	'2022-06-23 14:11:37',	'2022-06-23 08:41:37'),
(4,	'Greystones',	88,	1,	'2022-06-23 14:11:48',	'2022-06-23 08:41:48'),
(5,	'Wicklow',	88,	1,	'2022-06-23 14:12:00',	'2022-06-23 08:42:00'),
(6,	'Castleblayney',	89,	1,	'2022-06-23 14:12:13',	'2022-06-23 08:42:43'),
(7,	'Carrickmacross',	89,	1,	'2022-06-23 14:12:24',	'2022-06-23 08:42:36'),
(8,	'Kells',	88,	1,	'2022-06-23 14:13:07',	'2022-06-23 08:43:07'),
(9,	'Enfield',	88,	1,	'2022-06-23 14:13:19',	'2022-06-23 08:43:19'),
(10,	'Ashbourne',	88,	1,	'2022-06-23 14:13:30',	'2022-06-23 08:43:30'),
(11,	'Dunshaughlin',	88,	1,	'2022-06-23 14:13:42',	'2022-06-23 08:43:42'),
(12,	'Dunboyne',	88,	1,	'2022-06-23 14:13:52',	'2022-06-23 08:43:52'),
(13,	'Dundalk',	88,	1,	'2022-06-23 14:14:02',	'2022-06-23 08:44:02'),
(14,	'Drogheda',	88,	1,	'2022-06-23 14:14:10',	'2022-06-23 08:44:10'),
(15,	'Blackrock',	88,	1,	'2022-06-23 14:14:22',	'2022-06-23 08:44:22'),
(16,	'Dun Laoghaire',	88,	1,	'2022-06-23 14:14:31',	'2022-06-23 08:44:31'),
(17,	'Bray',	88,	1,	'2022-06-23 14:14:41',	'2022-06-23 08:44:41'),
(18,	'Trim',	88,	1,	'2022-06-23 14:14:53',	'2022-06-23 08:44:53'),
(19,	'Dublin 1',	88,	1,	'2022-06-23 14:15:06',	'2022-06-23 08:45:06'),
(20,	'Dublin 2',	88,	1,	'2022-06-23 14:15:13',	'2022-06-23 08:45:13'),
(21,	'Dublin 3',	88,	1,	'2022-06-23 15:22:32',	'2022-06-23 09:52:32'),
(22,	'Dublin 4',	88,	1,	'2022-06-23 15:22:39',	'2022-06-23 09:52:39'),
(23,	'Dublin 5',	88,	1,	'2022-06-23 15:22:45',	'2022-06-23 09:52:45'),
(24,	'Dublin 6',	88,	1,	'2022-06-23 15:22:50',	'2022-06-23 09:52:50'),
(25,	'Dublin 7',	88,	1,	'2022-06-23 15:22:56',	'2022-06-23 09:52:56'),
(26,	'Dublin 8',	88,	1,	'2022-06-23 15:23:03',	'2022-06-23 09:53:03'),
(27,	'Dublin 9',	88,	1,	'2022-06-23 15:23:09',	'2022-06-23 09:53:09'),
(28,	'Dublin 10',	88,	1,	'2022-06-23 15:23:15',	'2022-06-23 09:53:15'),
(29,	'Dublin 11',	88,	1,	'2022-06-23 15:24:14',	'2022-06-23 09:54:19'),
(30,	'Dublin 12',	88,	1,	'2022-06-23 15:24:28',	'2022-06-23 09:54:28'),
(31,	'Dublin 13',	88,	1,	'2022-06-23 15:24:35',	'2022-06-23 09:54:35'),
(32,	'Dublin 14',	88,	1,	'2022-06-23 15:24:44',	'2022-06-23 09:54:50'),
(33,	'Dublin 15',	88,	1,	'2022-06-23 15:24:56',	'2022-06-23 09:54:56'),
(34,	'Dublin 16',	88,	1,	'2022-06-23 15:25:04',	'2022-06-23 09:55:04'),
(35,	'Dublin 17',	88,	1,	'2022-06-23 15:25:11',	'2022-06-23 09:55:11'),
(36,	'Dublin 18',	88,	1,	'2022-06-23 15:25:18',	'2022-06-23 09:55:18'),
(37,	'Dublin 20',	88,	1,	'2022-06-23 15:25:25',	'2022-06-23 09:55:25'),
(38,	'Dublin 22',	88,	1,	'2022-06-23 15:25:30',	'2022-06-23 09:55:30'),
(39,	'Dublin 24',	88,	1,	'2022-06-23 15:25:36',	'2022-06-23 09:55:36'),
(40,	'Dublin 6W',	88,	1,	'2022-06-23 15:25:52',	'2022-06-23 09:55:52'),
(41,	'Cahir',	90,	1,	'2022-06-23 15:27:01',	'2022-06-23 09:57:01'),
(42,	'Cashel',	90,	1,	'2022-06-23 15:27:13',	'2022-06-23 09:57:13'),
(43,	'Carrick on Suir',	90,	1,	'2022-06-23 15:27:25',	'2022-06-23 09:57:25'),
(44,	'Tipperary',	90,	1,	'2022-06-23 15:27:36',	'2022-06-23 09:57:36'),
(45,	'Thurles',	90,	1,	'2022-06-23 15:27:46',	'2022-06-23 09:57:46'),
(46,	'Nenagh',	90,	1,	'2022-06-23 15:27:56',	'2022-06-23 09:57:56'),
(47,	'Roscrea',	90,	1,	'2022-06-23 15:28:07',	'2022-06-23 09:58:07'),
(48,	'Clonmel',	90,	1,	'2022-06-23 15:28:17',	'2022-06-23 09:58:17'),
(49,	'Knock',	91,	1,	'2022-06-23 15:28:30',	'2022-06-23 09:58:30'),
(50,	'Castlebar',	91,	1,	'2022-06-23 15:28:40',	'2022-06-23 09:58:40'),
(51,	'Ballina',	91,	1,	'2022-06-23 15:28:50',	'2022-06-23 09:58:50'),
(52,	'Westport',	91,	1,	'2022-06-23 15:29:00',	'2022-06-23 09:59:00'),
(53,	'Ballinrobe',	91,	1,	'2022-06-23 15:29:14',	'2022-06-23 09:59:14'),
(54,	'Ballyhaunis',	91,	1,	'2022-06-23 15:29:24',	'2022-06-23 09:59:24'),
(55,	'Roscommon',	91,	1,	'2022-06-23 15:29:40',	'2022-06-23 09:59:40'),
(56,	'Castlerea',	91,	1,	'2022-06-23 15:29:52',	'2022-06-23 09:59:52'),
(57,	'Boyle',	91,	1,	'2022-06-23 15:30:06',	'2022-06-23 10:00:06'),
(58,	'Ballymote',	91,	1,	'2022-06-23 15:30:16',	'2022-06-23 10:00:16'),
(59,	'Sligo',	91,	1,	'2022-06-23 15:30:25',	'2022-06-23 10:00:25'),
(60,	'Letterkenny',	89,	1,	'2022-06-23 15:30:37',	'2022-06-23 10:00:37'),
(61,	'Lifford',	89,	1,	'2022-06-23 15:31:45',	'2022-06-23 10:01:45'),
(62,	'Bundoran',	89,	1,	'2022-06-23 15:31:53',	'2022-06-23 10:01:53'),
(63,	'Cavan',	89,	1,	'2022-06-23 15:32:02',	'2022-06-23 10:02:02'),
(64,	'Belturbet',	89,	1,	'2022-06-23 15:32:11',	'2022-06-23 10:02:11'),
(65,	'Cootehill',	89,	1,	'2022-06-23 15:32:20',	'2022-06-23 10:02:20'),
(66,	'Monaghan',	89,	1,	'2022-06-23 15:32:30',	'2022-06-23 10:02:30'),
(67,	'Clones',	89,	1,	'2022-06-23 15:32:39',	'2022-06-23 10:02:39'),
(68,	'Ballinasloe',	91,	1,	'2022-06-23 15:32:53',	'2022-06-23 10:02:53'),
(69,	'Tuam',	91,	1,	'2022-06-23 15:33:04',	'2022-06-23 10:03:04'),
(70,	'Loughrea',	91,	1,	'2022-06-23 15:33:13',	'2022-06-23 10:03:13'),
(71,	'Athenry',	91,	1,	'2022-06-23 15:33:23',	'2022-06-23 10:03:23'),
(72,	'Clifden',	91,	1,	'2022-06-23 15:33:32',	'2022-06-23 10:03:32'),
(73,	'Galway',	91,	1,	'2022-06-23 15:33:42',	'2022-06-23 10:03:42'),
(74,	'Balbriggan',	88,	1,	'2022-06-23 15:33:52',	'2022-06-23 10:03:52'),
(75,	'Skerries',	88,	1,	'2022-06-23 15:34:03',	'2022-06-23 10:04:03'),
(76,	'Malahide',	88,	1,	'2022-06-23 15:34:15',	'2022-06-23 10:04:15'),
(77,	'Lusk',	88,	1,	'2022-06-23 15:37:57',	'2022-06-23 10:07:57'),
(78,	'Rush',	88,	1,	'2022-06-23 15:38:06',	'2022-06-23 10:08:06'),
(79,	'Swords',	88,	1,	'2022-06-23 15:38:18',	'2022-06-23 10:08:18'),
(80,	'Lucan',	88,	1,	'2022-06-23 15:38:27',	'2022-06-23 10:08:27'),
(81,	'Athlone',	88,	1,	'2022-06-23 15:38:41',	'2022-06-23 10:08:41'),
(82,	'Longford',	88,	1,	'2022-06-23 15:38:50',	'2022-06-23 10:08:50'),
(83,	'Carrick On Shannon',	91,	1,	'2022-06-23 15:39:13',	'2022-06-23 10:09:13'),
(84,	'Mullingar',	88,	1,	'2022-06-23 15:39:25',	'2022-06-23 10:09:25'),
(85,	'Macroom',	90,	1,	'2022-06-23 15:39:36',	'2022-06-23 10:09:36'),
(86,	'Crookstown',	88,	1,	'2022-06-23 15:39:46',	'2022-06-23 10:09:46'),
(87,	'Kinsale',	90,	1,	'2022-06-23 15:40:00',	'2022-06-23 10:10:00'),
(88,	'Cobh',	90,	1,	'2022-06-23 15:40:09',	'2022-06-23 10:10:09'),
(89,	'Midleton',	90,	1,	'2022-06-23 15:40:21',	'2022-06-23 10:10:21'),
(90,	'Ballincollig',	90,	1,	'2022-06-23 15:40:33',	'2022-06-23 10:10:33'),
(91,	'Rylane',	90,	1,	'2022-06-23 15:40:42',	'2022-06-23 10:10:42'),
(92,	'Youghal',	90,	1,	'2022-06-23 15:40:58',	'2022-06-23 10:10:58'),
(93,	'Carrigaline',	90,	1,	'2022-06-23 15:41:10',	'2022-06-23 10:11:10'),
(94,	'Dunmanway',	90,	1,	'2022-06-23 15:41:29',	'2022-06-23 10:11:29'),
(95,	'Mallow',	90,	1,	'2022-06-23 15:41:39',	'2022-06-23 10:11:39'),
(96,	'Charleville',	90,	1,	'2022-06-23 15:41:49',	'2022-06-23 10:11:49'),
(97,	'Fermoy',	90,	1,	'2022-06-23 15:41:58',	'2022-06-23 10:11:58'),
(98,	'Mitchelstown',	90,	1,	'2022-06-23 15:42:08',	'2022-06-23 10:12:08'),
(99,	'Bandon',	90,	1,	'2022-06-23 15:42:17',	'2022-06-23 10:12:17'),
(100,	'Bantry',	90,	1,	'2022-06-23 15:42:27',	'2022-06-23 10:12:27'),
(101,	'Skibbereen',	90,	1,	'2022-06-23 15:42:57',	'2022-06-23 10:12:57'),
(102,	'Clonakilty',	90,	1,	'2022-06-23 15:43:07',	'2022-06-23 10:13:07'),
(103,	'Athy',	88,	1,	'2022-06-23 15:43:23',	'2022-06-23 10:13:23'),
(104,	'Bagenalstown',	88,	1,	'2022-06-23 15:43:32',	'2022-06-23 10:13:32'),
(105,	'Portlaoise',	88,	1,	'2022-06-23 15:43:43',	'2022-06-23 10:13:43'),
(106,	'Tullamore',	88,	1,	'2022-06-23 15:43:53',	'2022-06-23 10:13:53'),
(107,	'Birr',	88,	1,	'2022-06-23 15:44:05',	'2022-06-23 10:14:05'),
(108,	'Edenderry',	88,	1,	'2022-06-23 15:44:17',	'2022-06-23 10:14:17'),
(109,	'Kildare',	88,	1,	'2022-06-23 15:44:29',	'2022-06-23 10:14:29'),
(110,	'Curragh',	88,	1,	'2022-06-23 15:44:40',	'2022-06-23 10:14:40'),
(111,	'Carlow',	88,	1,	'2022-06-23 15:44:51',	'2022-06-23 10:14:51'),
(112,	'Kilkenny',	88,	1,	'2022-06-23 15:45:02',	'2022-06-23 10:15:02'),
(113,	'Cork city southside',	90,	1,	'2022-06-23 15:48:10',	'2022-06-23 10:18:10'),
(114,	'Cork city northside',	90,	1,	'2022-06-23 15:48:31',	'2022-06-23 10:18:31'),
(115,	'Carrignavar',	90,	1,	'2022-06-23 15:48:45',	'2022-06-23 10:18:45'),
(116,	'Glanmire',	90,	1,	'2022-06-23 15:48:55',	'2022-06-23 10:18:55'),
(117,	'Watergrasshill',	90,	1,	'2022-06-23 15:49:06',	'2022-06-23 10:19:06'),
(118,	'Shannon',	90,	1,	'2022-06-23 15:49:16',	'2022-06-23 10:19:16'),
(119,	'Kilrush',	90,	1,	'2022-06-23 15:49:30',	'2022-06-23 10:19:30'),
(120,	'Caherciveen',	90,	1,	'2022-06-23 15:49:40',	'2022-06-23 10:19:40'),
(121,	'Listowel',	90,	1,	'2022-06-23 15:49:50',	'2022-06-23 10:19:50'),
(122,	'Kilmallock',	90,	1,	'2022-06-23 15:50:01',	'2022-06-23 10:20:01'),
(123,	'Newcastle West',	90,	1,	'2022-06-23 15:50:18',	'2022-06-23 10:20:18'),
(124,	'Tralee',	90,	1,	'2022-06-23 15:50:30',	'2022-06-23 10:20:30'),
(125,	'Kenmare',	90,	1,	'2022-06-23 15:50:44',	'2022-06-23 10:20:44'),
(126,	'Limerick',	90,	1,	'2022-06-23 15:50:55',	'2022-06-23 10:20:55'),
(127,	'Miltown Malbay',	90,	1,	'2022-06-23 15:51:06',	'2022-06-23 10:21:06'),
(128,	'Newbridge',	88,	1,	'2022-06-23 15:51:16',	'2022-06-23 10:21:16'),
(129,	'Maynooth',	88,	1,	'2022-06-23 15:51:48',	'2022-06-23 10:21:48'),
(130,	'Monasterevin',	88,	1,	'2022-06-23 15:51:58',	'2022-06-23 10:21:58'),
(131,	'Naas',	88,	1,	'2022-06-23 15:52:12',	'2022-06-23 10:22:12'),
(132,	'Dungarvan',	90,	1,	'2022-06-23 15:52:22',	'2022-06-23 10:22:22'),
(133,	'Kilmacthomas',	90,	1,	'2022-06-23 15:52:32',	'2022-06-23 10:22:32'),
(134,	'Kilmacthomas',	90,	1,	'2022-06-23 15:52:32',	'2022-06-23 10:22:32'),
(135,	'Waterford',	90,	1,	'2022-06-23 15:52:42',	'2022-06-23 10:22:42'),
(136,	'Arklow',	88,	1,	'2022-06-23 15:52:54',	'2022-06-23 10:22:54'),
(137,	'Enniscorthy',	88,	1,	'2022-06-23 15:53:03',	'2022-06-23 10:23:03'),
(138,	'Gorey',	88,	1,	'2022-06-23 15:53:32',	'2022-06-23 10:23:32'),
(139,	'New Ross',	88,	1,	'2022-06-23 15:53:43',	'2022-06-23 10:23:43'),
(140,	'Wexford',	88,	1,	'2022-06-23 15:53:55',	'2022-06-23 10:23:55');

CREATE TABLE `contact_us` (
  `id` int(11) NOT NULL AUTO_INCREMENT,
  `first_name` varchar(255) NOT NULL,
  `last_name` varchar(255) NOT NULL,
  `email` varchar(255) NOT NULL,
  `phonenumber` varchar(255) DEFAULT NULL,
  `subject` varchar(255) DEFAULT NULL,
  `message` text NOT NULL,
  `status` tinyint(1) NOT NULL DEFAULT 1,
  `created_by` int(11) DEFAULT NULL,
  `deleted_at` datetime DEFAULT NULL,
  `created` datetime NOT NULL,
  `modified` timestamp NOT NULL DEFAULT current_timestamp() ON UPDATE current_timestamp(),
  PRIMARY KEY (`id`)
) ENGINE=InnoDB DEFAULT CHARSET=utf8mb4;

INSERT INTO `contact_us` (`id`, `first_name`, `last_name`, `email`, `phonenumber`, `subject`, `message`, `status`, `created_by`, `deleted_at`, `created`, `modified`) VALUES
(126,	'Quynn',	'Holmes',	'lamyru@mailinator.com',	NULL,	NULL,	'Dolore ab quo ea rep',	1,	7,	NULL,	'2022-10-03 16:49:20',	'2022-10-03 11:19:20'),
(127,	'Kenneth',	'Key',	'zydekoje@mailinator.com',	NULL,	NULL,	'Illum elit nulla m',	1,	7,	NULL,	'2022-10-03 16:50:37',	'2022-10-03 11:20:37'),
(128,	'Nell',	'Kline',	'bila@mailinator.com',	NULL,	NULL,	'Possimus sequi non',	1,	7,	NULL,	'2022-10-03 16:50:45',	'2022-10-03 11:20:45'),
(129,	'Hollee',	'Morrow',	'bysep@mailinator.com',	NULL,	NULL,	'Aut autem unde ut od',	1,	7,	NULL,	'2022-10-03 16:51:46',	'2022-10-03 11:21:46'),
(130,	'fghgfhgfh',	'fhfhfg',	'hgfhfhfhg@dfg.dfgfdg',	NULL,	NULL,	'fhgfh',	1,	7,	NULL,	'2022-10-03 16:52:19',	'2022-10-03 11:22:19'),
(131,	'Rakesh',	'Kumar',	'asdsad@sdfsd.fsdf',	NULL,	NULL,	'adadad',	1,	7,	NULL,	'2022-10-03 16:52:50',	'2022-10-03 11:22:50'),
(132,	'Yoshi',	'Collier',	'qebyzoser@mailinator.com',	NULL,	NULL,	'Voluptas ea proident',	1,	7,	NULL,	'2022-10-03 16:58:45',	'2022-10-03 11:28:45'),
(133,	'Wyatt',	'Patton',	'zacytyriz@mailinator.com',	NULL,	NULL,	'Perferendis dolores',	1,	7,	NULL,	'2022-10-03 17:02:56',	'2022-10-03 11:32:56'),
(134,	'Cassandra',	'Mayer',	'fojyzem@mailinator.com',	NULL,	NULL,	'Laudantium odio ill',	1,	7,	NULL,	'2022-10-03 17:03:18',	'2022-10-03 11:33:18'),
(135,	'Rakesh',	'Kumar',	'rakesh.globiztechnology@gmail.com',	NULL,	NULL,	'rtujhffghfg',	1,	7,	NULL,	'2022-10-06 17:18:08',	'2022-10-06 11:48:08'),
(136,	'Garrett',	'Pierce',	'kakizysoz@mailinator.com',	NULL,	NULL,	'Voluptatem molestiae',	1,	7,	NULL,	'2022-10-06 17:25:37',	'2022-10-06 11:55:37'),
(137,	'Jatin',	'Gandhi',	'yallamenadirectory@gmail.com',	NULL,	NULL,	'awdada',	1,	7,	NULL,	'2022-10-13 12:48:57',	'2022-10-13 07:18:57'),
(138,	'Jatin',	'dad',	'admin@globiz.com',	NULL,	NULL,	'asdadadad',	1,	7,	NULL,	'2022-10-13 13:27:33',	'2022-10-13 07:57:33'),
(139,	'Jatin',	'Gandhi',	'jatin.gandhi@globiztechnology.comadasdad',	NULL,	NULL,	'asdasdsadad',	1,	7,	NULL,	'2022-10-13 13:28:11',	'2022-10-13 07:58:11'),
(140,	'Ashely',	'Holloway',	'kafeh@mailinator.com',	NULL,	NULL,	'Quisquam in voluptat',	1,	NULL,	NULL,	'2022-11-12 16:24:59',	'2022-11-12 10:54:59'),
(141,	'Callie',	'Stein',	'wytiv@mailinator.com',	NULL,	NULL,	'Cumque voluptas sed',	1,	NULL,	NULL,	'2022-11-14 13:33:01',	'2022-11-14 08:03:01'),
(142,	'Jason',	'Matthews',	'ruvih@mailinator.com',	NULL,	NULL,	'Voluptatem nemo pro',	1,	7,	NULL,	'2022-11-15 11:04:46',	'2022-11-15 05:34:46');

CREATE TABLE `countries` (
  `id` int(5) NOT NULL AUTO_INCREMENT,
  `iso2` char(2) DEFAULT NULL,
  `short_name` varchar(80) NOT NULL DEFAULT '',
  `long_name` varchar(80) NOT NULL DEFAULT '',
  `iso3` char(3) DEFAULT NULL,
  `numcode` varchar(6) DEFAULT NULL,
  `un_member` varchar(12) DEFAULT NULL,
  `calling_code` varchar(8) DEFAULT NULL,
  `cctld` varchar(5) DEFAULT NULL,
  `status` tinyint(1) DEFAULT 1,
  `created` datetime DEFAULT NULL,
  `modified` timestamp NOT NULL DEFAULT current_timestamp() ON UPDATE current_timestamp(),
  PRIMARY KEY (`id`)
) ENGINE=InnoDB DEFAULT CHARSET=utf8;

INSERT INTO `countries` (`id`, `iso2`, `short_name`, `long_name`, `iso3`, `numcode`, `un_member`, `calling_code`, `cctld`, `status`, `created`, `modified`) VALUES
(1,	'AF',	'Afghanistan',	'Islamic Republic of Afghanistan',	'AFG',	'004',	'yes',	'93',	'.af',	0,	'2022-04-25 17:26:59',	'2022-04-25 11:57:49'),
(2,	'AX',	'Aland Islands',	'&Aring;land Islands',	'ALA',	'248',	'no',	'358',	'.ax',	0,	'2022-04-25 17:26:59',	'2022-04-25 11:57:49'),
(3,	'AL',	'Albania',	'Republic of Albania',	'ALB',	'008',	'yes',	'355',	'.al',	0,	'2022-04-25 17:26:59',	'2022-04-25 11:57:49'),
(4,	'DZ',	'Algeria',	'People\'s Democratic Republic of Algeria',	'DZA',	'012',	'yes',	'213',	'.dz',	0,	'2022-04-25 17:26:59',	'2022-04-25 11:57:49'),
(5,	'AS',	'American Samoa',	'American Samoa',	'ASM',	'016',	'no',	'1+684',	'.as',	0,	'2022-04-25 17:26:59',	'2022-04-25 11:57:49'),
(6,	'AD',	'Andorra',	'Principality of Andorra',	'AND',	'020',	'yes',	'376',	'.ad',	0,	'2022-04-25 17:26:59',	'2022-04-25 11:57:49'),
(7,	'AO',	'Angola',	'Republic of Angola',	'AGO',	'024',	'yes',	'244',	'.ao',	0,	'2022-04-25 17:26:59',	'2022-04-25 11:57:49'),
(8,	'AI',	'Anguilla',	'Anguilla',	'AIA',	'660',	'no',	'1+264',	'.ai',	0,	'2022-04-25 17:26:59',	'2022-04-25 11:57:49'),
(9,	'AQ',	'Antarctica',	'Antarctica',	'ATA',	'010',	'no',	'672',	'.aq',	0,	'2022-04-25 17:26:59',	'2022-04-25 11:57:49'),
(10,	'AG',	'Antigua and Barbuda',	'Antigua and Barbuda',	'ATG',	'028',	'yes',	'1+268',	'.ag',	0,	'2022-04-25 17:26:59',	'2022-04-25 11:57:49'),
(11,	'AR',	'Argentina',	'Argentine Republic',	'ARG',	'032',	'yes',	'54',	'.ar',	0,	'2022-04-25 17:26:59',	'2022-04-25 11:57:49'),
(12,	'AM',	'Armenia',	'Republic of Armenia',	'ARM',	'051',	'yes',	'374',	'.am',	0,	'2022-04-25 17:26:59',	'2022-04-25 11:57:49'),
(13,	'AW',	'Aruba',	'Aruba',	'ABW',	'533',	'no',	'297',	'.aw',	0,	'2022-04-25 17:26:59',	'2022-04-25 11:57:49'),
(14,	'AU',	'Australia',	'Commonwealth of Australia',	'AUS',	'036',	'yes',	'61',	'.au',	0,	'2022-04-25 17:26:59',	'2022-04-25 11:57:49'),
(15,	'AT',	'Austria',	'Republic of Austria',	'AUT',	'040',	'yes',	'43',	'.at',	0,	'2022-04-25 17:26:59',	'2022-04-25 11:57:49'),
(16,	'AZ',	'Azerbaijan',	'Republic of Azerbaijan',	'AZE',	'031',	'yes',	'994',	'.az',	0,	'2022-04-25 17:26:59',	'2022-04-25 11:57:49'),
(17,	'BS',	'Bahamas',	'Commonwealth of The Bahamas',	'BHS',	'044',	'yes',	'1+242',	'.bs',	0,	'2022-04-25 17:26:59',	'2022-04-25 11:57:49'),
(18,	'BH',	'Bahrain',	'Kingdom of Bahrain',	'BHR',	'048',	'yes',	'973',	'.bh',	0,	'2022-04-25 17:26:59',	'2022-04-25 11:57:49'),
(19,	'BD',	'Bangladesh',	'People\'s Republic of Bangladesh',	'BGD',	'050',	'yes',	'880',	'.bd',	0,	'2022-04-25 17:26:59',	'2022-04-25 11:57:49'),
(20,	'BB',	'Barbados',	'Barbados',	'BRB',	'052',	'yes',	'1+246',	'.bb',	0,	'2022-04-25 17:26:59',	'2022-04-25 11:57:49'),
(21,	'BY',	'Belarus',	'Republic of Belarus',	'BLR',	'112',	'yes',	'375',	'.by',	0,	'2022-04-25 17:26:59',	'2022-04-25 11:57:49'),
(22,	'BE',	'Belgium',	'Kingdom of Belgium',	'BEL',	'056',	'yes',	'32',	'.be',	0,	'2022-04-25 17:26:59',	'2022-04-25 11:57:49'),
(23,	'BZ',	'Belize',	'Belize',	'BLZ',	'084',	'yes',	'501',	'.bz',	0,	'2022-04-25 17:26:59',	'2022-04-25 11:57:49'),
(24,	'BJ',	'Benin',	'Republic of Benin',	'BEN',	'204',	'yes',	'229',	'.bj',	0,	'2022-04-25 17:26:59',	'2022-04-25 11:57:49'),
(25,	'BM',	'Bermuda',	'Bermuda Islands',	'BMU',	'060',	'no',	'1+441',	'.bm',	0,	'2022-04-25 17:26:59',	'2022-04-25 11:57:49'),
(26,	'BT',	'Bhutan',	'Kingdom of Bhutan',	'BTN',	'064',	'yes',	'975',	'.bt',	0,	'2022-04-25 17:26:59',	'2022-04-25 11:57:49'),
(27,	'BO',	'Bolivia',	'Plurinational State of Bolivia',	'BOL',	'068',	'yes',	'591',	'.bo',	0,	'2022-04-25 17:26:59',	'2022-04-25 11:57:49'),
(28,	'BQ',	'Bonaire, Sint Eustatius and Saba',	'Bonaire, Sint Eustatius and Saba',	'BES',	'535',	'no',	'599',	'.bq',	0,	'2022-04-25 17:26:59',	'2022-04-25 11:57:49'),
(29,	'BA',	'Bosnia and Herzegovina',	'Bosnia and Herzegovina',	'BIH',	'070',	'yes',	'387',	'.ba',	0,	'2022-04-25 17:26:59',	'2022-04-25 11:57:49'),
(30,	'BW',	'Botswana',	'Republic of Botswana',	'BWA',	'072',	'yes',	'267',	'.bw',	0,	'2022-04-25 17:26:59',	'2022-04-25 11:57:49'),
(31,	'BV',	'Bouvet Island',	'Bouvet Island',	'BVT',	'074',	'no',	'NONE',	'.bv',	0,	'2022-04-25 17:26:59',	'2022-04-25 11:57:49'),
(32,	'BR',	'Brazil',	'Federative Republic of Brazil',	'BRA',	'076',	'yes',	'55',	'.br',	0,	'2022-04-25 17:26:59',	'2022-04-25 11:57:49'),
(33,	'IO',	'British Indian Ocean Territory',	'British Indian Ocean Territory',	'IOT',	'086',	'no',	'246',	'.io',	0,	'2022-04-25 17:26:59',	'2022-04-25 11:57:49'),
(34,	'BN',	'Brunei',	'Brunei Darussalam',	'BRN',	'096',	'yes',	'673',	'.bn',	0,	'2022-04-25 17:26:59',	'2022-04-25 11:57:49'),
(35,	'BG',	'Bulgaria',	'Republic of Bulgaria',	'BGR',	'100',	'yes',	'359',	'.bg',	0,	'2022-04-25 17:26:59',	'2022-04-25 11:57:49'),
(36,	'BF',	'Burkina Faso',	'Burkina Faso',	'BFA',	'854',	'yes',	'226',	'.bf',	0,	'2022-04-25 17:26:59',	'2022-04-25 11:57:49'),
(37,	'BI',	'Burundi',	'Republic of Burundi',	'BDI',	'108',	'yes',	'257',	'.bi',	0,	'2022-04-25 17:26:59',	'2022-04-25 11:57:49'),
(38,	'KH',	'Cambodia',	'Kingdom of Cambodia',	'KHM',	'116',	'yes',	'855',	'.kh',	0,	'2022-04-25 17:26:59',	'2022-04-25 11:57:49'),
(39,	'CM',	'Cameroon',	'Republic of Cameroon',	'CMR',	'120',	'yes',	'237',	'.cm',	0,	'2022-04-25 17:26:59',	'2022-04-25 11:57:49'),
(40,	'CA',	'Canada',	'Canada',	'CAN',	'124',	'yes',	'1',	'.ca',	0,	'2022-04-25 17:26:59',	'2022-04-25 11:57:49'),
(41,	'CV',	'Cape Verde',	'Republic of Cape Verde',	'CPV',	'132',	'yes',	'238',	'.cv',	0,	'2022-04-25 17:26:59',	'2022-04-25 11:57:49'),
(42,	'KY',	'Cayman Islands',	'The Cayman Islands',	'CYM',	'136',	'no',	'1+345',	'.ky',	0,	'2022-04-25 17:26:59',	'2022-04-25 11:57:49'),
(43,	'CF',	'Central African Republic',	'Central African Republic',	'CAF',	'140',	'yes',	'236',	'.cf',	0,	'2022-04-25 17:26:59',	'2022-04-25 11:57:49'),
(44,	'TD',	'Chad',	'Republic of Chad',	'TCD',	'148',	'yes',	'235',	'.td',	0,	'2022-04-25 17:26:59',	'2022-04-25 11:57:49'),
(45,	'CL',	'Chile',	'Republic of Chile',	'CHL',	'152',	'yes',	'56',	'.cl',	0,	'2022-04-25 17:26:59',	'2022-04-25 11:57:49'),
(46,	'CN',	'China',	'People\'s Republic of China',	'CHN',	'156',	'yes',	'86',	'.cn',	0,	'2022-04-25 17:26:59',	'2022-04-25 11:57:49'),
(47,	'CX',	'Christmas Island',	'Christmas Island',	'CXR',	'162',	'no',	'61',	'.cx',	0,	'2022-04-25 17:26:59',	'2022-04-25 11:57:49'),
(48,	'CC',	'Cocos (Keeling) Islands',	'Cocos (Keeling) Islands',	'CCK',	'166',	'no',	'61',	'.cc',	0,	'2022-04-25 17:26:59',	'2022-04-25 11:57:49'),
(49,	'CO',	'Colombia',	'Republic of Colombia',	'COL',	'170',	'yes',	'57',	'.co',	0,	'2022-04-25 17:26:59',	'2022-04-25 11:57:49'),
(50,	'KM',	'Comoros',	'Union of the Comoros',	'COM',	'174',	'yes',	'269',	'.km',	0,	'2022-04-25 17:26:59',	'2022-04-25 11:57:49'),
(51,	'CG',	'Congo',	'Republic of the Congo',	'COG',	'178',	'yes',	'242',	'.cg',	0,	'2022-04-25 17:26:59',	'2022-04-25 11:57:49'),
(52,	'CK',	'Cook Islands',	'Cook Islands',	'COK',	'184',	'some',	'682',	'.ck',	0,	'2022-04-25 17:26:59',	'2022-04-25 11:57:49'),
(53,	'CR',	'Costa Rica',	'Republic of Costa Rica',	'CRI',	'188',	'yes',	'506',	'.cr',	0,	'2022-04-25 17:26:59',	'2022-04-25 11:57:49'),
(54,	'CI',	'Cote d\'ivoire (Ivory Coast)',	'Republic of C&ocirc;te D\'Ivoire (Ivory Coast)',	'CIV',	'384',	'yes',	'225',	'.ci',	0,	'2022-04-25 17:26:59',	'2022-04-25 11:57:49'),
(55,	'HR',	'Croatia',	'Republic of Croatia',	'HRV',	'191',	'yes',	'385',	'.hr',	0,	'2022-04-25 17:26:59',	'2022-04-25 11:57:49'),
(56,	'CU',	'Cuba',	'Republic of Cuba',	'CUB',	'192',	'yes',	'53',	'.cu',	0,	'2022-04-25 17:26:59',	'2022-04-25 11:57:49'),
(57,	'CW',	'Curacao',	'Cura&ccedil;ao',	'CUW',	'531',	'no',	'599',	'.cw',	0,	'2022-04-25 17:26:59',	'2022-04-25 11:57:49'),
(58,	'CY',	'Cyprus',	'Republic of Cyprus',	'CYP',	'196',	'yes',	'357',	'.cy',	0,	'2022-04-25 17:26:59',	'2022-04-25 11:57:49'),
(59,	'CZ',	'Czech Republic',	'Czech Republic',	'CZE',	'203',	'yes',	'420',	'.cz',	0,	'2022-04-25 17:26:59',	'2022-04-25 11:57:49'),
(60,	'CD',	'Democratic Republic of the Congo',	'Democratic Republic of the Congo',	'COD',	'180',	'yes',	'243',	'.cd',	0,	'2022-04-25 17:26:59',	'2022-04-25 11:57:49'),
(61,	'DK',	'Denmark',	'Kingdom of Denmark',	'DNK',	'208',	'yes',	'45',	'.dk',	0,	'2022-04-25 17:26:59',	'2022-04-25 11:57:49'),
(62,	'DJ',	'Djibouti',	'Republic of Djibouti',	'DJI',	'262',	'yes',	'253',	'.dj',	0,	'2022-04-25 17:26:59',	'2022-04-25 11:57:49'),
(63,	'DM',	'Dominica',	'Commonwealth of Dominica',	'DMA',	'212',	'yes',	'1+767',	'.dm',	0,	'2022-04-25 17:26:59',	'2022-04-25 11:57:49'),
(64,	'DO',	'Dominican Republic',	'Dominican Republic',	'DOM',	'214',	'yes',	'1+809, 8',	'.do',	0,	'2022-04-25 17:26:59',	'2022-04-25 11:57:49'),
(65,	'EC',	'Ecuador',	'Republic of Ecuador',	'ECU',	'218',	'yes',	'593',	'.ec',	0,	'2022-04-25 17:26:59',	'2022-04-25 11:57:49'),
(66,	'EG',	'Egypt',	'Arab Republic of Egypt',	'EGY',	'818',	'yes',	'20',	'.eg',	0,	'2022-04-25 17:26:59',	'2022-04-25 11:57:49'),
(67,	'SV',	'El Salvador',	'Republic of El Salvador',	'SLV',	'222',	'yes',	'503',	'.sv',	0,	'2022-04-25 17:26:59',	'2022-04-25 11:57:49'),
(68,	'GQ',	'Equatorial Guinea',	'Republic of Equatorial Guinea',	'GNQ',	'226',	'yes',	'240',	'.gq',	0,	'2022-04-25 17:26:59',	'2022-04-25 11:57:49'),
(69,	'ER',	'Eritrea',	'State of Eritrea',	'ERI',	'232',	'yes',	'291',	'.er',	0,	'2022-04-25 17:26:59',	'2022-04-25 11:57:49'),
(70,	'EE',	'Estonia',	'Republic of Estonia',	'EST',	'233',	'yes',	'372',	'.ee',	0,	'2022-04-25 17:26:59',	'2022-04-25 11:57:49'),
(71,	'ET',	'Ethiopia',	'Federal Democratic Republic of Ethiopia',	'ETH',	'231',	'yes',	'251',	'.et',	0,	'2022-04-25 17:26:59',	'2022-04-25 11:57:49'),
(72,	'FK',	'Falkland Islands (Malvinas)',	'The Falkland Islands (Malvinas)',	'FLK',	'238',	'no',	'500',	'.fk',	0,	'2022-04-25 17:26:59',	'2022-04-25 11:57:49'),
(73,	'FO',	'Faroe Islands',	'The Faroe Islands',	'FRO',	'234',	'no',	'298',	'.fo',	0,	'2022-04-25 17:26:59',	'2022-04-25 11:57:49'),
(74,	'FJ',	'Fiji',	'Republic of Fiji',	'FJI',	'242',	'yes',	'679',	'.fj',	0,	'2022-04-25 17:26:59',	'2022-04-25 11:57:49'),
(75,	'FI',	'Finland',	'Republic of Finland',	'FIN',	'246',	'yes',	'358',	'.fi',	0,	'2022-04-25 17:26:59',	'2022-04-25 11:57:49'),
(76,	'FR',	'France',	'French Republic',	'FRA',	'250',	'yes',	'33',	'.fr',	0,	'2022-04-25 17:26:59',	'2022-04-25 11:57:49'),
(77,	'GF',	'French Guiana',	'French Guiana',	'GUF',	'254',	'no',	'594',	'.gf',	0,	'2022-04-25 17:26:59',	'2022-04-25 11:57:49'),
(78,	'PF',	'French Polynesia',	'French Polynesia',	'PYF',	'258',	'no',	'689',	'.pf',	0,	'2022-04-25 17:26:59',	'2022-04-25 11:57:49'),
(79,	'TF',	'French Southern Territories',	'French Southern Territories',	'ATF',	'260',	'no',	NULL,	'.tf',	0,	'2022-04-25 17:26:59',	'2022-04-25 11:57:49'),
(80,	'GA',	'Gabon',	'Gabonese Republic',	'GAB',	'266',	'yes',	'241',	'.ga',	0,	'2022-04-25 17:26:59',	'2022-04-25 11:57:49'),
(81,	'GM',	'Gambia',	'Republic of The Gambia',	'GMB',	'270',	'yes',	'220',	'.gm',	0,	'2022-04-25 17:26:59',	'2022-04-25 11:57:49'),
(82,	'GE',	'Georgia',	'Georgia',	'GEO',	'268',	'yes',	'995',	'.ge',	0,	'2022-04-25 17:26:59',	'2022-04-25 11:57:49'),
(83,	'DE',	'Germany',	'Federal Republic of Germany',	'DEU',	'276',	'yes',	'49',	'.de',	0,	'2022-04-25 17:26:59',	'2022-04-25 11:57:49'),
(84,	'GH',	'Ghana',	'Republic of Ghana',	'GHA',	'288',	'yes',	'233',	'.gh',	0,	'2022-04-25 17:26:59',	'2022-04-25 11:57:49'),
(85,	'GI',	'Gibraltar',	'Gibraltar',	'GIB',	'292',	'no',	'350',	'.gi',	0,	'2022-04-25 17:26:59',	'2022-04-25 11:57:49'),
(86,	'GR',	'Greece',	'Hellenic Republic',	'GRC',	'300',	'yes',	'30',	'.gr',	0,	'2022-04-25 17:26:59',	'2022-04-25 11:57:49'),
(87,	'GL',	'Greenland',	'Greenland',	'GRL',	'304',	'no',	'299',	'.gl',	0,	'2022-04-25 17:26:59',	'2022-04-25 11:57:49'),
(88,	'GD',	'Grenada',	'Grenada',	'GRD',	'308',	'yes',	'1+473',	'.gd',	0,	'2022-04-25 17:26:59',	'2022-04-25 11:57:49'),
(89,	'GP',	'Guadaloupe',	'Guadeloupe',	'GLP',	'312',	'no',	'590',	'.gp',	0,	'2022-04-25 17:26:59',	'2022-04-25 11:57:49'),
(90,	'GU',	'Guam',	'Guam',	'GUM',	'316',	'no',	'1+671',	'.gu',	0,	'2022-04-25 17:26:59',	'2022-04-25 11:57:49'),
(91,	'GT',	'Guatemala',	'Republic of Guatemala',	'GTM',	'320',	'yes',	'502',	'.gt',	0,	'2022-04-25 17:26:59',	'2022-04-25 11:57:49'),
(92,	'GG',	'Guernsey',	'Guernsey',	'GGY',	'831',	'no',	'44',	'.gg',	0,	'2022-04-25 17:26:59',	'2022-04-25 11:57:49'),
(93,	'GN',	'Guinea',	'Republic of Guinea',	'GIN',	'324',	'yes',	'224',	'.gn',	0,	'2022-04-25 17:26:59',	'2022-04-25 11:57:49'),
(94,	'GW',	'Guinea-Bissau',	'Republic of Guinea-Bissau',	'GNB',	'624',	'yes',	'245',	'.gw',	0,	'2022-04-25 17:26:59',	'2022-04-25 11:57:49'),
(95,	'GY',	'Guyana',	'Co-operative Republic of Guyana',	'GUY',	'328',	'yes',	'592',	'.gy',	0,	'2022-04-25 17:26:59',	'2022-04-25 11:57:49'),
(96,	'HT',	'Haiti',	'Republic of Haiti',	'HTI',	'332',	'yes',	'509',	'.ht',	0,	'2022-04-25 17:26:59',	'2022-04-25 11:57:49'),
(97,	'HM',	'Heard Island and McDonald Islands',	'Heard Island and McDonald Islands',	'HMD',	'334',	'no',	'NONE',	'.hm',	0,	'2022-04-25 17:26:59',	'2022-04-25 11:57:49'),
(98,	'HN',	'Honduras',	'Republic of Honduras',	'HND',	'340',	'yes',	'504',	'.hn',	0,	'2022-04-25 17:26:59',	'2022-04-25 11:57:49'),
(99,	'HK',	'Hong Kong',	'Hong Kong',	'HKG',	'344',	'no',	'852',	'.hk',	0,	'2022-04-25 17:26:59',	'2022-04-25 11:57:49'),
(100,	'HU',	'Hungary',	'Hungary',	'HUN',	'348',	'yes',	'36',	'.hu',	0,	'2022-04-25 17:26:59',	'2022-04-25 11:57:49'),
(101,	'IS',	'Iceland',	'Republic of Iceland',	'ISL',	'352',	'yes',	'354',	'.is',	0,	'2022-04-25 17:26:59',	'2022-04-25 11:57:49'),
(102,	'IN',	'India',	'Republic of India',	'IND',	'356',	'yes',	'91',	'.in',	0,	'2022-04-25 17:26:59',	'2022-04-25 11:57:49'),
(103,	'ID',	'Indonesia',	'Republic of Indonesia',	'IDN',	'360',	'yes',	'62',	'.id',	0,	'2022-04-25 17:26:59',	'2022-04-25 11:57:49'),
(104,	'IR',	'Iran',	'Islamic Republic of Iran',	'IRN',	'364',	'yes',	'98',	'.ir',	0,	'2022-04-25 17:26:59',	'2022-04-25 11:57:49'),
(105,	'IQ',	'Iraq',	'Republic of Iraq',	'IRQ',	'368',	'yes',	'964',	'.iq',	0,	'2022-04-25 17:26:59',	'2022-04-25 11:57:49'),
(106,	'IE',	'Ireland',	'Ireland',	'IRL',	'372',	'yes',	'353',	'.ie',	1,	'2022-04-25 17:26:59',	'2022-04-27 11:54:48'),
(107,	'IM',	'Isle of Man',	'Isle of Man',	'IMN',	'833',	'no',	'44',	'.im',	0,	'2022-04-25 17:26:59',	'2022-04-25 11:57:49'),
(108,	'IL',	'Israel',	'State of Israel',	'ISR',	'376',	'yes',	'972',	'.il',	0,	'2022-04-25 17:26:59',	'2022-04-25 11:57:49'),
(109,	'IT',	'Italy',	'Italian Republic',	'ITA',	'380',	'yes',	'39',	'.jm',	0,	'2022-04-25 17:26:59',	'2022-04-25 11:57:49'),
(110,	'JM',	'Jamaica',	'Jamaica',	'JAM',	'388',	'yes',	'1+876',	'.jm',	0,	'2022-04-25 17:26:59',	'2022-04-25 11:57:49'),
(111,	'JP',	'Japan',	'Japan',	'JPN',	'392',	'yes',	'81',	'.jp',	0,	'2022-04-25 17:26:59',	'2022-04-25 11:57:49'),
(112,	'JE',	'Jersey',	'The Bailiwick of Jersey',	'JEY',	'832',	'no',	'44',	'.je',	0,	'2022-04-25 17:26:59',	'2022-04-25 11:57:49'),
(113,	'JO',	'Jordan',	'Hashemite Kingdom of Jordan',	'JOR',	'400',	'yes',	'962',	'.jo',	0,	'2022-04-25 17:26:59',	'2022-04-25 11:57:49'),
(114,	'KZ',	'Kazakhstan',	'Republic of Kazakhstan',	'KAZ',	'398',	'yes',	'7',	'.kz',	0,	'2022-04-25 17:26:59',	'2022-04-25 11:57:49'),
(115,	'KE',	'Kenya',	'Republic of Kenya',	'KEN',	'404',	'yes',	'254',	'.ke',	0,	'2022-04-25 17:26:59',	'2022-04-25 11:57:49'),
(116,	'KI',	'Kiribati',	'Republic of Kiribati',	'KIR',	'296',	'yes',	'686',	'.ki',	0,	'2022-04-25 17:26:59',	'2022-04-25 11:57:49'),
(117,	'XK',	'Kosovo',	'Republic of Kosovo',	'---',	'---',	'some',	'381',	'',	0,	'2022-04-25 17:26:59',	'2022-04-25 11:57:49'),
(118,	'KW',	'Kuwait',	'State of Kuwait',	'KWT',	'414',	'yes',	'965',	'.kw',	0,	'2022-04-25 17:26:59',	'2022-04-25 11:57:49'),
(119,	'KG',	'Kyrgyzstan',	'Kyrgyz Republic',	'KGZ',	'417',	'yes',	'996',	'.kg',	0,	'2022-04-25 17:26:59',	'2022-04-25 11:57:49'),
(120,	'LA',	'Laos',	'Lao People\'s Democratic Republic',	'LAO',	'418',	'yes',	'856',	'.la',	0,	'2022-04-25 17:26:59',	'2022-04-25 11:57:49'),
(121,	'LV',	'Latvia',	'Republic of Latvia',	'LVA',	'428',	'yes',	'371',	'.lv',	0,	'2022-04-25 17:26:59',	'2022-04-25 11:57:49'),
(122,	'LB',	'Lebanon',	'Republic of Lebanon',	'LBN',	'422',	'yes',	'961',	'.lb',	0,	'2022-04-25 17:26:59',	'2022-04-25 11:57:49'),
(123,	'LS',	'Lesotho',	'Kingdom of Lesotho',	'LSO',	'426',	'yes',	'266',	'.ls',	0,	'2022-04-25 17:26:59',	'2022-04-25 11:57:49'),
(124,	'LR',	'Liberia',	'Republic of Liberia',	'LBR',	'430',	'yes',	'231',	'.lr',	0,	'2022-04-25 17:26:59',	'2022-04-25 11:57:49'),
(125,	'LY',	'Libya',	'Libya',	'LBY',	'434',	'yes',	'218',	'.ly',	0,	'2022-04-25 17:26:59',	'2022-04-25 11:57:49'),
(126,	'LI',	'Liechtenstein',	'Principality of Liechtenstein',	'LIE',	'438',	'yes',	'423',	'.li',	0,	'2022-04-25 17:26:59',	'2022-04-25 11:57:49'),
(127,	'LT',	'Lithuania',	'Republic of Lithuania',	'LTU',	'440',	'yes',	'370',	'.lt',	0,	'2022-04-25 17:26:59',	'2022-04-25 11:57:49'),
(128,	'LU',	'Luxembourg',	'Grand Duchy of Luxembourg',	'LUX',	'442',	'yes',	'352',	'.lu',	0,	'2022-04-25 17:26:59',	'2022-04-25 11:57:49'),
(129,	'MO',	'Macao',	'The Macao Special Administrative Region',	'MAC',	'446',	'no',	'853',	'.mo',	0,	'2022-04-25 17:26:59',	'2022-04-25 11:57:49'),
(130,	'MK',	'Macedonia',	'The Former Yugoslav Republic of Macedonia',	'MKD',	'807',	'yes',	'389',	'.mk',	0,	'2022-04-25 17:26:59',	'2022-04-25 11:57:49'),
(131,	'MG',	'Madagascar',	'Republic of Madagascar',	'MDG',	'450',	'yes',	'261',	'.mg',	0,	'2022-04-25 17:26:59',	'2022-04-25 11:57:49'),
(132,	'MW',	'Malawi',	'Republic of Malawi',	'MWI',	'454',	'yes',	'265',	'.mw',	0,	'2022-04-25 17:26:59',	'2022-04-25 11:57:49'),
(133,	'MY',	'Malaysia',	'Malaysia',	'MYS',	'458',	'yes',	'60',	'.my',	0,	'2022-04-25 17:26:59',	'2022-04-25 11:57:49'),
(134,	'MV',	'Maldives',	'Republic of Maldives',	'MDV',	'462',	'yes',	'960',	'.mv',	0,	'2022-04-25 17:26:59',	'2022-04-25 11:57:49'),
(135,	'ML',	'Mali',	'Republic of Mali',	'MLI',	'466',	'yes',	'223',	'.ml',	0,	'2022-04-25 17:26:59',	'2022-04-25 11:57:49'),
(136,	'MT',	'Malta',	'Republic of Malta',	'MLT',	'470',	'yes',	'356',	'.mt',	0,	'2022-04-25 17:26:59',	'2022-04-25 11:57:49'),
(137,	'MH',	'Marshall Islands',	'Republic of the Marshall Islands',	'MHL',	'584',	'yes',	'692',	'.mh',	0,	'2022-04-25 17:26:59',	'2022-04-25 11:57:49'),
(138,	'MQ',	'Martinique',	'Martinique',	'MTQ',	'474',	'no',	'596',	'.mq',	0,	'2022-04-25 17:26:59',	'2022-04-25 11:57:49'),
(139,	'MR',	'Mauritania',	'Islamic Republic of Mauritania',	'MRT',	'478',	'yes',	'222',	'.mr',	0,	'2022-04-25 17:26:59',	'2022-04-25 11:57:49'),
(140,	'MU',	'Mauritius',	'Republic of Mauritius',	'MUS',	'480',	'yes',	'230',	'.mu',	0,	'2022-04-25 17:26:59',	'2022-04-25 11:57:49'),
(141,	'YT',	'Mayotte',	'Mayotte',	'MYT',	'175',	'no',	'262',	'.yt',	0,	'2022-04-25 17:26:59',	'2022-04-25 11:57:49'),
(142,	'MX',	'Mexico',	'United Mexican States',	'MEX',	'484',	'yes',	'52',	'.mx',	0,	'2022-04-25 17:26:59',	'2022-04-25 11:57:49'),
(143,	'FM',	'Micronesia',	'Federated States of Micronesia',	'FSM',	'583',	'yes',	'691',	'.fm',	0,	'2022-04-25 17:26:59',	'2022-04-25 11:57:49'),
(144,	'MD',	'Moldava',	'Republic of Moldova',	'MDA',	'498',	'yes',	'373',	'.md',	0,	'2022-04-25 17:26:59',	'2022-04-25 11:57:49'),
(145,	'MC',	'Monaco',	'Principality of Monaco',	'MCO',	'492',	'yes',	'377',	'.mc',	0,	'2022-04-25 17:26:59',	'2022-04-25 11:57:49'),
(146,	'MN',	'Mongolia',	'Mongolia',	'MNG',	'496',	'yes',	'976',	'.mn',	0,	'2022-04-25 17:26:59',	'2022-04-25 11:57:49'),
(147,	'ME',	'Montenegro',	'Montenegro',	'MNE',	'499',	'yes',	'382',	'.me',	0,	'2022-04-25 17:26:59',	'2022-04-25 11:57:49'),
(148,	'MS',	'Montserrat',	'Montserrat',	'MSR',	'500',	'no',	'1+664',	'.ms',	0,	'2022-04-25 17:26:59',	'2022-04-25 11:57:49'),
(149,	'MA',	'Morocco',	'Kingdom of Morocco',	'MAR',	'504',	'yes',	'212',	'.ma',	0,	'2022-04-25 17:26:59',	'2022-04-25 11:57:49'),
(150,	'MZ',	'Mozambique',	'Republic of Mozambique',	'MOZ',	'508',	'yes',	'258',	'.mz',	0,	'2022-04-25 17:26:59',	'2022-04-25 11:57:49'),
(151,	'MM',	'Myanmar (Burma)',	'Republic of the Union of Myanmar',	'MMR',	'104',	'yes',	'95',	'.mm',	0,	'2022-04-25 17:26:59',	'2022-04-25 11:57:49'),
(152,	'NA',	'Namibia',	'Republic of Namibia',	'NAM',	'516',	'yes',	'264',	'.na',	0,	'2022-04-25 17:26:59',	'2022-04-25 11:57:49'),
(153,	'NR',	'Nauru',	'Republic of Nauru',	'NRU',	'520',	'yes',	'674',	'.nr',	0,	'2022-04-25 17:26:59',	'2022-04-25 11:57:49'),
(154,	'NP',	'Nepal',	'Federal Democratic Republic of Nepal',	'NPL',	'524',	'yes',	'977',	'.np',	0,	'2022-04-25 17:26:59',	'2022-04-25 11:57:49'),
(155,	'NL',	'Netherlands',	'Kingdom of the Netherlands',	'NLD',	'528',	'yes',	'31',	'.nl',	0,	'2022-04-25 17:26:59',	'2022-04-25 11:57:49'),
(156,	'NC',	'New Caledonia',	'New Caledonia',	'NCL',	'540',	'no',	'687',	'.nc',	0,	'2022-04-25 17:26:59',	'2022-04-25 11:57:49'),
(157,	'NZ',	'New Zealand',	'New Zealand',	'NZL',	'554',	'yes',	'64',	'.nz',	0,	'2022-04-25 17:26:59',	'2022-04-25 11:57:49'),
(158,	'NI',	'Nicaragua',	'Republic of Nicaragua',	'NIC',	'558',	'yes',	'505',	'.ni',	0,	'2022-04-25 17:26:59',	'2022-04-25 11:57:49'),
(159,	'NE',	'Niger',	'Republic of Niger',	'NER',	'562',	'yes',	'227',	'.ne',	0,	'2022-04-25 17:26:59',	'2022-04-25 11:57:49'),
(160,	'NG',	'Nigeria',	'Federal Republic of Nigeria',	'NGA',	'566',	'yes',	'234',	'.ng',	0,	'2022-04-25 17:26:59',	'2022-04-25 11:57:49'),
(161,	'NU',	'Niue',	'Niue',	'NIU',	'570',	'some',	'683',	'.nu',	0,	'2022-04-25 17:26:59',	'2022-04-25 11:57:49'),
(162,	'NF',	'Norfolk Island',	'Norfolk Island',	'NFK',	'574',	'no',	'672',	'.nf',	0,	'2022-04-25 17:26:59',	'2022-04-25 11:57:49'),
(163,	'KP',	'North Korea',	'Democratic People\'s Republic of Korea',	'PRK',	'408',	'yes',	'850',	'.kp',	0,	'2022-04-25 17:26:59',	'2022-04-25 11:57:49'),
(164,	'MP',	'Northern Mariana Islands',	'Northern Mariana Islands',	'MNP',	'580',	'no',	'1+670',	'.mp',	0,	'2022-04-25 17:26:59',	'2022-04-25 11:57:49'),
(165,	'NO',	'Norway',	'Kingdom of Norway',	'NOR',	'578',	'yes',	'47',	'.no',	0,	'2022-04-25 17:26:59',	'2022-04-25 11:57:49'),
(166,	'OM',	'Oman',	'Sultanate of Oman',	'OMN',	'512',	'yes',	'968',	'.om',	0,	'2022-04-25 17:26:59',	'2022-04-25 11:57:49'),
(167,	'PK',	'Pakistan',	'Islamic Republic of Pakistan',	'PAK',	'586',	'yes',	'92',	'.pk',	0,	'2022-04-25 17:26:59',	'2022-04-25 11:57:49'),
(168,	'PW',	'Palau',	'Republic of Palau',	'PLW',	'585',	'yes',	'680',	'.pw',	0,	'2022-04-25 17:26:59',	'2022-04-25 11:57:49'),
(169,	'PS',	'Palestine',	'State of Palestine (or Occupied Palestinian Territory)',	'PSE',	'275',	'some',	'970',	'.ps',	0,	'2022-04-25 17:26:59',	'2022-04-25 11:57:49'),
(170,	'PA',	'Panama',	'Republic of Panama',	'PAN',	'591',	'yes',	'507',	'.pa',	0,	'2022-04-25 17:26:59',	'2022-04-25 11:57:49'),
(171,	'PG',	'Papua New Guinea',	'Independent State of Papua New Guinea',	'PNG',	'598',	'yes',	'675',	'.pg',	0,	'2022-04-25 17:26:59',	'2022-04-25 11:57:49'),
(172,	'PY',	'Paraguay',	'Republic of Paraguay',	'PRY',	'600',	'yes',	'595',	'.py',	0,	'2022-04-25 17:26:59',	'2022-04-25 11:57:49'),
(173,	'PE',	'Peru',	'Republic of Peru',	'PER',	'604',	'yes',	'51',	'.pe',	0,	'2022-04-25 17:26:59',	'2022-04-25 11:57:49'),
(174,	'PH',	'Phillipines',	'Republic of the Philippines',	'PHL',	'608',	'yes',	'63',	'.ph',	0,	'2022-04-25 17:26:59',	'2022-04-25 11:57:49'),
(175,	'PN',	'Pitcairn',	'Pitcairn',	'PCN',	'612',	'no',	'NONE',	'.pn',	0,	'2022-04-25 17:26:59',	'2022-04-25 11:57:49'),
(176,	'PL',	'Poland',	'Republic of Poland',	'POL',	'616',	'yes',	'48',	'.pl',	0,	'2022-04-25 17:26:59',	'2022-04-25 11:57:49'),
(177,	'PT',	'Portugal',	'Portuguese Republic',	'PRT',	'620',	'yes',	'351',	'.pt',	0,	'2022-04-25 17:26:59',	'2022-04-25 11:57:49'),
(178,	'PR',	'Puerto Rico',	'Commonwealth of Puerto Rico',	'PRI',	'630',	'no',	'1+939',	'.pr',	0,	'2022-04-25 17:26:59',	'2022-04-25 11:57:49'),
(179,	'QA',	'Qatar',	'State of Qatar',	'QAT',	'634',	'yes',	'974',	'.qa',	0,	'2022-04-25 17:26:59',	'2022-04-25 11:57:49'),
(180,	'RE',	'Reunion',	'R&eacute;union',	'REU',	'638',	'no',	'262',	'.re',	0,	'2022-04-25 17:26:59',	'2022-04-25 11:57:49'),
(181,	'RO',	'Romania',	'Romania',	'ROU',	'642',	'yes',	'40',	'.ro',	0,	'2022-04-25 17:26:59',	'2022-04-25 11:57:49'),
(182,	'RU',	'Russia',	'Russian Federation',	'RUS',	'643',	'yes',	'7',	'.ru',	0,	'2022-04-25 17:26:59',	'2022-04-25 11:57:49'),
(183,	'RW',	'Rwanda',	'Republic of Rwanda',	'RWA',	'646',	'yes',	'250',	'.rw',	0,	'2022-04-25 17:26:59',	'2022-04-25 11:57:49'),
(184,	'BL',	'Saint Barthelemy',	'Saint Barth&eacute;lemy',	'BLM',	'652',	'no',	'590',	'.bl',	0,	'2022-04-25 17:26:59',	'2022-04-25 11:57:49'),
(185,	'SH',	'Saint Helena',	'Saint Helena, Ascension and Tristan da Cunha',	'SHN',	'654',	'no',	'290',	'.sh',	0,	'2022-04-25 17:26:59',	'2022-04-25 11:57:49'),
(186,	'KN',	'Saint Kitts and Nevis',	'Federation of Saint Christopher and Nevis',	'KNA',	'659',	'yes',	'1+869',	'.kn',	0,	'2022-04-25 17:26:59',	'2022-04-25 11:57:49'),
(187,	'LC',	'Saint Lucia',	'Saint Lucia',	'LCA',	'662',	'yes',	'1+758',	'.lc',	0,	'2022-04-25 17:26:59',	'2022-04-25 11:57:49'),
(188,	'MF',	'Saint Martin',	'Saint Martin',	'MAF',	'663',	'no',	'590',	'.mf',	0,	'2022-04-25 17:26:59',	'2022-04-25 11:57:49'),
(189,	'PM',	'Saint Pierre and Miquelon',	'Saint Pierre and Miquelon',	'SPM',	'666',	'no',	'508',	'.pm',	0,	'2022-04-25 17:26:59',	'2022-04-25 11:57:49'),
(190,	'VC',	'Saint Vincent and the Grenadines',	'Saint Vincent and the Grenadines',	'VCT',	'670',	'yes',	'1+784',	'.vc',	0,	'2022-04-25 17:26:59',	'2022-04-25 11:57:49'),
(191,	'WS',	'Samoa',	'Independent State of Samoa',	'WSM',	'882',	'yes',	'685',	'.ws',	0,	'2022-04-25 17:26:59',	'2022-04-25 11:57:49'),
(192,	'SM',	'San Marino',	'Republic of San Marino',	'SMR',	'674',	'yes',	'378',	'.sm',	0,	'2022-04-25 17:26:59',	'2022-04-25 11:57:49'),
(193,	'ST',	'Sao Tome and Principe',	'Democratic Republic of S&atilde;o Tom&eacute; and Pr&iacute;ncipe',	'STP',	'678',	'yes',	'239',	'.st',	0,	'2022-04-25 17:26:59',	'2022-04-25 11:57:49'),
(194,	'SA',	'Saudi Arabia',	'Kingdom of Saudi Arabia',	'SAU',	'682',	'yes',	'966',	'.sa',	0,	'2022-04-25 17:26:59',	'2022-04-25 11:57:49'),
(195,	'SN',	'Senegal',	'Republic of Senegal',	'SEN',	'686',	'yes',	'221',	'.sn',	0,	'2022-04-25 17:26:59',	'2022-04-25 11:57:49'),
(196,	'RS',	'Serbia',	'Republic of Serbia',	'SRB',	'688',	'yes',	'381',	'.rs',	0,	'2022-04-25 17:26:59',	'2022-04-25 11:57:49'),
(197,	'SC',	'Seychelles',	'Republic of Seychelles',	'SYC',	'690',	'yes',	'248',	'.sc',	0,	'2022-04-25 17:26:59',	'2022-04-25 11:57:49'),
(198,	'SL',	'Sierra Leone',	'Republic of Sierra Leone',	'SLE',	'694',	'yes',	'232',	'.sl',	0,	'2022-04-25 17:26:59',	'2022-04-25 11:57:49'),
(199,	'SG',	'Singapore',	'Republic of Singapore',	'SGP',	'702',	'yes',	'65',	'.sg',	0,	'2022-04-25 17:26:59',	'2022-04-25 11:57:49'),
(200,	'SX',	'Sint Maarten',	'Sint Maarten',	'SXM',	'534',	'no',	'1+721',	'.sx',	0,	'2022-04-25 17:26:59',	'2022-04-25 11:57:49'),
(201,	'SK',	'Slovakia',	'Slovak Republic',	'SVK',	'703',	'yes',	'421',	'.sk',	0,	'2022-04-25 17:26:59',	'2022-04-25 11:57:49'),
(202,	'SI',	'Slovenia',	'Republic of Slovenia',	'SVN',	'705',	'yes',	'386',	'.si',	0,	'2022-04-25 17:26:59',	'2022-04-25 11:57:49'),
(203,	'SB',	'Solomon Islands',	'Solomon Islands',	'SLB',	'090',	'yes',	'677',	'.sb',	0,	'2022-04-25 17:26:59',	'2022-04-25 11:57:49'),
(204,	'SO',	'Somalia',	'Somali Republic',	'SOM',	'706',	'yes',	'252',	'.so',	0,	'2022-04-25 17:26:59',	'2022-04-25 11:57:49'),
(205,	'ZA',	'South Africa',	'Republic of South Africa',	'ZAF',	'710',	'yes',	'27',	'.za',	0,	'2022-04-25 17:26:59',	'2022-04-25 11:57:49'),
(206,	'GS',	'South Georgia and the South Sandwich Islands',	'South Georgia and the South Sandwich Islands',	'SGS',	'239',	'no',	'500',	'.gs',	0,	'2022-04-25 17:26:59',	'2022-04-25 11:57:49'),
(207,	'KR',	'South Korea',	'Republic of Korea',	'KOR',	'410',	'yes',	'82',	'.kr',	0,	'2022-04-25 17:26:59',	'2022-04-25 11:57:49'),
(208,	'SS',	'South Sudan',	'Republic of South Sudan',	'SSD',	'728',	'yes',	'211',	'.ss',	0,	'2022-04-25 17:26:59',	'2022-04-25 11:57:49'),
(209,	'ES',	'Spain',	'Kingdom of Spain',	'ESP',	'724',	'yes',	'34',	'.es',	0,	'2022-04-25 17:26:59',	'2022-04-25 11:57:49'),
(210,	'LK',	'Sri Lanka',	'Democratic Socialist Republic of Sri Lanka',	'LKA',	'144',	'yes',	'94',	'.lk',	0,	'2022-04-25 17:26:59',	'2022-04-25 11:57:49'),
(211,	'SD',	'Sudan',	'Republic of the Sudan',	'SDN',	'729',	'yes',	'249',	'.sd',	0,	'2022-04-25 17:26:59',	'2022-04-25 11:57:49'),
(212,	'SR',	'Suriname',	'Republic of Suriname',	'SUR',	'740',	'yes',	'597',	'.sr',	0,	'2022-04-25 17:26:59',	'2022-04-25 11:57:49'),
(213,	'SJ',	'Svalbard and Jan Mayen',	'Svalbard and Jan Mayen',	'SJM',	'744',	'no',	'47',	'.sj',	0,	'2022-04-25 17:26:59',	'2022-04-25 11:57:49'),
(214,	'SZ',	'Swaziland',	'Kingdom of Swaziland',	'SWZ',	'748',	'yes',	'268',	'.sz',	0,	'2022-04-25 17:26:59',	'2022-04-25 11:57:49'),
(215,	'SE',	'Sweden',	'Kingdom of Sweden',	'SWE',	'752',	'yes',	'46',	'.se',	0,	'2022-04-25 17:26:59',	'2022-04-25 11:57:49'),
(216,	'CH',	'Switzerland',	'Swiss Confederation',	'CHE',	'756',	'yes',	'41',	'.ch',	0,	'2022-04-25 17:26:59',	'2022-04-25 11:57:49'),
(217,	'SY',	'Syria',	'Syrian Arab Republic',	'SYR',	'760',	'yes',	'963',	'.sy',	0,	'2022-04-25 17:26:59',	'2022-04-25 11:57:49'),
(218,	'TW',	'Taiwan',	'Republic of China (Taiwan)',	'TWN',	'158',	'former',	'886',	'.tw',	0,	'2022-04-25 17:26:59',	'2022-04-25 11:57:49'),
(219,	'TJ',	'Tajikistan',	'Republic of Tajikistan',	'TJK',	'762',	'yes',	'992',	'.tj',	0,	'2022-04-25 17:26:59',	'2022-04-25 11:57:49'),
(220,	'TZ',	'Tanzania',	'United Republic of Tanzania',	'TZA',	'834',	'yes',	'255',	'.tz',	0,	'2022-04-25 17:26:59',	'2022-04-25 11:57:49'),
(221,	'TH',	'Thailand',	'Kingdom of Thailand',	'THA',	'764',	'yes',	'66',	'.th',	0,	'2022-04-25 17:26:59',	'2022-04-27 11:34:01'),
(222,	'TL',	'Timor-Leste (East Timor)',	'Democratic Republic of Timor-Leste',	'TLS',	'626',	'yes',	'670',	'.tl',	0,	'2022-04-25 17:26:59',	'2022-04-25 11:57:49'),
(223,	'TG',	'Togo',	'Togolese Republic',	'TGO',	'768',	'yes',	'228',	'.tg',	0,	'2022-04-25 17:26:59',	'2022-04-25 11:57:49'),
(224,	'TK',	'Tokelau',	'Tokelau',	'TKL',	'772',	'no',	'690',	'.tk',	0,	'2022-04-25 17:26:59',	'2022-04-25 11:57:49'),
(225,	'TO',	'Tonga',	'Kingdom of Tonga',	'TON',	'776',	'yes',	'676',	'.to',	0,	'2022-04-25 17:26:59',	'2022-04-25 11:57:49'),
(226,	'TT',	'Trinidad and Tobago',	'Republic of Trinidad and Tobago',	'TTO',	'780',	'yes',	'1+868',	'.tt',	0,	'2022-04-25 17:26:59',	'2022-04-25 11:57:49'),
(227,	'TN',	'Tunisia',	'Republic of Tunisia',	'TUN',	'788',	'yes',	'216',	'.tn',	0,	'2022-04-25 17:26:59',	'2022-04-25 11:57:49'),
(228,	'TR',	'Turkey',	'Republic of Turkey',	'TUR',	'792',	'yes',	'90',	'.tr',	0,	'2022-04-25 17:26:59',	'2022-04-25 11:57:49'),
(229,	'TM',	'Turkmenistan',	'Turkmenistan',	'TKM',	'795',	'yes',	'993',	'.tm',	0,	'2022-04-25 17:26:59',	'2022-04-25 11:57:49'),
(230,	'TC',	'Turks and Caicos Islands',	'Turks and Caicos Islands',	'TCA',	'796',	'no',	'1+649',	'.tc',	0,	'2022-04-25 17:26:59',	'2022-04-25 11:57:49'),
(231,	'TV',	'Tuvalu',	'Tuvalu',	'TUV',	'798',	'yes',	'688',	'.tv',	0,	'2022-04-25 17:26:59',	'2022-04-25 11:57:49'),
(232,	'UG',	'Uganda',	'Republic of Uganda',	'UGA',	'800',	'yes',	'256',	'.ug',	0,	'2022-04-25 17:26:59',	'2022-04-25 11:57:49'),
(233,	'UA',	'Ukraine',	'Ukraine',	'UKR',	'804',	'yes',	'380',	'.ua',	0,	'2022-04-25 17:26:59',	'2022-04-25 11:57:49'),
(234,	'AE',	'United Arab Emirates',	'United Arab Emirates',	'ARE',	'784',	'yes',	'971',	'.ae',	0,	'2022-04-25 17:26:59',	'2022-04-25 11:57:49'),
(235,	'GB',	'United Kingdom',	'United Kingdom of Great Britain and Nothern Ireland',	'GBR',	'826',	'yes',	'44',	'.uk',	1,	'2022-04-25 17:26:59',	'2022-04-27 11:36:08'),
(236,	'US',	'United States',	'United States of America',	'USA',	'840',	'yes',	'1',	'.us',	0,	'2022-04-25 17:26:59',	'2022-04-29 07:07:27'),
(237,	'UM',	'United States Minor Outlying Islands',	'United States Minor Outlying Islands',	'UMI',	'581',	'no',	'NONE',	'NONE',	0,	'2022-04-25 17:26:59',	'2022-04-25 11:57:49'),
(238,	'UY',	'Uruguay',	'Eastern Republic of Uruguay',	'URY',	'858',	'yes',	'598',	'.uy',	0,	'2022-04-25 17:26:59',	'2022-04-25 11:57:49'),
(239,	'UZ',	'Uzbekistan',	'Republic of Uzbekistan',	'UZB',	'860',	'yes',	'998',	'.uz',	0,	'2022-04-25 17:26:59',	'2022-04-25 11:57:49'),
(240,	'VU',	'Vanuatu',	'Republic of Vanuatu',	'VUT',	'548',	'yes',	'678',	'.vu',	0,	'2022-04-25 17:26:59',	'2022-04-25 11:57:49'),
(241,	'VA',	'Vatican City',	'State of the Vatican City',	'VAT',	'336',	'no',	'39',	'.va',	0,	'2022-04-25 17:26:59',	'2022-04-25 11:57:49'),
(242,	'VE',	'Venezuela',	'Bolivarian Republic of Venezuela',	'VEN',	'862',	'yes',	'58',	'.ve',	0,	'2022-04-25 17:26:59',	'2022-04-25 11:57:49'),
(243,	'VN',	'Vietnam',	'Socialist Republic of Vietnam',	'VNM',	'704',	'yes',	'84',	'.vn',	0,	'2022-04-25 17:26:59',	'2022-04-25 11:57:49'),
(244,	'VG',	'Virgin Islands, British',	'British Virgin Islands',	'VGB',	'092',	'no',	'1+284',	'.vg',	0,	'2022-04-25 17:26:59',	'2022-04-25 11:57:49'),
(245,	'VI',	'Virgin Islands, US',	'Virgin Islands of the United States',	'VIR',	'850',	'no',	'1+340',	'.vi',	0,	'2022-04-25 17:26:59',	'2022-04-25 11:57:49'),
(246,	'WF',	'Wallis and Futuna',	'Wallis and Futuna',	'WLF',	'876',	'no',	'681',	'.wf',	0,	'2022-04-25 17:26:59',	'2022-04-25 11:57:49'),
(247,	'EH',	'Western Sahara',	'Western Sahara',	'ESH',	'732',	'no',	'212',	'.eh',	0,	'2022-04-25 17:26:59',	'2022-04-25 11:57:49'),
(248,	'YE',	'Yemen',	'Republic of Yemen',	'YEM',	'887',	'yes',	'967',	'.ye',	0,	'2022-04-25 17:26:59',	'2022-04-25 11:57:49'),
(249,	'ZM',	'Zambia',	'Republic of Zambia',	'ZMB',	'894',	'yes',	'260',	'.zm',	0,	'2022-04-25 17:26:59',	'2022-04-25 11:57:49'),
(250,	'ZW',	'Zimbabwe',	'Republic of Zimbabwe',	'ZWE',	'716',	'yes',	'263',	'.zw',	0,	'2022-04-25 17:26:59',	'2022-04-25 11:59:16'),
(252,	NULL,	'Northern Ireland',	'',	NULL,	NULL,	NULL,	'44',	NULL,	1,	'2022-04-27 17:07:23',	'2022-04-28 11:00:52');

CREATE TABLE `email_logs` (
  `id` int(11) NOT NULL AUTO_INCREMENT,
  `slug` varchar(100) DEFAULT NULL,
  `subject` varchar(255) NOT NULL,
  `description` text NOT NULL,
  `from` varchar(100) NOT NULL,
  `to` text NOT NULL,
  `cc` text DEFAULT NULL,
  `bcc` text DEFAULT NULL,
  `sent` tinyint(1) NOT NULL DEFAULT 0,
  `open` tinyint(1) NOT NULL DEFAULT 0,
  `created` datetime NOT NULL,
  `modified` timestamp NOT NULL DEFAULT current_timestamp() ON UPDATE current_timestamp(),
  PRIMARY KEY (`id`)
) ENGINE=InnoDB DEFAULT CHARSET=utf8;

INSERT INTO `email_logs` (`id`, `slug`, `subject`, `description`, `from`, `to`, `cc`, `bcc`, `sent`, `open`, `created`, `modified`) VALUES
(1,	'customer-admin-registration',	'Registration Successful.',	'<p>Dear Jatin&nbsp;Gandhi<br />\r\n<br />\r\nYou account has been registered on Sidhi Vinayak. Please use the below credentails for login.<br />\r\n<br />\r\n<a href=\"http://localhost/laravel/fellowship/public\" target=\"_blank\">http://localhost/laravel/fellowship/public</a><br />\r\nEmail: rakesh.globiztechnology@gmail.com<br />\r\n<br />\r\nThanks</p>',	'info@example.com',	'rakesh.globiztechnology@gmail.com',	NULL,	NULL,	0,	0,	'2022-09-10 14:02:10',	'2022-09-10 08:32:10'),
(2,	'customer-admin-registration',	'Registration Successful.',	'<p>Dear Rakesh&nbsp;Kumar<br />\r\n<br />\r\nYou account has been registered on Sidhi Vinayak. Please use the below credentails for login.<br />\r\n<br />\r\n<a href=\"http://localhost/laravel/fellowship/public\" target=\"_blank\">http://localhost/laravel/fellowship/public</a><br />\r\nEmail: rakesh.globiztechnology@gmail.com<br />\r\n<br />\r\nThanks</p>',	'info@example.com',	'rakesh.globiztechnology@gmail.com',	NULL,	NULL,	0,	0,	'2022-09-10 14:02:42',	'2022-09-10 08:32:42'),
(3,	'customer-admin-registration',	'Registration Successful.',	'<p>Dear Rakesh&nbsp;Kumar<br />\r\n<br />\r\nYou account has been registered on Sidhi Vinayak. Please use the below credentails for login.<br />\r\n<br />\r\n<a href=\"http://localhost/laravel/fellowship/public\" target=\"_blank\">http://localhost/laravel/fellowship/public</a><br />\r\nEmail: rakesh.globiztechnology@gmail.com<br />\r\n<br />\r\nThanks</p>',	'info@example.com',	'rakesh.globiztechnology@gmail.com',	NULL,	NULL,	0,	0,	'2022-09-10 14:07:32',	'2022-09-10 08:37:32'),
(4,	'customer-admin-registration',	'Registration Successful.',	'<p>Dear Shellie&nbsp;Lowery<br />\r\n<br />\r\nYou account has been registered on Sidhi Vinayak. Please use the below credentails for login.<br />\r\n<br />\r\n<a href=\"http://localhost/laravel/fellowship/public\" target=\"_blank\">http://localhost/laravel/fellowship/public</a><br />\r\nEmail: rakesh.globiztechnology@gmail.com<br />\r\n<br />\r\nThanks</p>',	'info@example.com',	'rakesh.globiztechnology@gmail.com',	NULL,	NULL,	0,	0,	'2022-09-10 15:07:37',	'2022-09-10 09:37:37'),
(5,	'customer-admin-registration',	'Registration Successful.',	'<p>Dear Alma&nbsp;Wiggins<br />\r\n<br />\r\nYou account has been registered on Sidhi Vinayak. Please use the below credentails for login.<br />\r\n<br />\r\n<a href=\"http://localhost/laravel/fellowship/public\" target=\"_blank\">http://localhost/laravel/fellowship/public</a><br />\r\nEmail: rakesh.globiztechnology@gmail.com<br />\r\n<br />\r\nThanks</p>',	'info@example.com',	'rakesh.globiztechnology@gmail.com',	NULL,	NULL,	0,	0,	'2022-09-10 16:01:21',	'2022-09-10 10:31:21'),
(6,	'customer-admin-registration',	'Registration Successful.',	'<p>Dear Conan&nbsp;Martinez<br />\r\n<br />\r\nYou account has been registered on Sidhi Vinayak. Please use the below credentails for login.<br />\r\n<br />\r\n<a href=\"http://localhost/laravel/fellowship/public\" target=\"_blank\">http://localhost/laravel/fellowship/public</a><br />\r\nEmail: rakesh.globiztechnology@gmail.com<br />\r\n<br />\r\nThanks</p>',	'info@example.com',	'rakesh.globiztechnology@gmail.com',	NULL,	NULL,	0,	0,	'2022-09-10 16:06:17',	'2022-09-10 10:36:17'),
(7,	'customer-admin-registration',	'Registration Successful.',	'<p>Dear Pascale&nbsp;Graves<br />\r\n<br />\r\nYou account has been registered on Sidhi Vinayak. Please use the below credentails for login.<br />\r\n<br />\r\n<a href=\"http://localhost/laravel/fellowship/public\" target=\"_blank\">http://localhost/laravel/fellowship/public</a><br />\r\nEmail: rakesh.globiztechnology@gmail.com<br />\r\n<br />\r\nThanks</p>',	'info@example.com',	'rakesh.globiztechnology@gmail.com',	NULL,	NULL,	0,	0,	'2022-09-10 16:12:36',	'2022-09-10 10:42:36'),
(8,	'customer-admin-registration',	'Registration Successful.',	'<p>Dear Iola&nbsp;Holcomb<br />\r\n<br />\r\nYou account has been registered on Sidhi Vinayak. Please use the below credentails for login.<br />\r\n<br />\r\n<a href=\"http://localhost/laravel/fellowship/public\" target=\"_blank\">http://localhost/laravel/fellowship/public</a><br />\r\nEmail: rakesh.globiztechnology@gmail.com<br />\r\n<br />\r\nThanks</p>',	'info@example.com',	'rakesh.globiztechnology@gmail.com',	NULL,	NULL,	0,	0,	'2022-09-10 16:24:51',	'2022-09-10 10:54:51'),
(9,	'customer-admin-registration',	'Registration Successful.',	'<p>Dear Isabelle&nbsp;Lamb<br />\r\n<br />\r\nYou account has been registered on Sidhi Vinayak. Please use the below credentails for login.<br />\r\n<br />\r\n<a href=\"http://localhost/laravel/fellowship/public\" target=\"_blank\">http://localhost/laravel/fellowship/public</a><br />\r\nEmail: rakesh.globiztechnology@gmail.com<br />\r\n<br />\r\nThanks</p>',	'info@example.com',	'rakesh.globiztechnology@gmail.com',	NULL,	NULL,	0,	0,	'2022-09-10 16:45:45',	'2022-09-10 11:15:45'),
(10,	'customer-admin-registration',	'Registration Successful.',	'<p>Dear Isabelle&nbsp;Lamb<br />\r\n<br />\r\nYou account has been registered on Sidhi Vinayak. Please use the below credentails for login.<br />\r\n<br />\r\n<a href=\"http://localhost/laravel/fellowship/public\" target=\"_blank\">http://localhost/laravel/fellowship/public</a><br />\r\nEmail: rakesh.globiztechnology@gmail.com<br />\r\n<br />\r\nThanks</p>',	'info@example.com',	'rakesh.globiztechnology@gmail.com',	NULL,	NULL,	0,	0,	'2022-09-12 12:03:06',	'2022-09-12 06:33:06'),
(11,	'customer-admin-registration',	'Registration Successful.',	'<p>Dear Isabelle&nbsp;Lamb<br />\r\n<br />\r\nYou account has been registered on Sidhi Vinayak. Please use the below credentails for login.<br />\r\n<br />\r\n<a href=\"http://localhost/laravel/fellowship/public\" target=\"_blank\">http://localhost/laravel/fellowship/public</a><br />\r\nEmail: rakesh.globiztechnology@gmail.com<br />\r\n<br />\r\nThanks</p>',	'info@example.com',	'rakesh.globiztechnology@gmail.com',	NULL,	NULL,	0,	0,	'2022-09-12 12:03:35',	'2022-09-12 06:33:35'),
(12,	'customer-admin-registration',	'Registration Successful.',	'<p>Dear Isabelle&nbsp;Lamb<br />\r\n<br />\r\nYou account has been registered on Sidhi Vinayak. Please use the below credentails for login.<br />\r\n<br />\r\n<a href=\"http://localhost/laravel/fellowship/public\" target=\"_blank\">http://localhost/laravel/fellowship/public</a><br />\r\nEmail: rakesh.globiztechnology@gmail.com<br />\r\n<br />\r\nThanks</p>',	'info@example.com',	'rakesh.globiztechnology@gmail.com',	NULL,	NULL,	0,	0,	'2022-09-12 12:03:45',	'2022-09-12 06:33:45'),
(13,	'customer-admin-registration',	'Registration Successful.',	'<p>Dear Isabelle&nbsp;Lamb<br />\r\n<br />\r\nYou account has been registered on Sidhi Vinayak. Please use the below credentails for login.<br />\r\n<br />\r\n<a href=\"http://localhost/laravel/fellowship/public\" target=\"_blank\">http://localhost/laravel/fellowship/public</a><br />\r\nEmail: rakesh.globiztechnology@gmail.com<br />\r\n<br />\r\nThanks</p>',	'info@example.com',	'rakesh.globiztechnology@gmail.com',	NULL,	NULL,	0,	0,	'2022-09-12 12:04:08',	'2022-09-12 06:34:08'),
(14,	'customer-admin-registration',	'Registration Successful.',	'<p>Dear Isabelle&nbsp;Lamb<br />\r\n<br />\r\nYou account has been registered on Sidhi Vinayak. Please use the below credentails for login.<br />\r\n<br />\r\n<a href=\"http://localhost/laravel/fellowship/public\" target=\"_blank\">http://localhost/laravel/fellowship/public</a><br />\r\nEmail: rakesh.globiztechnology@gmail.com<br />\r\n<br />\r\nThanks</p>',	'info@example.com',	'rakesh.globiztechnology@gmail.com',	NULL,	NULL,	0,	0,	'2022-09-12 12:04:52',	'2022-09-12 06:34:52'),
(15,	'customer-admin-registration',	'Registration Successful.',	'<p>Dear Isabelle&nbsp;Lamb<br />\r\n<br />\r\nYou account has been registered on Sidhi Vinayak. Please use the below credentails for login.<br />\r\n<br />\r\n<a href=\"http://localhost/laravel/fellowship/public\" target=\"_blank\">http://localhost/laravel/fellowship/public</a><br />\r\nEmail: rakesh.globiztechnology@gmail.com<br />\r\n<br />\r\nThanks</p>',	'info@example.com',	'rakesh.globiztechnology@gmail.com',	NULL,	NULL,	0,	0,	'2022-09-12 12:05:52',	'2022-09-12 06:35:52'),
(16,	'customer-admin-registration',	'Registration Successful.',	'<p>Dear Isabelle&nbsp;Lamb<br />\r\n<br />\r\nYou account has been registered on Sidhi Vinayak. Please use the below credentails for login.<br />\r\n<br />\r\n<a href=\"http://localhost/laravel/fellowship/public\" target=\"_blank\">http://localhost/laravel/fellowship/public</a><br />\r\nEmail: rakesh.globiztechnology@gmail.com<br />\r\n<br />\r\nThanks</p>',	'info@example.com',	'rakesh.globiztechnology@gmail.com',	NULL,	NULL,	0,	0,	'2022-09-12 12:06:01',	'2022-09-12 06:36:01'),
(17,	'customer-admin-registration',	'Registration Successful.',	'<p>Dear Isabelle&nbsp;Lamb<br />\r\n<br />\r\nYou account has been registered on Sidhi Vinayak. Please use the below credentails for login.<br />\r\n<br />\r\n<a href=\"http://localhost/laravel/fellowship/public\" target=\"_blank\">http://localhost/laravel/fellowship/public</a><br />\r\nEmail: rakesh.globiztechnology@gmail.com<br />\r\n<br />\r\nThanks</p>',	'info@example.com',	'rakesh.globiztechnology@gmail.com',	NULL,	NULL,	0,	0,	'2022-09-12 12:06:18',	'2022-09-12 06:36:18'),
(18,	'customer-admin-registration',	'Registration Successful.',	'<p>Dear Isabelle&nbsp;Lamb<br />\r\n<br />\r\nYou account has been registered on Sidhi Vinayak. Please use the below credentails for login.<br />\r\n<br />\r\n<a href=\"http://localhost/laravel/fellowship/public\" target=\"_blank\">http://localhost/laravel/fellowship/public</a><br />\r\nEmail: rakesh.globiztechnology@gmail.com<br />\r\n<br />\r\nThanks</p>',	'globiznotification@gmail.com',	'rakesh.globiztechnology@gmail.com',	NULL,	NULL,	0,	0,	'2022-09-12 12:06:39',	'2022-09-12 06:36:39'),
(19,	'customer-admin-registration',	'Registration Successful.',	'<p>Dear Isabelle&nbsp;Lamb<br />\r\n<br />\r\nYou account has been registered on Sidhi Vinayak. Please use the below credentails for login.<br />\r\n<br />\r\n<a href=\"http://localhost/laravel/fellowship/public\" target=\"_blank\">http://localhost/laravel/fellowship/public</a><br />\r\nEmail: rakesh.globiztechnology@gmail.com<br />\r\n<br />\r\nThanks</p>',	'globiznotification@gmail.com',	'rakesh.globiztechnology@gmail.com',	NULL,	NULL,	1,	0,	'2022-09-12 12:08:00',	'2022-09-12 06:38:03'),
(20,	'customer-admin-registration',	'Registration Successful.',	'<p>Dear Cally&nbsp;Evans<br />\r\n<br />\r\nYou account has been registered on Sidhi Vinayak. Please use the below credentails for login.<br />\r\n<br />\r\n<a href=\"http://localhost/laravel/fellowship/public\" target=\"_blank\">http://localhost/laravel/fellowship/public</a><br />\r\nEmail: bidawo@mailinator.com<br />\r\n<br />\r\nThanks</p>',	'globiznotification@gmail.com',	'bidawo@mailinator.com',	NULL,	NULL,	1,	0,	'2022-09-12 12:41:31',	'2022-09-12 07:11:35'),
(21,	'customer-admin-registration',	'Registration Successful.',	'<p>Dear Isabelle&nbsp;Lamb<br />\r\n<br />\r\nYou account has been registered on Sidhi Vinayak. Please use the below credentails for login.<br />\r\n<br />\r\n<a href=\"http://localhost/laravel/fellowship/public\" target=\"_blank\">http://localhost/laravel/fellowship/public</a><br />\r\nEmail: rakesh.globiztechnology@gmail.com<br />\r\n<br />\r\nThanks</p>',	'globiznotification@gmail.com',	'rakesh.globiztechnology@gmail.com',	NULL,	NULL,	1,	0,	'2022-09-12 13:18:03',	'2022-09-12 07:48:08'),
(22,	'customer-admin-registration',	'Registration Successful.',	'<p>Dear Isabelle&nbsp;Lamb<br />\r\n<br />\r\nYou account has been registered on Sidhi Vinayak. Please use the below credentails for login.<br />\r\n<br />\r\n<a href=\"http://localhost/laravel/fellowship/public\" target=\"_blank\">http://localhost/laravel/fellowship/public</a><br />\r\nEmail: rakesh.globiztechnology@gmail.com<br />\r\n<br />\r\nThanks</p>',	'globiznotification@gmail.com',	'rakesh.globiztechnology@gmail.com',	NULL,	NULL,	1,	0,	'2022-09-12 13:18:39',	'2022-09-12 07:48:44'),
(23,	'customer-admin-registration',	'Registration Successful.',	'<p>Dear Isabelle&nbsp;Lamb<br />\r\n<br />\r\nYou account has been registered on Sidhi Vinayak. Please use the below credentails for login.<br />\r\n<br />\r\n<a href=\"http://localhost/laravel/fellowship/public\" target=\"_blank\">http://localhost/laravel/fellowship/public</a><br />\r\nEmail: rakesh.globiztechnology@gmail.com<br />\r\n<br />\r\nThanks</p>',	'globiznotification@gmail.com',	'rakesh.globiztechnology@gmail.com',	NULL,	NULL,	1,	0,	'2022-09-12 13:19:08',	'2022-09-12 07:49:14'),
(24,	'customer-admin-registration',	'Registration Successful.',	'<p>Dear Isabelle&nbsp;Lamb<br />\r\n<br />\r\nYou account has been registered on Sidhi Vinayak. Please use the below credentails for login.<br />\r\n<br />\r\n<a href=\"http://localhost/laravel/fellowship/public\" target=\"_blank\">http://localhost/laravel/fellowship/public</a><br />\r\nEmail: rakesh.globiztechnology@gmail.com<br />\r\n<br />\r\nThanks</p>',	'globiznotification@gmail.com',	'rakesh.globiztechnology@gmail.com',	NULL,	NULL,	1,	0,	'2022-09-12 13:22:27',	'2022-09-12 07:52:30'),
(25,	'customer-admin-registration',	'Registration Successful.',	'<p>Dear Isabelle&nbsp;Lamb<br />\r\n<br />\r\nYou account has been registered on Sidhi Vinayak. Please use the below credentails for login.<br />\r\n<br />\r\n<a href=\"http://localhost/laravel/fellowship/public\" target=\"_blank\">http://localhost/laravel/fellowship/public</a><br />\r\nEmail: rakesh.globiztechnology@gmail.com<br />\r\n<br />\r\nThanks</p>',	'globiznotification@gmail.com',	'rakesh.globiztechnology@gmail.com',	NULL,	NULL,	1,	0,	'2022-09-12 13:48:04',	'2022-09-12 08:18:10'),
(26,	'customer-admin-registration',	'Registration Successful.',	'<p>Dear Isabelle&nbsp;Lamb<br />\r\n<br />\r\nYou account has been registered on Sidhi Vinayak. Please use the below credentails for login.<br />\r\n<br />\r\n<a href=\"http://localhost/laravel/fellowship/public\" target=\"_blank\">http://localhost/laravel/fellowship/public</a><br />\r\nEmail: rakesh.globiztechnology@gmail.com<br />\r\n<br />\r\nThanks</p>',	'globiznotification@gmail.com',	'rakesh.globiztechnology@gmail.com',	NULL,	NULL,	1,	0,	'2022-09-12 13:49:30',	'2022-09-12 08:19:33'),
(27,	'customer-admin-registration',	'Registration Successful.',	'<p>Dear Isabelle&nbsp;Lamb<br />\r\n<br />\r\nYou account has been registered on Sidhi Vinayak. Please use the below credentails for login.<br />\r\n<br />\r\n<a href=\"http://localhost/laravel/fellowship/public\" target=\"_blank\">http://localhost/laravel/fellowship/public</a><br />\r\nEmail: rakesh.globiztechnology@gmail.com<br />\r\n<br />\r\nThanks</p>',	'globiznotification@gmail.com',	'rakesh.globiztechnology@gmail.com',	NULL,	NULL,	1,	0,	'2022-09-12 13:56:02',	'2022-09-12 08:26:06'),
(28,	'newsletter',	'Newsletter Subscribed',	'<p>Dear<br />\r\n<br />\r\n\r\nThank you for subscribing to our newsletter.\r\n\r\n<br />\r\nThanks</p>',	'globiznotification@gmail.com',	'rakesh.globiztechnology@gmail.com',	NULL,	NULL,	1,	0,	'2022-09-28 15:28:39',	'2022-09-28 09:58:44'),
(29,	'newsletter',	'Newsletter Subscribed',	'<p>Dear<br />\r\n<br />\r\n\r\nThank you for subscribing to our newsletter.\r\n\r\n<br />\r\nThanks</p>',	'globiznotification@gmail.com',	'rakesh.globiztechnology@gmail.com',	NULL,	NULL,	1,	0,	'2022-09-28 15:29:00',	'2022-09-28 09:59:03'),
(30,	'newsletter',	'Newsletter Subscribed',	'<p>Dear<br />\r\n<br />\r\n\r\nThank you for subscribing to our newsletter.\r\n\r\n<br />\r\nThanks</p>',	'globiznotification@gmail.com',	'admin@globiz.com',	NULL,	NULL,	1,	0,	'2022-09-28 15:34:41',	'2022-09-28 10:04:44'),
(31,	'newsletter',	'Newsletter Subscribed',	'<p>Dear<br />\r\n<br />\r\n\r\nThank you for subscribing to our newsletter.\r\n\r\n<br />\r\nThanks</p>',	'globiznotification@gmail.com',	'admin@globiz.com',	NULL,	NULL,	1,	0,	'2022-09-28 15:35:20',	'2022-09-28 10:05:23'),
(32,	'newsletter',	'Newsletter Subscribed',	'<p>Dear<br />\r\n<br />\r\n\r\nThank you for subscribing to our newsletter.\r\n\r\n<br />\r\nThanks</p>',	'globiznotification@gmail.com',	'admin@globiz.com',	NULL,	NULL,	1,	0,	'2022-09-28 15:39:52',	'2022-09-28 10:09:55'),
(33,	'newsletter',	'Newsletter Subscribed',	'<p>Dear<br />\r\n<br />\r\n\r\nThank you for subscribing to our newsletter.\r\n\r\n<br />\r\nThanks</p>',	'globiznotification@gmail.com',	'rakesh.globiztechnology@gmail.com',	NULL,	NULL,	1,	0,	'2022-09-28 15:52:16',	'2022-09-28 10:22:20'),
(34,	'newsletter',	'Newsletter Subscribed',	'<p>Dear<br />\r\n<br />\r\n\r\nThank you for subscribing to our newsletter.\r\n\r\n<br />\r\nThanks</p>',	'globiznotification@gmail.com',	'admin@globiz.com',	NULL,	NULL,	1,	0,	'2022-09-28 16:00:38',	'2022-09-28 10:30:41'),
(35,	'newsletter',	'Newsletter Subscribed',	'<p>Dear<br />\r\n<br />\r\n\r\nThank you for subscribing to our newsletter.\r\n\r\n<br />\r\nThanks</p>',	'globiznotification@gmail.com',	'rakesh.globiztechnology@gmail.com',	NULL,	NULL,	1,	0,	'2022-09-28 16:08:22',	'2022-09-28 10:38:25'),
(36,	'newsletter',	'Newsletter Subscribed',	'<p>Dear<br />\r\n<br />\r\n\r\nThank you for subscribing to our newsletter.\r\n\r\n<br />\r\nThanks</p>',	'globiznotification@gmail.com',	'admin@globiz.com',	NULL,	NULL,	1,	0,	'2022-09-28 16:09:17',	'2022-09-28 10:39:20'),
(37,	'newsletter',	'Newsletter Subscribed',	'<p>Dear<br />\r\n<br />\r\n\r\nThank you for subscribing to our newsletter.\r\n\r\n<br />\r\nThanks</p>',	'globiznotification@gmail.com',	'rakesh.globiztechnology@gmail.com',	NULL,	NULL,	1,	0,	'2022-09-28 16:10:36',	'2022-09-28 10:40:39'),
(38,	'newsletter',	'Newsletter Subscribed',	'<p>Dear<br />\r\n<br />\r\n\r\nThank you for subscribing to our newsletter.\r\n\r\n<br />\r\nThanks</p>',	'globiznotification@gmail.com',	'admin@globiz.com',	NULL,	NULL,	1,	0,	'2022-09-28 16:13:03',	'2022-09-28 10:43:06'),
(39,	'newsletter',	'Newsletter Subscribed',	'<p>Dear<br />\r\n<br />\r\n\r\nThank you for subscribing to our newsletter.\r\n\r\n<br />\r\nThanks</p>',	'globiznotification@gmail.com',	'rakesh.globiztechnology@gmail.com',	NULL,	NULL,	1,	0,	'2022-09-28 16:28:09',	'2022-09-28 10:58:12'),
(40,	'newsletter',	'Newsletter Subscribed',	'<p>Dear<br />\r\n<br />\r\n\r\nThank you for subscribing to our newsletter.\r\n\r\n<br />\r\nThanks</p>',	'globiznotification@gmail.com',	'admin@globiz.com',	NULL,	NULL,	1,	0,	'2022-09-28 16:40:17',	'2022-09-28 11:10:20'),
(41,	'newsletter',	'Newsletter Subscribed',	'<p>Dear<br />\r\n<br />\r\n\r\nThank you for subscribing to our newsletter.\r\n\r\n<br />\r\nThanks</p>',	'globiznotification@gmail.com',	'rakesh.globiztechnology@gmail.com',	NULL,	NULL,	1,	0,	'2022-09-28 16:41:36',	'2022-09-28 11:11:39'),
(42,	'newsletter',	'Newsletter Subscribed',	'<p>Dear<br />\r\n<br />\r\n\r\nThank you for subscribing to our newsletter.\r\n\r\n<br />\r\nThanks</p>',	'globiznotification@gmail.com',	'admin@globiz.com',	NULL,	NULL,	1,	0,	'2022-09-28 16:50:18',	'2022-09-28 11:20:22'),
(43,	'newsletter',	'Newsletter Subscribed',	'<p>Dear<br />\r\n<br />\r\n\r\nThank you for subscribing to our newsletter.\r\n\r\n<br />\r\nThanks</p>',	'globiznotification@gmail.com',	'admin@globiz.com',	NULL,	NULL,	1,	0,	'2022-09-28 16:56:07',	'2022-09-28 11:26:10'),
(44,	'newsletter',	'Newsletter Subscribed',	'<p>Dear<br />\r\n<br />\r\n\r\nThank you for subscribing to our newsletter.\r\n\r\n<br />\r\nThanks</p>',	'globiznotification@gmail.com',	'rakesh.globiztechnology@gmail.com',	NULL,	NULL,	1,	0,	'2022-09-28 16:57:08',	'2022-09-28 11:27:10'),
(45,	'newsletter',	'Newsletter Subscribed',	'<p>Dear<br />\r\n<br />\r\n\r\nThank you for subscribing to our newsletter.\r\n\r\n<br />\r\nThanks</p>',	'globiznotification@gmail.com',	'admin@globiz.com',	NULL,	NULL,	1,	0,	'2022-09-28 17:05:34',	'2022-09-28 11:35:37'),
(46,	'newsletter',	'Newsletter Subscribed',	'<p>Dear<br />\r\n<br />\r\n\r\nThank you for subscribing to our newsletter.\r\n\r\n<br />\r\nThanks</p>',	'globiznotification@gmail.com',	'rakesh.globiztechnology@gmail.com',	NULL,	NULL,	1,	0,	'2022-09-28 17:14:26',	'2022-09-28 11:44:29'),
(47,	'newsletter',	'Newsletter Subscribed',	'<p>Dear<br />\r\n<br />\r\n\r\nThank you for subscribing to our newsletter.\r\n\r\n<br />\r\nThanks</p>',	'globiznotification@gmail.com',	'admin@globiz.com',	NULL,	NULL,	1,	0,	'2022-09-28 17:20:40',	'2022-09-28 11:50:43'),
(48,	'newsletter',	'Newsletter Subscribed',	'<p>Dear<br />\r\n<br />\r\n\r\nThank you for subscribing to our newsletter.\r\n\r\n<br />\r\nThanks</p>',	'globiznotification@gmail.com',	'admin@globiz.com',	NULL,	NULL,	1,	0,	'2022-09-28 17:25:16',	'2022-09-28 11:55:19'),
(49,	'newsletter',	'Newsletter Subscribed',	'<p>Dear<br />\r\n<br />\r\n\r\nThank you for subscribing to our newsletter.\r\n\r\n<br />\r\nThanks</p>',	'globiznotification@gmail.com',	'admin@globiz.com',	NULL,	NULL,	1,	0,	'2022-09-28 17:30:56',	'2022-09-28 12:00:59'),
(50,	'newsletter',	'Newsletter Subscribed',	'<p>Dear<br />\r\n<br />\r\n\r\nThank you for subscribing to our newsletter.\r\n\r\n<br />\r\nThanks</p>',	'globiznotification@gmail.com',	'rakesh.globiztechnology@gmail.com',	NULL,	NULL,	1,	0,	'2022-09-28 17:31:21',	'2022-09-28 12:01:24'),
(51,	'newsletter',	'Newsletter Subscribed',	'<p>Dear<br />\r\n<br />\r\n\r\nThank you for subscribing to our newsletter.\r\n\r\n<br />\r\nThanks</p>',	'globiznotification@gmail.com',	'admin@globiz.com',	NULL,	NULL,	1,	0,	'2022-09-28 17:35:53',	'2022-09-28 12:05:58'),
(52,	'newsletter',	'Newsletter Subscribed',	'<p>Dear<br />\r\n<br />\r\n\r\nThank you for subscribing to our newsletter.\r\n\r\n<br />\r\nThanks</p>',	'globiznotification@gmail.com',	'rakesh.globiztechnology@gmail.com',	NULL,	NULL,	1,	0,	'2022-09-28 17:36:28',	'2022-09-28 12:06:31'),
(53,	'newsletter',	'Newsletter Subscribed',	'<p>Dear<br />\r\n<br />\r\n\r\nThank you for subscribing to our newsletter.\r\n\r\n<br />\r\nThanks</p>',	'globiznotification@gmail.com',	'admin@globiz.com',	NULL,	NULL,	1,	0,	'2022-09-28 17:41:58',	'2022-09-28 12:12:01'),
(54,	'newsletter',	'Newsletter Subscribed',	'<p>Dear<br />\r\n<br />\r\n\r\nThank you for subscribing to our newsletter.\r\n\r\n<br />\r\nThanks</p>',	'globiznotification@gmail.com',	'rakesh.globiztechnology@gmail.com',	NULL,	NULL,	1,	0,	'2022-09-28 17:49:32',	'2022-09-28 12:19:35'),
(55,	'newsletter',	'Newsletter Subscribed',	'<p>Dear<br />\r\n<br />\r\n\r\nThank you for subscribing to our newsletter.\r\n\r\n<br />\r\nThanks</p>',	'globiznotification@gmail.com',	'admin@globiz.com',	NULL,	NULL,	1,	0,	'2022-09-28 17:50:00',	'2022-09-28 12:20:03'),
(56,	'newsletter',	'Newsletter Subscribed',	'<p>Dear<br />\r\n<br />\r\n\r\nThank you for subscribing to our newsletter.\r\n\r\n<br />\r\nThanks</p>',	'globiznotification@gmail.com',	'rakesh.globiztechnology@gmail.com',	NULL,	NULL,	1,	0,	'2022-09-28 17:53:39',	'2022-09-28 12:23:43'),
(57,	'newsletter',	'Newsletter Subscribed',	'<p>Dear<br />\r\n<br />\r\n\r\nThank you for subscribing to our newsletter.\r\n\r\n<br />\r\nThanks</p>',	'globiznotification@gmail.com',	'admin@globiz.com',	NULL,	NULL,	1,	0,	'2022-09-28 17:54:23',	'2022-09-28 12:24:26'),
(58,	'newsletter',	'Newsletter Subscribed',	'<p>Dear<br />\r\n<br />\r\n\r\nThank you for subscribing to our newsletter.\r\n\r\n<br />\r\nThanks</p>',	'globiznotification@gmail.com',	'admin@globiz.com',	NULL,	NULL,	1,	0,	'2022-09-28 18:00:16',	'2022-09-28 12:30:19'),
(59,	'newsletter',	'Newsletter Subscribed',	'<p>Dear<br />\r\n<br />\r\n\r\nThank you for subscribing to our newsletter.\r\n\r\n<br />\r\nThanks</p>',	'globiznotification@gmail.com',	'rakesh.globiztechnology@gmail.com',	NULL,	NULL,	1,	0,	'2022-09-28 18:00:54',	'2022-09-28 12:30:57'),
(60,	'newsletter',	'Newsletter Subscribed',	'<p>Dear<br />\r\n<br />\r\n\r\nThank you for subscribing to our newsletter.\r\n\r\n<br />\r\nThanks</p>',	'globiznotification@gmail.com',	'admin@globiz.com',	NULL,	NULL,	1,	0,	'2022-09-28 18:27:33',	'2022-09-28 12:57:37'),
(61,	'newsletter',	'Newsletter Subscribed',	'<p>Dear<br />\r\n<br />\r\n\r\nThank you for subscribing to our newsletter.\r\n\r\n<br />\r\nThanks</p>',	'globiznotification@gmail.com',	'rakesh.globiztechnology@gmail.com',	NULL,	NULL,	1,	0,	'2022-09-28 18:28:02',	'2022-09-28 12:58:05'),
(62,	'newsletter',	'Newsletter Subscribed',	'<p>Dear<br />\r\n<br />\r\n\r\nThank you for subscribing to our newsletter.\r\n\r\n<br />\r\nThanks</p>',	'globiznotification@gmail.com',	'admin@globiz.com',	NULL,	NULL,	1,	0,	'2022-09-28 18:28:40',	'2022-09-28 12:58:43'),
(63,	'newsletter',	'Newsletter Subscribed',	'<p>Dear<br />\r\n<br />\r\n\r\nThank you for subscribing to our newsletter.\r\n\r\n<br />\r\nThanks</p>',	'globiznotification@gmail.com',	'rakesh.globiztechnology@gmail.com',	NULL,	NULL,	1,	0,	'2022-09-28 18:29:09',	'2022-09-28 12:59:13'),
(64,	'newsletter',	'Newsletter Subscribed',	'<p>Dear<br />\r\n<br />\r\n\r\nThank you for subscribing to our newsletter.\r\n\r\n<br />\r\nThanks</p>',	'globiznotification@gmail.com',	'admin@globiz.com',	NULL,	NULL,	1,	0,	'2022-09-28 18:39:21',	'2022-09-28 13:09:24'),
(65,	'newsletter',	'Newsletter Subscribed',	'<p>Dear<br />\r\n<br />\r\n\r\nThank you for subscribing to our newsletter.\r\n\r\n<br />\r\nThanks</p>',	'globiznotification@gmail.com',	'rakesh.globiztechnology@gmail.com',	NULL,	NULL,	1,	0,	'2022-09-28 18:42:16',	'2022-09-28 13:12:20'),
(66,	'newsletter',	'Newsletter Subscribed',	'<p>Dear<br />\r\n<br />\r\n\r\nThank you for subscribing to our newsletter.\r\n\r\n<br />\r\nThanks</p>',	'globiznotification@gmail.com',	'admin@globiz.com',	NULL,	NULL,	1,	0,	'2022-09-28 18:43:55',	'2022-09-28 13:13:58'),
(67,	'newsletter',	'Newsletter Subscribed',	'<p>Dear<br />\r\n<br />\r\n\r\nThank you for subscribing to our newsletter.\r\n\r\n<br />\r\nThanks</p>',	'globiznotification@gmail.com',	'rakesh.globiztechnology@gmail.com',	NULL,	NULL,	1,	0,	'2022-09-28 18:57:29',	'2022-09-28 13:27:32'),
(68,	'newsletter',	'Newsletter Subscribed',	'<p>Dear<br />\r\n<br />\r\n\r\nThank you for subscribing to our newsletter.\r\n\r\n<br />\r\nThanks</p>',	'globiznotification@gmail.com',	'admin@globiz.com',	NULL,	NULL,	1,	0,	'2022-09-28 18:57:55',	'2022-09-28 13:27:58'),
(69,	'newsletter',	'Newsletter Subscribed',	'<p>Dear<br />\r\n<br />\r\n\r\nThank you for subscribing to our newsletter.\r\n\r\n<br />\r\nThanks</p>',	'globiznotification@gmail.com',	'admin@globiz.com',	NULL,	NULL,	1,	0,	'2022-09-28 18:58:27',	'2022-09-28 13:28:30'),
(70,	'newsletter',	'Newsletter Subscribed',	'<p>Dear<br />\r\n<br />\r\n\r\nThank you for subscribing to our newsletter.\r\n\r\n<br />\r\nThanks</p>',	'globiznotification@gmail.com',	'rakesh.globiztechnology@gmail.com',	NULL,	NULL,	1,	0,	'2022-09-28 18:58:42',	'2022-09-28 13:28:45'),
(71,	'newsletter',	'Newsletter Subscribed',	'<p>Dear<br />\r\n<br />\r\n\r\nThank you for subscribing to our newsletter.\r\n\r\n<br />\r\nThanks</p>',	'globiznotification@gmail.com',	'admin@globiz.com',	NULL,	NULL,	1,	0,	'2022-09-28 19:00:45',	'2022-09-28 13:30:48'),
(72,	'newsletter',	'Newsletter Subscribed',	'<p>Dear<br />\r\n<br />\r\n\r\nThank you for subscribing to our newsletter.\r\n\r\n<br />\r\nThanks</p>',	'globiznotification@gmail.com',	'rakesh.globiztechnology@gmail.com',	NULL,	NULL,	1,	0,	'2022-09-28 19:01:32',	'2022-09-28 13:31:35'),
(73,	'registration',	'Registration Successful.',	'<p>Dear Orlando&nbsp;Hernandez</p>\r\n\r\n<p>Greetings! Thank you for registration with us. Please verify your email from the link below.</p>\r\n\r\n<p><a href=\"http://localhost/laravel/fellowship/public/email-verification/eyJpdiI6IjZ0MmR1ZjBLZFArSHp5Tkg5eHlhVlE9PSIsInZhbHVlIjoiVUc1ZU00Y1FFWXEzSU5KQU1jZXFYWjhUenRSaDRmcHo5M2x1bGZTSHZyQkxqK3YwSEp5aUU0MkZkU081TnJhQkk0VWFqQnBITmdpRTBmSEptRUNwUThHTlFyMW1TVThnUDhDQXNlNy9WUjA9IiwibWFjIjoiYWRlM2RkNDMwMGE1MmE0MjMzMjBlMTM5NjQwMDAzNDBlNmNmZWNjNTlmM2U3ZTA2NTY3MjBkYzE4NjVhOTlkMiIsInRhZyI6IiJ9\" target=\"_blank\">http://localhost/laravel/fellowship/public/email-verification/eyJpdiI6IjZ0MmR1ZjBLZFArSHp5Tkg5eHlhVlE9PSIsInZhbHVlIjoiVUc1ZU00Y1FFWXEzSU5KQU1jZXFYWjhUenRSaDRmcHo5M2x1bGZTSHZyQkxqK3YwSEp5aUU0MkZkU081TnJhQkk0VWFqQnBITmdpRTBmSEptRUNwUThHTlFyMW1TVThnUDhDQXNlNy9WUjA9IiwibWFjIjoiYWRlM2RkNDMwMGE1MmE0MjMzMjBlMTM5NjQwMDAzNDBlNmNmZWNjNTlmM2U3ZTA2NTY3MjBkYzE4NjVhOTlkMiIsInRhZyI6IiJ9</a></p>\r\n\r\n<p>Thanks</p>',	'globiznotification@gmail.com',	'rakesh.globiztechnology@gmail.com',	NULL,	NULL,	1,	0,	'2022-10-03 18:19:19',	'2022-10-03 12:49:26'),
(74,	'registration',	'Registration Successful.',	'<p>Dear Libby&nbsp;Gonzales</p>\r\n\r\n<p>Greetings! Thank you for registration with us. Please verify your email from the link below.</p>\r\n\r\n<p><a href=\"http://localhost/laravel/fellowship/public/email-verification/eyJpdiI6ImJ4RnhwRnlhOVFCVTlvYkQ2MFN1bHc9PSIsInZhbHVlIjoiUGtmbTUxdDB1TGU3S01aM3VsM2xFZ1MwYTA5a1hYMGRXeHd3Tnoyc2RzSitsRUdXU1gzKzRqMjgxQkVmMFRROTZraGlSU2lSUmxDOStUNnZrMXUya0RFcHYvNEk3Wndoa0tZQXNISUR6cXM9IiwibWFjIjoiYjE1MDAyODhlYmQ5Mjc4YzBhNzRkNWE5Njc3NjkyMzFmY2VhNGZlMzVlNjdkYjZjNGFlMzY0MGUyMmQ0ZDhmMyIsInRhZyI6IiJ9\" target=\"_blank\">http://localhost/laravel/fellowship/public/email-verification/eyJpdiI6ImJ4RnhwRnlhOVFCVTlvYkQ2MFN1bHc9PSIsInZhbHVlIjoiUGtmbTUxdDB1TGU3S01aM3VsM2xFZ1MwYTA5a1hYMGRXeHd3Tnoyc2RzSitsRUdXU1gzKzRqMjgxQkVmMFRROTZraGlSU2lSUmxDOStUNnZrMXUya0RFcHYvNEk3Wndoa0tZQXNISUR6cXM9IiwibWFjIjoiYjE1MDAyODhlYmQ5Mjc4YzBhNzRkNWE5Njc3NjkyMzFmY2VhNGZlMzVlNjdkYjZjNGFlMzY0MGUyMmQ0ZDhmMyIsInRhZyI6IiJ9</a></p>\r\n\r\n<p>Thanks</p>',	'globiznotification@gmail.com',	'rakesh.globiztechnology@gmail.com',	NULL,	NULL,	1,	0,	'2022-10-04 10:30:14',	'2022-10-04 05:00:19'),
(75,	'registration',	'Registration Successful.',	'<p>Dear Boris&nbsp;Middleton</p>\r\n\r\n<p>Greetings! Thank you for registration with us. Please verify your email from the link below.</p>\r\n\r\n<p><a href=\"http://localhost/laravel/fellowship/public/email-verification/eyJpdiI6IkFtNWlvZzdvN011eG5taWNEa3JxYkE9PSIsInZhbHVlIjoiMVRHWlU0bU5Scnd6cCtCMUcyWGFCYno3R09aYUR2d3BWZGNGT3dhNDRxZFA1bi85TkFqMXJlcy9XUEhmbXRuNmRYZ3RUNVRzcTBYY2hEZkFPTnNQVk1CR3NxTXFHTVRzMUxHWVJPblVrdEU9IiwibWFjIjoiOGQxZDM0NjY3ODk5ZjNjNzljOTdjNjRiNzk2YzczMjIyM2E4ZTM5ODE4MjU4ZGI4NTBlNTA2ZDQ2YmZjMGY5OSIsInRhZyI6IiJ9\" target=\"_blank\">http://localhost/laravel/fellowship/public/email-verification/eyJpdiI6IkFtNWlvZzdvN011eG5taWNEa3JxYkE9PSIsInZhbHVlIjoiMVRHWlU0bU5Scnd6cCtCMUcyWGFCYno3R09aYUR2d3BWZGNGT3dhNDRxZFA1bi85TkFqMXJlcy9XUEhmbXRuNmRYZ3RUNVRzcTBYY2hEZkFPTnNQVk1CR3NxTXFHTVRzMUxHWVJPblVrdEU9IiwibWFjIjoiOGQxZDM0NjY3ODk5ZjNjNzljOTdjNjRiNzk2YzczMjIyM2E4ZTM5ODE4MjU4ZGI4NTBlNTA2ZDQ2YmZjMGY5OSIsInRhZyI6IiJ9</a></p>\r\n\r\n<p>Thanks</p>',	'globiznotification@gmail.com',	'rakesh.globiztechnology@gmail.com',	NULL,	NULL,	1,	0,	'2022-10-04 15:13:41',	'2022-10-04 09:43:48'),
(76,	'registration',	'Registration Successful.',	'<p>Dear Ali&nbsp;Curtis</p>\r\n\r\n<p>Greetings! Thank you for registration with us. Please verify your email from the link below.</p>\r\n\r\n<p><a href=\"http://localhost/laravel/fellowship/public/email-verification/eyJpdiI6Ii9ZQzUvWDk1RWJqajNQUkZzL2dzYkE9PSIsInZhbHVlIjoiMzY4VVd0WHUyVHNOVUZEdG1aU2hDS3d5R21xZ2Q4d1haTnlWRVRTMk0wSHQ5L0Jxbmx1QmY4aThPM0F2MmFBQWdNTHl2L2lOZWl3V3VzT052SU5UTjZMR3dRQzVNNFJZc0J4bmpRMWxCOG89IiwibWFjIjoiMzhmYmMwMGZhN2M1M2QxNjk1NWI3NzQ2ZDZhMjNiYjA1NjI4MWQ3NThiYTg3MmNiYjBlMWVlZGE0YmM2M2E1YiIsInRhZyI6IiJ9\" target=\"_blank\">http://localhost/laravel/fellowship/public/email-verification/eyJpdiI6Ii9ZQzUvWDk1RWJqajNQUkZzL2dzYkE9PSIsInZhbHVlIjoiMzY4VVd0WHUyVHNOVUZEdG1aU2hDS3d5R21xZ2Q4d1haTnlWRVRTMk0wSHQ5L0Jxbmx1QmY4aThPM0F2MmFBQWdNTHl2L2lOZWl3V3VzT052SU5UTjZMR3dRQzVNNFJZc0J4bmpRMWxCOG89IiwibWFjIjoiMzhmYmMwMGZhN2M1M2QxNjk1NWI3NzQ2ZDZhMjNiYjA1NjI4MWQ3NThiYTg3MmNiYjBlMWVlZGE0YmM2M2E1YiIsInRhZyI6IiJ9</a></p>\r\n\r\n<p>Thanks</p>',	'globiznotification@gmail.com',	'rakesh.globiztechnology@gmail.com',	NULL,	NULL,	1,	0,	'2022-10-04 15:17:33',	'2022-10-04 09:47:36'),
(77,	'phone-verification-otp',	'Your one time password for Sidhi Vinayak',	'<p>Dear Ali&nbsp;Curtis<br />\r\n<br />\r\nYour account one time password for login is <strong>891141</strong>\r\n<br />\r\nThanks</p>',	'globiznotification@gmail.com',	'rakesh.globiztechnology@gmail.com',	NULL,	NULL,	1,	0,	'2022-10-04 15:18:06',	'2022-10-04 09:48:12'),
(78,	'registration',	'Registration Successful.',	'<p>Dear Nita&nbsp;Huffman</p>\r\n\r\n<p>Greetings! Thank you for registration with us. Please verify your email from the link below.</p>\r\n\r\n<p><a href=\"http://localhost/laravel/fellowship/public/email-verification/eyJpdiI6InhhR2FxNmpIY3hPdWtDK0FZaFNIYlE9PSIsInZhbHVlIjoickY3UEcxODdIVWQrOERSVi9DTVIxa0JYODdBQ09nUkh4QWFxS3lTMVNqcytDcm9SVGVPRElOTHNtL1J0cnhZYlZnVXZGUmp3bDM3eThRemxrL1dsbVp4VDZrNTlTUGtwYVEvMTRtRlFWUUk9IiwibWFjIjoiNjNjNWJjZTUyYWU1OTBmM2NkMDc0OTMwYTZlZTY2YTYyZmIxZWQxOTkxODA5NjQ5ZmY0ZTBjMmFkMjI2NjNhYyIsInRhZyI6IiJ9\" target=\"_blank\">http://localhost/laravel/fellowship/public/email-verification/eyJpdiI6InhhR2FxNmpIY3hPdWtDK0FZaFNIYlE9PSIsInZhbHVlIjoickY3UEcxODdIVWQrOERSVi9DTVIxa0JYODdBQ09nUkh4QWFxS3lTMVNqcytDcm9SVGVPRElOTHNtL1J0cnhZYlZnVXZGUmp3bDM3eThRemxrL1dsbVp4VDZrNTlTUGtwYVEvMTRtRlFWUUk9IiwibWFjIjoiNjNjNWJjZTUyYWU1OTBmM2NkMDc0OTMwYTZlZTY2YTYyZmIxZWQxOTkxODA5NjQ5ZmY0ZTBjMmFkMjI2NjNhYyIsInRhZyI6IiJ9</a></p>\r\n\r\n<p>Thanks</p>',	'globiznotification@gmail.com',	'rakesh.globiztechnology@gmail.com',	NULL,	NULL,	1,	0,	'2022-10-04 15:23:19',	'2022-10-04 09:53:24'),
(79,	'registration',	'Registration Successful.',	'<p>Dear Beverly&nbsp;Nieves</p>\r\n\r\n<p>Greetings! Thank you for registration with us. Please verify your email from the link below.</p>\r\n\r\n<p><a href=\"http://localhost/laravel/fellowship/public/email-verification/eyJpdiI6Ik5rNzVReEh2b3ZQb0RZeUppVm9lcHc9PSIsInZhbHVlIjoiWGNyZTVIWlFxTFR5bXU0clRQbEw0cjRxRVlUNDd6NUFpQzRwNGZKRnEveHRHZTBpRThYbzJRdlVlKy9LLzlETUZyVHVLaExLOFY4bXhzMjQyK01lRW45ZmJFQURBNjQvRG9GNEhzMDJia0E9IiwibWFjIjoiOTI4MTkxNmMzZDQwMzhlYjcxNWQxYWUwZGUzODNlOGJiNzllMWU3ODVmMDkzNDRmMWExNzRmNzE2NGFlZDE1MCIsInRhZyI6IiJ9\" target=\"_blank\">http://localhost/laravel/fellowship/public/email-verification/eyJpdiI6Ik5rNzVReEh2b3ZQb0RZeUppVm9lcHc9PSIsInZhbHVlIjoiWGNyZTVIWlFxTFR5bXU0clRQbEw0cjRxRVlUNDd6NUFpQzRwNGZKRnEveHRHZTBpRThYbzJRdlVlKy9LLzlETUZyVHVLaExLOFY4bXhzMjQyK01lRW45ZmJFQURBNjQvRG9GNEhzMDJia0E9IiwibWFjIjoiOTI4MTkxNmMzZDQwMzhlYjcxNWQxYWUwZGUzODNlOGJiNzllMWU3ODVmMDkzNDRmMWExNzRmNzE2NGFlZDE1MCIsInRhZyI6IiJ9</a></p>\r\n\r\n<p>Thanks</p>',	'globiznotification@gmail.com',	'rakesh.globiztechnology@gmail.com',	NULL,	NULL,	1,	0,	'2022-10-04 15:26:26',	'2022-10-04 09:56:31'),
(80,	'phone-verification-otp',	'Your one time password for Sidhi Vinayak',	'<p>Dear Beverly&nbsp;Nieves<br />\r\n<br />\r\nYour account one time password for login is <strong>598828</strong>\r\n<br />\r\nThanks</p>',	'globiznotification@gmail.com',	'rakesh.globiztechnology@gmail.com',	NULL,	NULL,	1,	0,	'2022-10-04 15:28:32',	'2022-10-04 09:58:37'),
(81,	'registration',	'Registration Successful.',	'<p>Dear Felix&nbsp;Cunningham</p>\r\n\r\n<p>Greetings! Thank you for registration with us. Please verify your email from the link below.</p>\r\n\r\n<p><a href=\"http://localhost/laravel/fellowship/public/email-verification/eyJpdiI6Im40R25EdFdDTktrOHFYTEN5a1kzU0E9PSIsInZhbHVlIjoiaGZJdU5TOGZtWCswNHNSZC82Y0owMUlXaHM2L2drbCtid2NncWptSkd6eVVZWUVUYmsxUHJua1lxTFpteXkzcU43YnIwMFFKUkk2N3EyNXVHVEpPU0tSaXd1UGRLMFJHVVErMk9TQ0IyRTg9IiwibWFjIjoiMWUzYWU0NDM0MDQ3MDlmMDJjNThhZTI4MTc3ZGU4MjFiOGE1ZGMyNWFkZmEzOWYzYWEwOGM3NzE3ODU4ZjAzNyIsInRhZyI6IiJ9\" target=\"_blank\">http://localhost/laravel/fellowship/public/email-verification/eyJpdiI6Im40R25EdFdDTktrOHFYTEN5a1kzU0E9PSIsInZhbHVlIjoiaGZJdU5TOGZtWCswNHNSZC82Y0owMUlXaHM2L2drbCtid2NncWptSkd6eVVZWUVUYmsxUHJua1lxTFpteXkzcU43YnIwMFFKUkk2N3EyNXVHVEpPU0tSaXd1UGRLMFJHVVErMk9TQ0IyRTg9IiwibWFjIjoiMWUzYWU0NDM0MDQ3MDlmMDJjNThhZTI4MTc3ZGU4MjFiOGE1ZGMyNWFkZmEzOWYzYWEwOGM3NzE3ODU4ZjAzNyIsInRhZyI6IiJ9</a></p>\r\n\r\n<p>Thanks</p>',	'globiznotification@gmail.com',	'rakesh@gmail.com',	NULL,	NULL,	1,	0,	'2022-10-04 17:18:26',	'2022-10-04 11:48:31'),
(82,	'forgot-password',	'Forgot Password',	'<p>Dear Beverly&nbsp;Nieves<br />\r\n<br />\r\nPlease click on below link to reset your account password.<br />\r\n<br />\r\nhttp://localhost/laravel/fellowship/public/recover-password/eyJpdiI6IkRKYXdzZGlPZDMwK2hBdkxtQkNLUVE9PSIsInZhbHVlIjoiTnBvcGpJQ0l1WFFrZjNIV3BoZEd2UUhmNHVVczg4M1hzWVZDTjliVy9PSUt5a0hSQ2txY3dneEFldE50Vkx3TSIsIm1hYyI6IjRmZDM0M2FmMTY4Y2NhNmJlYThlOTRmY2QxMTQzODZhNmEzNTI0YTY2ZDhjNTRjNzUwYzI1MWRmZjhiMjg2NTIiLCJ0YWciOiIifQ==<br />\r\n<br />\r\nThanks</p>',	'globiznotification@gmail.com',	'rakesh.globiztechnology@gmail.com',	NULL,	NULL,	1,	0,	'2022-10-04 18:05:18',	'2022-10-04 12:35:21'),
(83,	'forgot-password',	'Forgot Password',	'<p>Dear Beverly&nbsp;Nieves<br />\r\n<br />\r\nPlease click on below link to reset your account password.<br />\r\n<br />\r\nhttp://localhost/laravel/fellowship/public/recover-password/eyJpdiI6IkpGb2gwRUFXb2RQVUd5b2xwVzFaZnc9PSIsInZhbHVlIjoib0ZHc3V3K3JxSXVSY2lId2k1WVF5UHFYNG5Ba1dVYjVwYTRxdEU1M0R5NlZvMEZ1ajVPU2tZTHNxdG0vQ2ZQKyIsIm1hYyI6IjVkMDMyNTg0YzJmNzZkYjY0Y2M0ZjVlMTk5OGNhM2RiMGZiNWRkYzY3ZmU2ZWMzZmZhMzkyZTliYjJlNGVjZGEiLCJ0YWciOiIifQ==<br />\r\n<br />\r\nThanks</p>',	'globiznotification@gmail.com',	'rakesh.globiztechnology@gmail.com',	NULL,	NULL,	1,	0,	'2022-10-04 18:05:20',	'2022-10-04 12:35:24'),
(84,	'forgot-password',	'Forgot Password',	'<p>Dear Beverly&nbsp;Nieves<br />\r\n<br />\r\nPlease click on below link to reset your account password.<br />\r\n<br />\r\nhttp://localhost/laravel/fellowship/public/recover-password/eyJpdiI6Ikg1b1o2NjgxYXd4M09wUEhzNUlYOWc9PSIsInZhbHVlIjoiMEVoaEV3OS8yUE53RjRPUS84ZlpmNFVVdVEvL2ZiYU9MZEphOEtkKzg2K21HUWVzTkQ0WCtlMUFiZ3I0aVdKNCIsIm1hYyI6IjU4MjQxNjE1ZTA2NTUzZTZjMDllN2JmMWFhM2NhNTg1ODYwN2IwMDY1YjkzNDAyMWUxYWI1NDM5NzFkMWFjMjIiLCJ0YWciOiIifQ==<br />\r\n<br />\r\nThanks</p>',	'globiznotification@gmail.com',	'rakesh.globiztechnology@gmail.com',	NULL,	NULL,	1,	0,	'2022-10-04 18:05:21',	'2022-10-04 12:35:24'),
(85,	'forgot-password',	'Forgot Password',	'<p>Dear Beverly&nbsp;Nieves<br />\r\n<br />\r\nPlease click on below link to reset your account password.<br />\r\n<br />\r\nhttp://localhost/laravel/fellowship/public/recover-password/eyJpdiI6IjhUamdyZnp0MUpnVndTeVJQRXFPZ1E9PSIsInZhbHVlIjoiUEVjN1hwVjhpNHVXRjRDcTRnMGJneUt5ZGxtWWtXbE5CWktKT2VkOXdHNzdCczM4Q0xGeGVXaUJEaXB6aFU1VCIsIm1hYyI6ImJhMGNmMTEwMjk1YTJjZTI0MTVlNGFmNzU1MDI4YmRkOTVkNTlmMDMwMDUwOGU4MTJiYjhmMDUyMmMwN2UzN2IiLCJ0YWciOiIifQ==<br />\r\n<br />\r\nThanks</p>',	'globiznotification@gmail.com',	'rakesh.globiztechnology@gmail.com',	NULL,	NULL,	1,	0,	'2022-10-04 18:05:21',	'2022-10-04 12:35:27'),
(86,	'forgot-password',	'Forgot Password',	'<p>Dear Beverly&nbsp;Nieves<br />\r\n<br />\r\nPlease click on below link to reset your account password.<br />\r\n<br />\r\nhttp://localhost/laravel/fellowship/public/recover-password/eyJpdiI6ImdXOGpkVmFBUFBUcnhBdlc4OEdjU0E9PSIsInZhbHVlIjoiL3J3MnhOQnNIay9MalVmS1JzalRrS3oyVEZVcXN3NE5NTXV2U1EvcEF4QUtKandBWHBjRzJBUlNTTDl1WFRsZyIsIm1hYyI6ImE1NzM4N2RmODY2MDRlNDRiMTg4ZDNkOTdlMTVmYzk5MzMyOGI4Y2JlNDkxZTk5NDhiYmYyMmY0MjY0YjYxZTciLCJ0YWciOiIifQ==<br />\r\n<br />\r\nThanks</p>',	'globiznotification@gmail.com',	'rakesh.globiztechnology@gmail.com',	NULL,	NULL,	1,	0,	'2022-10-04 18:05:22',	'2022-10-04 12:35:26'),
(87,	'forgot-password',	'Forgot Password',	'<p>Dear Beverly&nbsp;Nieves<br />\r\n<br />\r\nPlease click on below link to reset your account password.<br />\r\n<br />\r\nhttp://localhost/laravel/fellowship/public/recover-password/eyJpdiI6IlRnaUxablo2eldON1VRWTdEeUJ5RWc9PSIsInZhbHVlIjoiZGdOVjFUMTYwbXpuZ0pXKzdHOGwrOEpaNjk4SUd0ZmZ0MDFDMmNZUmt6ZHlYNnRXbXk3S1ZVVXNEcU52ZS9XOCIsIm1hYyI6IjcyZWQwZjJjMDlmNWRlYTc3ZDIwMTA5MjcwNDFkMmJiZTViYzM2MTc1NDk2YWYzZTI4NmM1YzdlODFiNzY4MzEiLCJ0YWciOiIifQ==<br />\r\n<br />\r\nThanks</p>',	'globiznotification@gmail.com',	'rakesh.globiztechnology@gmail.com',	NULL,	NULL,	1,	0,	'2022-10-04 18:05:22',	'2022-10-04 12:35:27'),
(88,	'forgot-password',	'Forgot Password',	'<p>Dear Beverly&nbsp;Nieves<br />\r\n<br />\r\nPlease click on below link to reset your account password.<br />\r\n<br />\r\nhttp://localhost/laravel/fellowship/public/recover-password/eyJpdiI6ImdmZmgrb3FVT2RuLy9yMHNnekZGMUE9PSIsInZhbHVlIjoiR1Azb0hRVGZsU0ZXei81YytKTHErUWwrU2U5NFY2YnA3cG1jV0VvMExKdmpiUkdhbkErOVhzMVBxemVCMWpMcCIsIm1hYyI6IjdkNmUyZjUzNWVhMzMxNzAyNTY3NGQ4ZjQ4Mzk4M2FkZTI5OTAxYjliMjY2M2YxYzQ2YTIyMzJkODFjZGNiYWIiLCJ0YWciOiIifQ==<br />\r\n<br />\r\nThanks</p>',	'globiznotification@gmail.com',	'rakesh.globiztechnology@gmail.com',	NULL,	NULL,	1,	0,	'2022-10-04 18:05:59',	'2022-10-04 12:36:04'),
(89,	'forgot-password',	'Forgot Password',	'<p>Dear Beverly&nbsp;Nieves<br />\r\n<br />\r\nPlease click on below link to reset your account password.<br />\r\n<br />\r\nhttp://localhost/laravel/fellowship/public/recover-password/eyJpdiI6IlV4cFduYkprODRzeTJydVRRWFNXU2c9PSIsInZhbHVlIjoiZ3FCRjlXamp6elFqY3F3eS8xVTM5bld2NjVlNWtFUXY1NmRWWWZVeVZpUldkalJkM0tiOW44bUZhZm9Gd3NrMyIsIm1hYyI6ImVmYWMyNTY2MDljNWRiZTVkYzNmZWRjODU4N2I2N2NiYzc3Njk4M2I2YmFlODQyMzMyZGY3N2JkNzFlN2Q4ZWUiLCJ0YWciOiIifQ==<br />\r\n<br />\r\nThanks</p>',	'globiznotification@gmail.com',	'rakesh.globiztechnology@gmail.com',	NULL,	NULL,	1,	0,	'2022-10-04 18:07:57',	'2022-10-04 12:38:02'),
(90,	'forgot-password',	'Forgot Password',	'<p>Dear Beverly&nbsp;Nieves<br />\r\n<br />\r\nPlease click on below link to reset your account password.<br />\r\n<br />\r\nhttp://localhost/laravel/fellowship/public/recover-password/eyJpdiI6IjA4bEh2c0E2dlBNZTVRQkhoYzBJeVE9PSIsInZhbHVlIjoiYTExOS9WZlJKY3lidERBYWdielJsN01CUXVIN0F6cG1XZ2ZMejY4NXRsL0hOUWplNk03N2JUQTlIb3FDREl1SiIsIm1hYyI6IjVhMzBlMGU4OTc4MDU3NTk3MGNhOWE0NTljYWU5NGU3YTc1YzhkNjdkMjA0NmNlMjlkYmQyMjRlMTJmMDJlOGYiLCJ0YWciOiIifQ==<br />\r\n<br />\r\nThanks</p>',	'globiznotification@gmail.com',	'rakesh.globiztechnology@gmail.com',	NULL,	NULL,	1,	0,	'2022-10-04 18:16:40',	'2022-10-04 12:46:44'),
(91,	'forgot-password',	'Forgot Password',	'<p>Dear Beverly&nbsp;Nieves<br />\r\n<br />\r\nPlease click on below link to reset your account password.<br />\r\n<br />\r\nhttp://localhost/laravel/fellowship/public/recover-password/eyJpdiI6Ikp0VmJoZnFGZDF1OG1odURiVXhPcnc9PSIsInZhbHVlIjoiLzhwNlExTTErT055bmxKdGZtUVNRSXFaNDlKKy95aWJjS3pScnZ4THhrZ2RiMmNYTGdCTWxVcndGa0lNMkJJTCIsIm1hYyI6IjY5YTQ0YWE0OTcyY2ZlM2VmMDAyNjA1YTgwMDEyYTUyODFiZTk5ZjcyN2M5YmFhNmM4NDFmNjAyMWFlMmI3YjAiLCJ0YWciOiIifQ==<br />\r\n<br />\r\nThanks</p>',	'globiznotification@gmail.com',	'rakesh.globiztechnology@gmail.com',	NULL,	NULL,	1,	0,	'2022-10-04 18:23:50',	'2022-10-04 12:53:53'),
(92,	'forgot-password',	'Forgot Password',	'<p>Dear Beverly&nbsp;Nieves<br />\r\n<br />\r\nPlease click on below link to reset your account password.<br />\r\n<br />\r\nhttp://localhost/laravel/fellowship/public/recover-password/eyJpdiI6IjRtRlR5M2RYWUN2empqWHRIRVZ0aFE9PSIsInZhbHVlIjoiZy9iQWNqQktCb2E0ZWdWQkd4QnNEazRtMzE1eEdsT2RCNTh0T3o0WTR2MnFpOXc4dEJieDNoYU5BQXY4TmR4RiIsIm1hYyI6ImJmZGRiODc0YzdhMGY2NTc4NTBiYjhhMTE2YjFiMTFiNDBhNDUxYjVkZWU2ODRlZDg0OGVmZWNlZjBkZWI1NmIiLCJ0YWciOiIifQ==<br />\r\n<br />\r\nThanks</p>',	'globiznotification@gmail.com',	'rakesh.globiztechnology@gmail.com',	NULL,	NULL,	1,	0,	'2022-10-04 18:33:08',	'2022-10-04 13:03:11'),
(93,	'forgot-password',	'Forgot Password',	'<p>Dear Beverly&nbsp;Nieves<br />\r\n<br />\r\nPlease click on below link to reset your account password.<br />\r\n<br />\r\nhttp://localhost/laravel/fellowship/public/recover-password/eyJpdiI6IkZML1JpSnhjTXhZZk55NEdoWVZ5RXc9PSIsInZhbHVlIjoieFYwUDJhM3BjbkhZUWlVU0ZwTCtVdkxDZzVBRVluZExQa2hSWC9laDQ2WkVtQ3BHY01Rcm13M3pPQjE0VmZIayIsIm1hYyI6ImEyNDZhZmVjODFkYjc1NTA0MjVhNjE4YmVkOTgxYTVkYmNlMTJkODcyMjc2NmFkZmU3ZDQ4NDg4NjQyMjQwOWYiLCJ0YWciOiIifQ==<br />\r\n<br />\r\nThanks</p>',	'globiznotification@gmail.com',	'rakesh.globiztechnology@gmail.com',	NULL,	NULL,	1,	0,	'2022-10-04 18:34:15',	'2022-10-04 13:04:18'),
(94,	'forgot-password',	'Forgot Password',	'<p>Dear Beverly&nbsp;Nieves<br />\r\n<br />\r\nPlease click on below link to reset your account password.<br />\r\n<br />\r\nhttp://localhost/laravel/fellowship/public/recover-password/eyJpdiI6ImNEOUtxNkFSaTJueTgwREtxT2MrMmc9PSIsInZhbHVlIjoiY3FuYm02ZlJpRERlZUxCcngvaXpwY0Y1aW5xdFRVL1lJbjNKY291M2x4M240OWpwM2hlZ1FtVFIyTWtvOEp0ZCIsIm1hYyI6IjE4MzU5MjE4MTM2NTUzZDk1MjA4ZjQ3YzI4NDVhMDg0YTcwZWMyMWJmYzgxYzQxMzhmNzYyNWYzNDM5Y2QxMDciLCJ0YWciOiIifQ==<br />\r\n<br />\r\nThanks</p>',	'globiznotification@gmail.com',	'rakesh.globiztechnology@gmail.com',	NULL,	NULL,	1,	0,	'2022-10-04 18:37:32',	'2022-10-04 13:07:35'),
(95,	'forgot-password',	'Forgot Password',	'<p>Dear Beverly&nbsp;Nieves<br />\r\n<br />\r\nPlease click on below link to reset your account password.<br />\r\n<br />\r\nhttp://localhost/laravel/fellowship/public/recover-password/eyJpdiI6IkQ0ZHlqUVdhUmxwMGtoU3E5SXZXN3c9PSIsInZhbHVlIjoiODdVMjhUd3JUYlN4MDQyU0w4eS85eEhEeEc5NHpmWEJrc3FPOFJyWURwUTlHUGFBTGRTSnczekJ4d2xrZGRVeCIsIm1hYyI6Ijc4NjE5NzI5NDMzMGEyM2E0MjgwZmQ3ZTY0MWFlMDAzMjgzYTg1NzFjODhkNDU5NWQ3OTRjZjAxYzkyMTQwODIiLCJ0YWciOiIifQ==<br />\r\n<br />\r\nThanks</p>',	'globiznotification@gmail.com',	'rakesh.globiztechnology@gmail.com',	NULL,	NULL,	1,	0,	'2022-10-04 18:38:18',	'2022-10-04 13:08:23'),
(96,	'registration',	'Registration Successful.',	'<p>Dear Tamekah&nbsp;Rowland</p>\r\n\r\n<p>Greetings! Thank you for registration with us. Please verify your email from the link below.</p>\r\n\r\n<p><a href=\"http://localhost/laravel/fellowship/public/email-verification/eyJpdiI6ImE5c3N1bVBqZk9aNHlBcE1SamdnalE9PSIsInZhbHVlIjoiNFc1RXdMZytWUFh3K2RCU0hzZlBaaGRWQ3RzK1RteXJXK3pHaHJPS2wvL2dyU25xR0ZpWVEvZUJtRmVuZ3d4MEZIejk1eC9FbXg2dHBxdWJEVkFiR2x4cTFENDRzS1FqR2xZUmhnTDk2VkE9IiwibWFjIjoiZDFmZTMzZjE1ZTg2Nzg3NmU5OTljNzRlMmQ5OGQ0ZGE5YjMyNjRmNjdlNjc0YzdiZDU4N2Y4OWMxNWM5OTI3YyIsInRhZyI6IiJ9\" target=\"_blank\">http://localhost/laravel/fellowship/public/email-verification/eyJpdiI6ImE5c3N1bVBqZk9aNHlBcE1SamdnalE9PSIsInZhbHVlIjoiNFc1RXdMZytWUFh3K2RCU0hzZlBaaGRWQ3RzK1RteXJXK3pHaHJPS2wvL2dyU25xR0ZpWVEvZUJtRmVuZ3d4MEZIejk1eC9FbXg2dHBxdWJEVkFiR2x4cTFENDRzS1FqR2xZUmhnTDk2VkE9IiwibWFjIjoiZDFmZTMzZjE1ZTg2Nzg3NmU5OTljNzRlMmQ5OGQ0ZGE5YjMyNjRmNjdlNjc0YzdiZDU4N2Y4OWMxNWM5OTI3YyIsInRhZyI6IiJ9</a></p>\r\n\r\n<p>Thanks</p>',	'globiznotification@gmail.com',	'rakesh.globiztechnology@gmail.com',	NULL,	NULL,	1,	0,	'2022-10-06 10:15:04',	'2022-10-06 04:45:09'),
(97,	'forgot-password',	'Forgot Password',	'<p>Dear Tamekah&nbsp;Rowland<br />\r\n<br />\r\nPlease click on below link to reset your account password.<br />\r\n<br />\r\nhttp://localhost/laravel/fellowship/public/recover-password/eyJpdiI6IlF2djBGeERwQVdvYWljcTk3R01md1E9PSIsInZhbHVlIjoiWHF4Z3d3YXhzV09TelFRanJKNVlTQk83K3Q3Tmk0TlMvREswL0NMRTBUOXY3ek9JOG1paTMrZi9nRlBwaWFrdyIsIm1hYyI6IjQzZTBiZTk5MjJmYTQ3ODVjZTU2MjA4NmZjZGYzZGRjOTk1YTJjMzFmNjcxZTdhNzc4M2IxNWY2MzQzMDI4MDUiLCJ0YWciOiIifQ==<br />\r\n<br />\r\nThanks</p>',	'globiznotification@gmail.com',	'rakesh.globiztechnology@gmail.com',	NULL,	NULL,	1,	0,	'2022-10-06 11:25:52',	'2022-10-06 05:55:56'),
(98,	'forgot-password',	'Forgot Password',	'<p>Dear Rakesh&nbsp;Kumar<br />\r\n<br />\r\nPlease click on below link to reset your account password.<br />\r\n<br />\r\nhttp://localhost/laravel/fellowship/public/recover-password/eyJpdiI6IlM0cmI1T3lFSFR1UkZmVHRUcld5K0E9PSIsInZhbHVlIjoiTzVhNnh0MTdDbFpjY3dCc3laK3I0M3pVY3FjaXFDVytQbHlqV25ndjkzMlR1U3hPQ3RDSXZOOWk3Wi9Mc1FYQyIsIm1hYyI6IjMxZDFiYjc4N2ZlZWJmY2U0N2I5NTBhNWJhZjYyNTQ0NDUzNTI2N2M0YTg5OGM2YmI3NzM3YjE1NzVlOGNjNjUiLCJ0YWciOiIifQ==<br />\r\n<br />\r\nThanks</p>',	'globiznotification@gmail.com',	'rakesh.globiztechnology@gmail.com',	NULL,	NULL,	1,	0,	'2022-10-06 14:10:30',	'2022-10-06 08:40:35'),
(99,	'forgot-password',	'Forgot Password',	'<p>Dear Rakesh&nbsp;Kumar<br />\r\n<br />\r\nPlease click on below link to reset your account password.<br />\r\n<br />\r\nhttp://localhost/laravel/fellowship/public/recover-password/eyJpdiI6IjZFVjByN1NmS2dCMzZ3UUFhY0dENHc9PSIsInZhbHVlIjoic0lXMTVKZmI5SW9UTzVQd0hmanU1dlFsQXZZb2tqTUpXSFN4Nld3bnJ4Sk95Yi9OcFl4WTA2TkREYTZhTlZZbyIsIm1hYyI6Ijg1ZTMwYTgzODA0NDU3YzJjNWFjYmQ1ODYxYzgyNGExNzIzMTRhMmQ3ZmVjZDZkZDNiMDAwNGVkMzM0NzM1M2MiLCJ0YWciOiIifQ==<br />\r\n<br />\r\nThanks</p>',	'globiznotification@gmail.com',	'rakesh.globiztechnology@gmail.com',	NULL,	NULL,	1,	0,	'2022-10-06 14:11:53',	'2022-10-06 08:41:56'),
(100,	'forgot-password',	'Forgot Password',	'<p>Dear Rakesh&nbsp;Kumar<br />\r\n<br />\r\nPlease click on below link to reset your account password.<br />\r\n<br />\r\nhttp://localhost/laravel/fellowship/public/recover-password/eyJpdiI6IjZVdjNRNHk1U1V6U0NZY3h0akV3ckE9PSIsInZhbHVlIjoiVGZjWDhnQmFOVkZCV3JkOEo1ZzhIMkc4QkcrOENkQlo3M0hyVzltOTlLV3dBakluZDArcUJKZm9LSmZhMmdJMyIsIm1hYyI6ImNmNWU3NGJmYjA0OWY5ZDRkYWE0NjliM2RhMmQyNmM2MjZkMGQwNjM2YmNkMGRhZWIyOWUwNzgyMjcxZWI0YWEiLCJ0YWciOiIifQ==<br />\r\n<br />\r\nThanks</p>',	'globiznotification@gmail.com',	'rakesh.globiztechnology@gmail.com',	NULL,	NULL,	1,	0,	'2022-10-06 16:18:01',	'2022-10-06 10:48:04'),
(101,	'registration',	'Registration Successful.',	'<p>Dear Rakesh&nbsp;Kumar</p>\r\n\r\n<p>Greetings! Thank you for registration with us. Please verify your email from the link below.</p>\r\n\r\n<p><a href=\"http://localhost/laravel/fellowship/public/email-verification/eyJpdiI6IlNxaE9ORGE5VmZUT2NOMHFzT3RWN0E9PSIsInZhbHVlIjoiVlJDNFhISlU1eXFHNTMvS0J0cWJuUGxnVnVubGtGT3lId1R1SGMvU0Z5eitYMEw2TFdXQUMwc0tDc2RkZVJKSjBCL3BrdVkwaFVITkY0bWRDOUxiRVZaSTNGQ2NSRkRIdFExTDhOK0RZdnM9IiwibWFjIjoiMDhkNDc5MjFiNmMzYjk3OWUxMTA1YzEyMjRhODg4ZTU4MDRiZjdmMTViZWRkODcwOWIwNWJhMzIwN2MxNGJmZSIsInRhZyI6IiJ9\" target=\"_blank\">http://localhost/laravel/fellowship/public/email-verification/eyJpdiI6IlNxaE9ORGE5VmZUT2NOMHFzT3RWN0E9PSIsInZhbHVlIjoiVlJDNFhISlU1eXFHNTMvS0J0cWJuUGxnVnVubGtGT3lId1R1SGMvU0Z5eitYMEw2TFdXQUMwc0tDc2RkZVJKSjBCL3BrdVkwaFVITkY0bWRDOUxiRVZaSTNGQ2NSRkRIdFExTDhOK0RZdnM9IiwibWFjIjoiMDhkNDc5MjFiNmMzYjk3OWUxMTA1YzEyMjRhODg4ZTU4MDRiZjdmMTViZWRkODcwOWIwNWJhMzIwN2MxNGJmZSIsInRhZyI6IiJ9</a></p>\r\n\r\n<p>Thanks</p>',	'globiznotification@gmail.com',	'rakesh.globiztechnology@gmail.com',	NULL,	NULL,	1,	0,	'2022-10-06 16:23:43',	'2022-10-06 10:53:46'),
(102,	'registration',	'Registration Successful.',	'<p>Dear Dacey&nbsp;Mclaughlin</p>\r\n\r\n<p>Greetings! Thank you for registration with us. Please verify your email from the link below.</p>\r\n\r\n<p><a href=\"http://localhost/laravel/fellowship/public/email-verification/eyJpdiI6InM0TVd3TmFldnFBd0Nram4zdGhPY3c9PSIsInZhbHVlIjoibFdFNUxaQWR2SUY5UWNWZ1dUbHkxNUw3ZHhOZ0lNWmhFUGMrMlN2WlV0eTYwVUpRZTRwZ1lYcWZOcVF2YjRvRU5yY3R0dTJ3VkRDWUsvUFpUdjBmd3hoUDgvTGtYd1oxaDhoajFoNFlSQTA9IiwibWFjIjoiZDA3MzhhM2MyMTMyMjgzN2MyNTY0NzgyYTc0ODM3NGQ3OGE4ZGYwMTZjZjc5MWViM2FmZDI2ODk5YTFmZjZkZCIsInRhZyI6IiJ9\" target=\"_blank\">http://localhost/laravel/fellowship/public/email-verification/eyJpdiI6InM0TVd3TmFldnFBd0Nram4zdGhPY3c9PSIsInZhbHVlIjoibFdFNUxaQWR2SUY5UWNWZ1dUbHkxNUw3ZHhOZ0lNWmhFUGMrMlN2WlV0eTYwVUpRZTRwZ1lYcWZOcVF2YjRvRU5yY3R0dTJ3VkRDWUsvUFpUdjBmd3hoUDgvTGtYd1oxaDhoajFoNFlSQTA9IiwibWFjIjoiZDA3MzhhM2MyMTMyMjgzN2MyNTY0NzgyYTc0ODM3NGQ3OGE4ZGYwMTZjZjc5MWViM2FmZDI2ODk5YTFmZjZkZCIsInRhZyI6IiJ9</a></p>\r\n\r\n<p>Thanks</p>',	'globiznotification@gmail.com',	'jikivub@mailinator',	NULL,	NULL,	1,	0,	'2022-10-07 12:00:59',	'2022-10-07 06:31:04'),
(103,	'registration',	'Registration Successful.',	'<p>Dear Rakesh&nbsp;Kumar</p>\r\n\r\n<p>Greetings! Thank you for registration with us. Please verify your email from the link below.</p>\r\n\r\n<p><a href=\"http://localhost/laravel/fellowship/public/email-verification/eyJpdiI6Ii82V3RYZDdJTnZVbXZXVmRRdkp3akE9PSIsInZhbHVlIjoiZmtTd0wzelhseWczOWJ6d29vYzJvMEVnWGVnaVBLVXJUT1JXS2kwTm1VVmJUc2Juamo1Q1VxQk5qTk92QVdKa1ljKzMrUkh3RklIZWxrUEpqQnptdlJDa04wRzNFVklreVlEZzFmOVQvb0E9IiwibWFjIjoiY2EyZGE5YmRlNjcxNGYwODA5ZmViYTNmOTFmMTQ4MDRiZDMyODljMzUxYWRjZTc2NDYzNzg3NThlZDU4ZDllNiIsInRhZyI6IiJ9\" target=\"_blank\">http://localhost/laravel/fellowship/public/email-verification/eyJpdiI6Ii82V3RYZDdJTnZVbXZXVmRRdkp3akE9PSIsInZhbHVlIjoiZmtTd0wzelhseWczOWJ6d29vYzJvMEVnWGVnaVBLVXJUT1JXS2kwTm1VVmJUc2Juamo1Q1VxQk5qTk92QVdKa1ljKzMrUkh3RklIZWxrUEpqQnptdlJDa04wRzNFVklreVlEZzFmOVQvb0E9IiwibWFjIjoiY2EyZGE5YmRlNjcxNGYwODA5ZmViYTNmOTFmMTQ4MDRiZDMyODljMzUxYWRjZTc2NDYzNzg3NThlZDU4ZDllNiIsInRhZyI6IiJ9</a></p>\r\n\r\n<p>Thanks</p>',	'globiznotification@gmail.com',	'rakesh.globiztechnology@gmail.com',	NULL,	NULL,	1,	0,	'2022-10-07 13:17:18',	'2022-10-07 07:47:21'),
(104,	'forgot-password',	'Forgot Password',	'<p>Dear Rakesh&nbsp;Kumar<br />\r\n<br />\r\nPlease click on below link to reset your account password.<br />\r\n<br />\r\nhttp://localhost/laravel/fellowship/public/recover-password/eyJpdiI6IkJYYTBLeWVrNW03OWVST3U4RzdGZ2c9PSIsInZhbHVlIjoiajh0LzlBNVN6T0JQOG1QN09OM2VpOFlCRDJra0xYR1h2T2Y2VjBmZnRhbE9iMnl4TUZmS21CZzBlZXdGajY1eiIsIm1hYyI6ImM4MmYyNTk5MDZmMDc3YjQ5N2E1NTRmNDQ3ZmU1ODIwODJkNTI1ODcyODNhOTNiYjc4N2YzYzNlOGMxZjFhNTgiLCJ0YWciOiIifQ==<br />\r\n<br />\r\nThanks</p>',	'globiznotification@gmail.com',	'rakesh.globiztechnology@gmail.com',	NULL,	NULL,	1,	0,	'2022-10-07 13:24:38',	'2022-10-07 07:54:41'),
(105,	'forgot-password',	'Forgot Password',	'<p>Dear Rakesh&nbsp;Kumar<br />\r\n<br />\r\nPlease click on below link to reset your account password.<br />\r\n<br />\r\nhttp://localhost/laravel/fellowship/public/reset-password/eyJpdiI6IkN2RHpGQ0pjWGJBM0JvUDlUVmRUTFE9PSIsInZhbHVlIjoiR3NNTWN5Q3lKOHhkWEtLakpYU1lNTjVYc2s5R2FrN25VY2pmY211TW03RUtKbnppVjh4ZUJKa1B1aUF4RlpmRiIsIm1hYyI6IjBiZjQxZjE1MDk0ZDNlMWJiYzNhNjk0ZGY4Yzc0ZmI0MzAwMmRiZmQ5NjdhMjVlZWZjOTM2NTlhNGNiOTU1MWQiLCJ0YWciOiIifQ==<br />\r\n<br />\r\nThanks</p>',	'globiznotification@gmail.com',	'rakesh.globiztechnology@gmail.com',	NULL,	NULL,	1,	0,	'2022-10-07 13:27:51',	'2022-10-07 07:57:55'),
(106,	'forgot-password',	'Forgot Password',	'<p>Dear Rakesh&nbsp;Kumar<br />\r\n<br />\r\nPlease click on below link to reset your account password.<br />\r\n<br />\r\nhttp://localhost/laravel/fellowship/public/reset-password/eyJpdiI6ImYzVXRDTkRjT3B6NTZEOFVaNGFmMVE9PSIsInZhbHVlIjoiU2V0OGVSZWFKb2hDdk5TZ05CcjBuN1RUYldxelF3T1dzK2NxRlc2KzBVOUx3MUdpdnVnVkRkNEpMY2dKN3hFayIsIm1hYyI6IjkzYzMwMzY2NmE3NmZjNGYzZWZkYmRkOWM0MzlmMmQ1MGM3NjEwYjA3NDViNTc0OWZjODdjZTM2NjE1MmI5ODIiLCJ0YWciOiIifQ==<br />\r\n<br />\r\nThanks</p>',	'globiznotification@gmail.com',	'rakesh.globiztechnology@gmail.com',	NULL,	NULL,	1,	0,	'2022-10-07 15:20:58',	'2022-10-07 09:51:03'),
(107,	'forgot-password',	'Forgot Password',	'<p>Dear Rakesh&nbsp;Kumar<br />\r\n<br />\r\nPlease click on below link to reset your account password.<br />\r\n<br />\r\nhttp://localhost/laravel/fellowship/public/reset-password/eyJpdiI6IlNnellJdTRtcVA2b1p5c2NUc2g2dUE9PSIsInZhbHVlIjoibHRKeWc2c3creXZDMU5EWlpzWTBQWE5FYmtTV0JJQjRFMjRxUnd0bDRBaUJwUUNhaGtTQjRzS2tuUnZWNnE3aiIsIm1hYyI6ImM2MjZkYWQyNGNlNDI1MzExZDgyNjMwY2E4OWQ2OTFhZmE1ZmFmZjQyYjljMmY2NjM2YWZmNmFmZDdkOTk4ZTEiLCJ0YWciOiIifQ==<br />\r\n<br />\r\nThanks</p>',	'globiznotification@gmail.com',	'rakesh.globiztechnology@gmail.com',	NULL,	NULL,	1,	0,	'2022-10-07 16:09:10',	'2022-10-07 10:39:13'),
(108,	'forgot-password',	'Forgot Password',	'<p>Dear Rakesh&nbsp;Kumar<br />\r\n<br />\r\nPlease click on below link to reset your account password.<br />\r\n<br />\r\nhttp://localhost/laravel/fellowship/public/reset-password/eyJpdiI6IlVJR3pxN0Z3dFJXOVZ1VW5keVBtOGc9PSIsInZhbHVlIjoibVpqSW4wdU51c3o0aGZMV1pycmlVR2NoZUhKT3I4RG5kL2VjK0JKems2RFlMUEdocHUrU1YreEVlbVVxMEFCYSIsIm1hYyI6ImY4Y2I4NGJiZGNiYTQ3MGMzNTI4NTMzNzY1Y2RkNTJhMDNhMGY0MzFjOTI1NTVhMmZhNmY2M2MzNDM0Y2I2ZTAiLCJ0YWciOiIifQ==<br />\r\n<br />\r\nThanks</p>',	'globiznotification@gmail.com',	'rakesh.globiztechnology@gmail.com',	NULL,	NULL,	1,	0,	'2022-10-07 16:30:39',	'2022-10-07 11:00:44'),
(109,	'forgot-password',	'Forgot Password',	'<p>Dear Rakesh&nbsp;Kumar<br />\r\n<br />\r\nPlease click on below link to reset your account password.<br />\r\n<br />\r\nhttp://localhost/laravel/fellowship/public/reset-password/eyJpdiI6InE0VG9hMStQUGhDK1VGVllmQXpFTXc9PSIsInZhbHVlIjoiOHBUVnUyNnBTQUpiZjB4NEJVSnUrRHorT0IvYjQ2U2lhc2dZa2FYNmdIUGZNUmxTSlVuY1JNWmtUcWhmZitzWCIsIm1hYyI6IjViZjY2ODNiYjUyMmY1NDA5ZjEwNmE0Mjk0MWZiMTRkY2M3NjgyZmMyM2Y2YWY3ZTRkMjZmNTY0MjJhMzJlNTIiLCJ0YWciOiIifQ==<br />\r\n<br />\r\nThanks</p>',	'globiznotification@gmail.com',	'rakesh.globiztechnology@gmail.com',	NULL,	NULL,	1,	0,	'2022-10-07 16:31:33',	'2022-10-07 11:01:37'),
(110,	'registration',	'Registration Successful.',	'<p>Dear Rakesh&nbsp;Kumar</p>\r\n\r\n<p>Greetings! Thank you for registration with us. Please verify your email from the link below.</p>\r\n\r\n<p><a href=\"http://localhost/laravel/fellowship/public/email-verification/eyJpdiI6IlZFYzFSYzZPeHlKL2xQZWRHSllaOHc9PSIsInZhbHVlIjoiUXNiRUdZREZBZGRHb05sL3dJc2lyVURWRC94VStRTHRvdlFUTTFmQ3FhYnJQRUk0ekRhTDFhbGZBU3BZYmV4d0RBVEFra1h1Sm1LSkRLbjRkZkxnNm5JVTJNOHI3QThJdUdCWGQwaGE2Ujg9IiwibWFjIjoiYmRlMWJkZjBjZTkwY2UyOThjOGRlZGVkZjQxNThkNGY3OTZjZmM5NDc4NzEyNjNhZTY4OTExYTA2MGE3Y2E4NiIsInRhZyI6IiJ9\" target=\"_blank\">http://localhost/laravel/fellowship/public/email-verification/eyJpdiI6IlZFYzFSYzZPeHlKL2xQZWRHSllaOHc9PSIsInZhbHVlIjoiUXNiRUdZREZBZGRHb05sL3dJc2lyVURWRC94VStRTHRvdlFUTTFmQ3FhYnJQRUk0ekRhTDFhbGZBU3BZYmV4d0RBVEFra1h1Sm1LSkRLbjRkZkxnNm5JVTJNOHI3QThJdUdCWGQwaGE2Ujg9IiwibWFjIjoiYmRlMWJkZjBjZTkwY2UyOThjOGRlZGVkZjQxNThkNGY3OTZjZmM5NDc4NzEyNjNhZTY4OTExYTA2MGE3Y2E4NiIsInRhZyI6IiJ9</a></p>\r\n\r\n<p>Thanks</p>',	'globiznotification@gmail.com',	'rakesh.globiztechnology@gmail.com',	NULL,	NULL,	1,	0,	'2022-10-07 17:25:41',	'2022-10-07 11:55:45'),
(111,	'forgot-password',	'Forgot Password',	'<p>Dear Rakesh&nbsp;Kumar<br />\r\n<br />\r\nPlease click on below link to reset your account password.<br />\r\n<br />\r\nhttp://localhost/laravel/fellowship/public/reset-password/eyJpdiI6ImNBcTJ4MTVEV3VNY0hqU2tsMVg3blE9PSIsInZhbHVlIjoiSGpPTk5wRm5iU3hLWjhGRDg3UGw2T1VFZVhDSlduQ0ZpeWFnVXl4ekZWcjdpenc4dVd5NW8yRE9OTlEvOENYaiIsIm1hYyI6IjVjMzYyM2VjM2Y4Y2FjM2IzNmRlZWMwMWEwNWJhMjA4ZWRmYjNjZGI4ZGIzYTdjOTg0MmI1MDYyMThmYzc3OGMiLCJ0YWciOiIifQ==<br />\r\n<br />\r\nThanks</p>',	'globiznotification@gmail.com',	'rakesh.globiztechnology@gmail.com',	NULL,	NULL,	1,	0,	'2022-10-07 17:29:23',	'2022-10-07 11:59:26'),
(112,	'forgot-password',	'Forgot Password',	'<p>Dear Rakesh&nbsp;Kumar<br />\r\n<br />\r\nPlease click on below link to reset your account password.<br />\r\n<br />\r\nhttp://localhost/laravel/fellowship/public/reset-password/eyJpdiI6ImpaalRFenJQcEU4M1BOUk5XYm1DT1E9PSIsInZhbHVlIjoiVkJNZjB1aUw1S21JNjBYSWE3bng5amRuVFdFMnRTWnN3NDg0ZEx5b21iZHRuMTFkNmpWVUhLQmxwSHVidkJvNyIsIm1hYyI6Ijc4ZjZjYzRjZmE3MjIwZWRmMmQxMmQzZWY5ODdiYWQxZWU0Y2I1YzNmMzUwZjYzMmMwZWRkMDkwNmVkM2YxMzAiLCJ0YWciOiIifQ==<br />\r\n<br />\r\nThanks</p>',	'globiznotification@gmail.com',	'rakesh.globiztechnology@gmail.com',	NULL,	NULL,	1,	0,	'2022-10-07 18:15:50',	'2022-10-07 12:45:54'),
(113,	'forgot-password',	'Forgot Password',	'<p>Dear Rakesh&nbsp;Kumar<br />\r\n<br />\r\nPlease click on below link to reset your account password.<br />\r\n<br />\r\nhttp://localhost/laravel/fellowship/public/reset-password/eyJpdiI6IkU0bG8wR1JLbWJBa0w1MHBwSmdETmc9PSIsInZhbHVlIjoiMEU0ZWthV3N6MDFVUlpSNWZwWEd4K3VNOENnN1Y4aGxhUVlEdFFpOUhkV2pzUkwvbkpTMlVYcVovbkMxK3BhTyIsIm1hYyI6IjM0MGUzNGM0MjI2YjQ4MDVkMDczY2Y2ZTBmODU3MWVjZWQ2NjNjNzJiMjM4ZWFiNjk3Zjc5YjkwMDdmYzM4NjIiLCJ0YWciOiIifQ==<br />\r\n<br />\r\nThanks</p>',	'globiznotification@gmail.com',	'rakesh.globiztechnology@gmail.com',	NULL,	NULL,	1,	0,	'2022-10-07 18:23:14',	'2022-10-07 12:53:18'),
(114,	'forgot-password',	'Forgot Password',	'<p>Dear Rakesh&nbsp;Kumar<br />\r\n<br />\r\nPlease click on below link to reset your account password.<br />\r\n<br />\r\nhttp://localhost/laravel/fellowship/public/reset-password/eyJpdiI6ImsvQ0pnemxQWWRXV3lyb1pOTW5JTWc9PSIsInZhbHVlIjoiRXcxaDNFWE5HQnFIbVFmb0pPU1RJVTFuVVBRbFlFeUJCR3lmLzdoMWtvQzB1YjM4ZG5qVkZINkQzS3hxUEZ2eiIsIm1hYyI6ImE5ZGU0MjE1YmNjNDc1ZWQ0MmU2NWVmOTcyOTc3YmUzOTA1N2EwMDU4Yzg5YmFiOTJiMzYyMmFkMzc5N2E0M2UiLCJ0YWciOiIifQ==<br />\r\n<br />\r\nThanks</p>',	'globiznotification@gmail.com',	'rakesh.globiztechnology@gmail.com',	NULL,	NULL,	1,	0,	'2022-10-07 18:47:28',	'2022-10-07 13:17:31'),
(115,	'forgot-password',	'Forgot Password',	'<p>Dear Rakesh&nbsp;Kumar<br />\r\n<br />\r\nPlease click on below link to reset your account password.<br />\r\n<br />\r\nhttp://localhost/laravel/fellowship/public/reset-password/eyJpdiI6IjJ6Qk1La2xCc3RienhUSXZoZ29qR2c9PSIsInZhbHVlIjoidldBWE9tNzl1Tm9QaDlWd1FILzdsRzIwdnE5SnBENWZLNWRFaXI0QWpuYTVsVGZ0VkxXOWwwTk9ZTWRWaGx6eiIsIm1hYyI6IjY2NDA3NjNhMDdiODFjYmRhZjEyY2I3NzgyZGFmY2RlM2I1YjQ2NjQwMDYwOTI4Yjk2MTU1NDA1MDRlN2YxZmQiLCJ0YWciOiIifQ==<br />\r\n<br />\r\nThanks</p>',	'globiznotification@gmail.com',	'rakesh.globiztechnology@gmail.com',	NULL,	NULL,	1,	0,	'2022-10-07 19:07:55',	'2022-10-07 13:37:58'),
(116,	'registration',	'Registration Successful.',	'<p>Dear Jatin&nbsp;Gandhi</p>\r\n\r\n<p>Greetings! Thank you for registration with us. Please verify your email from the link below.</p>\r\n\r\n<p><a href=\"http://localhost/fellowship/public/email-verification/eyJpdiI6IkcvVjV3b25pekpEWHpScTdxZUFKVXc9PSIsInZhbHVlIjoiUEMxZytsZzRLUitjVnVqRjVtQjNVNFAwSUF4eFNyaXhxbVZHVWcxdnEvcTYzZ2wvS2pRRWRsdzNlWWFuSHJYWjVDeFVuaEV3czN3TnIxZmIxcXQ0RjBaTHI1aVI4VklpbjVpcHFUT0VIaFE9IiwibWFjIjoiNTVjOTU0NWVlMzA3ZWVjZDUzODEwNGRhM2NkYjUwYzQxNTVkNTY2Y2E3NzBmMDk4NmI2ZjU5YWZlYzVlMmYzNyIsInRhZyI6IiJ9\" target=\"_blank\">http://localhost/fellowship/public/email-verification/eyJpdiI6IkcvVjV3b25pekpEWHpScTdxZUFKVXc9PSIsInZhbHVlIjoiUEMxZytsZzRLUitjVnVqRjVtQjNVNFAwSUF4eFNyaXhxbVZHVWcxdnEvcTYzZ2wvS2pRRWRsdzNlWWFuSHJYWjVDeFVuaEV3czN3TnIxZmIxcXQ0RjBaTHI1aVI4VklpbjVpcHFUT0VIaFE9IiwibWFjIjoiNTVjOTU0NWVlMzA3ZWVjZDUzODEwNGRhM2NkYjUwYzQxNTVkNTY2Y2E3NzBmMDk4NmI2ZjU5YWZlYzVlMmYzNyIsInRhZyI6IiJ9</a></p>\r\n\r\n<p>Thanks</p>',	'globiznotification@gmail.com',	'jatin.gandhi@globiztechnology.com',	NULL,	NULL,	1,	0,	'2022-10-13 13:06:51',	'2022-10-13 07:36:59'),
(117,	'registration',	'Registration Successful.',	'<p>Dear Jatin&nbsp;Gandhi</p>\r\n\r\n<p>Greetings! Thank you for registration with us. Please verify your email from the link below.</p>\r\n\r\n<p>{verification_link}</p>\r\n\r\n<p>Thanks</p>',	'globiznotification@gmail.com',	'jatin.gandhi@globiztechnology.com',	NULL,	NULL,	1,	0,	'2022-10-13 13:08:13',	'2022-10-13 07:38:19'),
(118,	'registration',	'Registration Successful.',	'<p>Dear Jatin&nbsp;Gandhi</p>\r\n\r\n<p>Greetings! Thank you for registration with us. Please verify your email from the link below.</p>\r\n\r\n<p></p>\r\n\r\n<p>Thanks</p>',	'globiznotification@gmail.com',	'jatin.gandhi@globiztechnology.com',	NULL,	NULL,	1,	0,	'2022-10-13 13:09:05',	'2022-10-13 07:39:10'),
(119,	'registration',	'Registration Successful.',	'<p>Dear Jatin&nbsp;Gandhi</p>\r\n\r\n<p>Greetings! Thank you for registration with us. Please verify your email from the link below.</p>\r\n\r\n<p></p>\r\n\r\n<p>Thanks</p>',	'globiznotification@gmail.com',	'jatin.gandhi@globiztechnology.com',	NULL,	NULL,	1,	0,	'2022-10-13 13:10:34',	'2022-10-13 07:40:39'),
(120,	'newsletter',	'Newsletter Subscribed',	'<p>Dear<br />\r\n<br />\r\n\r\nThank you for subscribing to our newsletter.\r\n\r\n<br />\r\nThanks</p>',	'globiznotification@gmail.com',	'jatin.gandhi@globiztechnology.com',	NULL,	NULL,	1,	0,	'2022-10-13 13:19:08',	'2022-10-13 07:49:13'),
(121,	'newsletter',	'Newsletter Subscribed',	'<p>Dear<br />\r\n<br />\r\n\r\nThank you for subscribing to our newsletter.\r\n\r\n<br />\r\nThanks</p>',	'globiznotification@gmail.com',	'admin@comunex.com',	NULL,	NULL,	1,	0,	'2022-10-13 13:20:33',	'2022-10-13 07:50:38'),
(122,	'newsletter',	'Newsletter Subscribed',	'<p>Dear<br />\r\n<br />\r\n\r\nThank you for subscribing to our newsletter.\r\n\r\n<br />\r\nThanks</p>',	'globiznotification@gmail.com',	'admin@iqcar.com',	NULL,	NULL,	1,	0,	'2022-10-13 13:20:59',	'2022-10-13 07:51:04'),
(123,	'newsletter',	'Newsletter Subscribed',	'<p>Dear<br />\r\n<br />\r\n\r\nThank you for subscribing to our newsletter.\r\n\r\n<br />\r\nThanks</p>',	'globiznotification@gmail.com',	'yallamenadirectory@gmail.com',	NULL,	NULL,	1,	0,	'2022-10-13 13:23:18',	'2022-10-13 07:53:24'),
(124,	'newsletter',	'Newsletter Subscribed',	'<p>Dear<br />\r\n<br />\r\n\r\nThank you for subscribing to our newsletter.\r\n\r\n<br />\r\nThanks</p>',	'globiznotification@gmail.com',	'info@gradgenius.com',	NULL,	NULL,	1,	0,	'2022-10-13 13:24:24',	'2022-10-13 07:54:29'),
(125,	'registration',	'Registration Successful.',	'<p>Dear kamal&nbsp;deep</p>\r\n\r\n<p>Greetings! Thank you for registration with us.</p>\r\n\r\n<p>Thanks</p>',	'globiznotification@gmail.com',	'kamaldeep.globiztechnology@gmail.com',	NULL,	NULL,	1,	0,	'2022-10-29 13:03:40',	'2022-10-29 07:33:45'),
(126,	'newsletter',	'Newsletter Subscribed',	'<p>Dear<br />\r\n<br />\r\n\r\nThank you for subscribing to our newsletter.\r\n\r\n<br />\r\nThanks</p>',	'globiznotification@gmail.com',	'kamaldeep@fdd',	NULL,	NULL,	1,	0,	'2022-11-09 18:36:56',	'2022-11-09 13:07:01'),
(127,	'registration',	'Registration Successful.',	'<p>Dear Ginger&nbsp;Byrd</p>\r\n\r\n<p>Greetings! Thank you for registration with us.</p>\r\n\r\n<p>Thanks</p>',	'globiznotification@gmail.com',	'sizubila@mailinator.com',	NULL,	NULL,	1,	0,	'2022-11-14 17:07:24',	'2022-11-14 11:37:29'),
(128,	'registration',	'Registration Successful.',	'<p>Dear Joshua&nbsp;William</p>\r\n\r\n<p>Greetings! Thank you for registration with us.</p>\r\n\r\n<p>Thanks</p>',	'globiznotification@gmail.com',	'leqeho@mailinator.com',	NULL,	NULL,	1,	0,	'2022-11-14 17:07:40',	'2022-11-14 11:37:44'),
(129,	'registration',	'Registration Successful.',	'<p>Dear Chaney&nbsp;Norris</p>\r\n\r\n<p>Greetings! Thank you for registration with us.</p>\r\n\r\n<p>Thanks</p>',	'globiznotification@gmail.com',	'dubimigy@mailinator.com',	NULL,	NULL,	1,	0,	'2022-11-14 17:08:03',	'2022-11-14 11:38:06'),
(130,	'registration',	'Registration Successful.',	'<p>Dear Pandora&nbsp;Forbes</p>\r\n\r\n<p>Greetings! Thank you for registration with us.</p>\r\n\r\n<p>Thanks</p>',	'globiznotification@gmail.com',	'besycebeho@mailinator',	NULL,	NULL,	1,	0,	'2022-11-14 17:29:05',	'2022-11-14 11:59:08'),
(131,	'registration',	'Registration Successful.',	'<p>Dear Laura&nbsp;Eaton</p>\r\n\r\n<p>Greetings! Thank you for registration with us.</p>\r\n\r\n<p>Thanks</p>',	'globiznotification@gmail.com',	'topa@mailinator.com',	NULL,	NULL,	1,	0,	'2022-11-14 17:58:11',	'2022-11-14 12:28:15'),
(132,	'registration',	'Registration Successful.',	'<p>Dear Rakesh&nbsp;Kumar</p>\r\n\r\n<p>Greetings! Thank you for registration with us.</p>\r\n\r\n<p>Thanks</p>',	'globiznotification@gmail.com',	'rakesh.globiztechnology@gmail.com',	NULL,	NULL,	1,	0,	'2022-11-14 17:59:47',	'2022-11-14 12:29:51'),
(133,	'order-request-approved',	'Order Request Approved',	'<p>Dear Rakesh Kumar Your Order request has been approved. Thanks</p>',	'globiznotification@gmail.com',	'rakesh.globiztechnology@gmail.com',	NULL,	NULL,	1,	0,	'2022-11-15 11:06:12',	'2022-11-15 05:36:17'),
(134,	'order-request-approved',	'Order Request Approved',	'<p>Dear kamal deep Your Order request has been approved. Thanks</p>',	'globiznotification@gmail.com',	'kamaldeep.globiztechnology@gmail.com',	NULL,	NULL,	1,	0,	'2022-11-15 11:21:48',	'2022-11-15 05:51:52'),
(135,	'order-request-approved',	'Order Request Approved',	'<p>Dear kamal deep Your Order request has been approved. Thanks</p>',	'globiznotification@gmail.com',	'kamaldeep.globiztechnology@gmail.com',	NULL,	NULL,	1,	0,	'2022-11-15 12:16:18',	'2022-11-15 06:46:22'),
(136,	'order-request-approved',	'Order Request Approved',	'<p>Dear Rakesh Kumar Your Order request has been approved. Thanks</p>',	'globiznotification@gmail.com',	'rakesh.globiztechnology@gmail.com',	NULL,	NULL,	1,	0,	'2022-11-15 12:37:01',	'2022-11-15 07:07:04'),
(137,	'order-request-declined',	'Order Request Declined',	'<p>Dear Rakesh Kumar Your Orders request has been declined. Thanks</p>',	'globiznotification@gmail.com',	'rakesh.globiztechnology@gmail.com',	NULL,	NULL,	1,	0,	'2022-11-17 14:10:16',	'2022-11-17 08:40:22'),
(138,	'order-request-declined',	'Order Request Declined',	'<p>Dear Rakesh Kumar Your Orders request has been declined. Thanks</p>',	'globiznotification@gmail.com',	'rakesh.globiztechnology@gmail.com',	NULL,	NULL,	1,	0,	'2022-11-21 11:58:03',	'2022-11-21 06:28:09');

CREATE TABLE `email_templates` (
  `id` int(11) NOT NULL AUTO_INCREMENT,
  `title` varchar(255) DEFAULT NULL,
  `slug` varchar(255) DEFAULT NULL,
  `type` enum('admin','client') DEFAULT NULL,
  `subject` varchar(255) DEFAULT NULL,
  `description` text DEFAULT NULL,
  `short_codes` tinytext DEFAULT NULL,
  `created` datetime DEFAULT NULL,
  `modified` timestamp NULL DEFAULT NULL,
  PRIMARY KEY (`id`)
) ENGINE=InnoDB DEFAULT CHARSET=utf8;

INSERT INTO `email_templates` (`id`, `title`, `slug`, `type`, `subject`, `description`, `short_codes`, `created`, `modified`) VALUES
(1,	'Admin Registration',	'admin-registration',	'admin',	'Admin Registration Successful.',	'<p>Dear {first_name}&nbsp;{last_name}<br />\r\n<br />\r\nYou account has been registered on {company_name}. Please use the below credentails for login.<br />\r\n<br />\r\n{admin_link}<br />\r\nEmail: {email}<br />\r\nPassword: {password}<br />\r\n<br />\r\nThanks</p>',	'{first_name},{last_name},{email},{password},{admin_link},{company_name}',	'2021-03-01 12:18:13',	'2021-03-01 02:44:27'),
(2,	'Forgot Password',	'admin-forgot-password',	'admin',	'Forgot Password',	'<p><img src=\"https://globizcloudserver.com/phew/public/uploads/editor/16183353227299-screenshot-2021-01-08-at-12.png\" style=\"max-width: 100%; max-height: 400px;\" /></p>\r\n\r\n<p>Dear {first_name}&nbsp;{last_name}<br />\r\n<br />\r\nPlease click on below link to reset your account password.<br />\r\n<br />\r\n{recovery_link}<br />\r\n<br />\r\nThanks</p>',	'{first_name},{last_name},{email},{recovery_link},{admin_link},{company_name}',	'2021-03-01 12:18:09',	'2021-04-13 12:07:09'),
(3,	'Admin Second Auth OTP',	'admin-second-auth-otp',	'admin',	'Your one time password for {company_name}',	'<p>Dear {first_name}&nbsp;{last_name}<br />\r\n<br />\r\nYour account one time password for login is <strong>{one_time_password}</strong>\r\n<br />\r\nThanks</p>',	'{first_name},{last_name},{one_time_password},{company_name}',	'2021-03-01 12:18:13',	'2021-03-01 02:44:27'),
(4,	'User Registration',	'registration',	'client',	'Registration Successful.',	'<p>Dear {first_name}&nbsp;{last_name}</p>\r\n\r\n<p>Greetings! Thank you for registration with us.</p>\r\n\r\n<p>Thanks</p>',	'{first_name},{last_name},{email},{website_link}',	'2021-03-01 12:18:13',	'2022-10-13 07:41:01'),
(5,	'Forgot Password',	'forgot-password',	'client',	'Forgot Password',	'<p>Dear {first_name}&nbsp;{last_name}<br />\r\n<br />\r\nPlease click on below link to reset your account password.<br />\r\n<br />\r\n{recovery_link}<br />\r\n<br />\r\nThanks</p>',	'{first_name},{last_name},{email},{code},{website_link},{company_name}',	'2021-03-01 12:18:09',	'2021-08-24 12:39:56'),
(6,	'Customer Registration by Admin',	'customer-admin-registration',	'client',	'Registration Successful.',	'<p>Dear {first_name}&nbsp;{last_name}<br />\r\n<br />\r\nYou account has been registered on {company_name}. Please use the below credentails for login.<br />\r\n<br />\r\n{website_link}<br />\r\nEmail: {email}<br />\r\n<br />\r\nThanks</p>',	'{first_name},{last_name},{email},{website_link},{company_name}',	'2021-03-01 12:18:13',	'2021-03-01 02:44:27'),
(7,	'Email Update',	'email-update',	'client',	'Change you email address',	'<p>Dear {first_name}&nbsp;{last_name}<br />\r\n<br />\r\nPlease click on below link to update your email address on {company_name}<br />\r\n\r\n{email_update_link}\r\n\r\n<br />\r\nThanks</p>',	'{first_name},{last_name},{website_link},{company_name},{email_update_link}',	'2021-03-01 12:18:13',	'2021-03-01 02:44:27'),
(8,	'Messages Notification',	'message-notification',	'client',	'{from_first_name} sent you a message',	'<h4 style=\"margin: 0 0 20px; font-size: 18px; font-weight: 400; color: #000;\">{from_first_name}, {from_last_name} has sent you a message</h4>\r\n\r\n<p>{view_and_response_button}</p>',	'{from_first_name},{from_last_name}, {to_first_name}, {to_last_name}, {view_and_response_button},{website_link},{company_name},{email_update_link}',	'2021-07-02 18:25:40',	'2021-07-02 09:04:57'),
(9,	'Help support',	'help-support',	'client',	'Help support',	'<p>Dear {first_name}&nbsp;{last_name}<br />\r\n<br />\r\nThank You for submitting your request. We will contact you soon. \r\n\r\n<br />\r\nThanks</p>',	'{first_name},{last_name},{email}',	'2021-09-07 15:55:08',	'2021-09-07 10:25:08'),
(10,	'Creator Registration by Admin',	'creator-admin-registration',	'client',	'Registration Successful.',	'<p>Dear {first_name}&nbsp;{last_name}<br />\r\n<br />\r\nYou account has been registered on {company_name}. Please use the below credentails for login.<br />\r\n<br />\r\n{website_link}<br />\r\nEmail: {email}<br />\r\nPassword: {password}<br />\r\n<br />\r\nThanks</p>',	'{first_name},{last_name},{email},{password},{website_link},{company_name}',	'2021-03-01 12:18:13',	'2021-03-01 02:44:27'),
(11,	'Contact Request',	'client-contact-request',	'client',	'Request Submitted Successfully',	'<p>Dear {first_name} {last_name}</p>\r\n\r\n<p><br>\r\nThank You for submitting your request. We will contact you soon.</p>\r\n\r\n<p><br>\r\nThanks</p>\r\n',	'{first_name},{last_name},{email},{subject},{message}',	'2021-03-01 12:18:09',	'2021-02-28 21:16:55'),
(12,	'Contact Request',	'admin-contact-request',	'admin',	'New Contact Request',	'<p>New Contact Request Received!!</p>\r\n\r\n<p> </p>\r\n\r\n<p>Name: {first_name} {last_name}</p>\r\n\r\n<p>Email: {email}</p>\r\n\r\n<p>Message: {message}</p>\r\n\r\n<p><br>\r\nThanks</p>\r\n',	'{first_name},{last_name},{email},{subject},{message}',	'2021-03-01 12:18:09',	'2021-02-28 21:16:55'),
(13,	'Client Second Auth OTP',	'client-second-auth-otp',	'client',	'Your one time password for {company_name}',	'<p>Dear {first_name}&nbsp;{last_name}<br />\r\n<br />\r\nYour account one time password for login is <strong>{one_time_password}</strong>\r\n<br />\r\nThanks</p>',	'{first_name},{last_name},{one_time_password},{company_name}',	'2022-07-04 09:49:14',	'2022-07-04 04:19:14'),
(14,	'Phone Number Verification OTP',	'phone-verification-otp',	'client',	'Your one time password for {company_name}',	'<p>Dear {first_name}&nbsp;{last_name}<br />\r\n<br />\r\nYour account one time password for login is <strong>{one_time_password}</strong>\r\n<br />\r\nThanks</p>',	'{first_name},{last_name},{one_time_password},{company_name}',	'2022-07-04 09:49:14',	'2022-07-04 04:19:14'),
(15,	'Newsletter',	'newsletter',	'client',	'Newsletter Subscribed',	'<p>Dear<br />\r\n<br />\r\n\r\nThank you for subscribing to our newsletter.\r\n\r\n<br />\r\nThanks</p>',	NULL,	NULL,	NULL),
(32,	'Order Request Approved',	'order-request-approved',	'client',	'Order Request Approved',	'<p>Dear {name} Your Order request has been approved. Thanks</p>',	'{name}',	'2022-09-12 16:43:22',	'2022-11-04 05:34:58'),
(33,	'Orders Request Declined',	'order-request-declined',	'client',	'Order Request Declined',	'<p>Dear {name} Your Orders request has been declined. Thanks</p>',	'{name}',	'2022-09-12 16:43:22',	'2022-11-04 05:35:12');

CREATE TABLE `faqs` (
  `id` int(11) NOT NULL AUTO_INCREMENT,
  `title` varchar(255) NOT NULL,
  `description` text DEFAULT NULL,
  `slug` varchar(255) DEFAULT NULL,
  `status` tinyint(1) NOT NULL DEFAULT 1,
  `created_by` int(11) DEFAULT NULL,
  `deleted_at` datetime DEFAULT NULL,
  `created` datetime NOT NULL,
  `modified` timestamp NOT NULL DEFAULT current_timestamp() ON UPDATE current_timestamp(),
  PRIMARY KEY (`id`),
  KEY `created_by` (`created_by`),
  CONSTRAINT `faqs_ibfk_1` FOREIGN KEY (`created_by`) REFERENCES `admins` (`id`) ON DELETE CASCADE
) ENGINE=InnoDB DEFAULT CHARSET=utf8;

INSERT INTO `faqs` (`id`, `title`, `description`, `slug`, `status`, `created_by`, `deleted_at`, `created`, `modified`) VALUES
(38,	'Lorem Ipsum is simply dummy text of the printing and typesetting industry.',	'Lorem Ipsum is simply dummy text of the printing and typesetting industry. Lorem Ipsum is simply dummy text of the printing and typesetting industry. Lorem Ipsum is simply dummy text of the printing and typesetting industry',	'lorem-ipsum-is-simply-dummy-text-of-the-printing-and-typesetting-industry-d20a9n',	1,	7,	NULL,	'2022-03-17 15:36:08',	'2022-06-28 10:47:15'),
(39,	'Lorem Ipsum is simply dummy text ',	'Lorem Ipsum is simply dummy text of the printing ',	'lorem-ipsum-is-simply-dummy-text-of-the-printing-and-typesetting-industry-d20a9n',	1,	7,	NULL,	'2022-03-17 15:36:08',	'2022-09-26 08:31:13'),
(40,	'Lorem Ipsum is simply dummy text of the printing and typesetting industry.',	'Lorem Ipsum is simply dummy text of the printing and typesetting industry. Lorem Ipsum is simply dummy text of the printing and typesetting industry. Lorem Ipsum is simply dummy text of the printing and typesetting industry',	'lorem-ipsum-is-simply-dummy-text-of-the-printing-and-typesetting-industry-d20a9n',	1,	7,	NULL,	'2022-03-17 15:36:08',	'2022-06-28 10:47:49'),
(41,	'Lorem Ipsum is simply dummy text of the printing and typesetting industry.',	'Lorem Ipsum is simply dummy text of the printing and typesetting industry. Lorem Ipsum is simply dummy text of the printing and typesetting industry. Lorem Ipsum is simply dummy text of the printing and typesetting industry',	'lorem-ipsum-is-simply-dummy-text-of-the-printing-and-typesetting-industry-d20a9n',	1,	7,	NULL,	'2022-03-17 15:36:08',	'2022-06-28 10:47:49'),
(42,	'Lorem Ipsum is simply dummy text of the printing and typesetting industry.',	'Lorem Ipsum is simply dummy text of the printing and typesetting industry. Lorem Ipsum is simply dummy text of the printing and typesetting industry. Lorem Ipsum is simply dummy text of the printing and typesetting industry',	'lorem-ipsum-is-simply-dummy-text-of-the-printing-and-typesetting-industry-d20a9n',	1,	7,	NULL,	'2022-03-17 15:36:08',	'2022-06-28 10:47:49'),
(43,	'Lorem Ipsum is simply dummy text of the printing and typesetting industry.',	'Lorem Ipsum is simply dummy text of the printing and typesetting industry. Lorem Ipsum is simply dummy text of the printing and typesetting industry. Lorem Ipsum is simply dummy text of the printing and typesetting industry',	'lorem-ipsum-is-simply-dummy-text-of-the-printing-and-typesetting-industry-d20a9n',	1,	7,	NULL,	'2022-03-17 15:36:08',	'2022-06-28 10:47:49'),
(44,	'Lorem Ipsum is simply dummy text of the printing and typesetting industry.',	'Lorem Ipsum is simply dummy text of the printing and typesetting industry. Lorem Ipsum is simply dummy text of the printing and typesetting industry. Lorem Ipsum is simply dummy text of the printing and typesetting industry',	'lorem-ipsum-is-simply-dummy-text-of-the-printing-and-typesetting-industry-d20a9n',	1,	7,	NULL,	'2022-03-17 15:36:08',	'2022-06-28 10:47:49');

CREATE TABLE `homepages` (
  `id` int(11) NOT NULL AUTO_INCREMENT,
  `name` varchar(255) DEFAULT NULL,
  `value` longtext DEFAULT NULL,
  `created` datetime DEFAULT NULL,
  `modified` timestamp NULL DEFAULT current_timestamp() ON UPDATE current_timestamp(),
  PRIMARY KEY (`id`)
) ENGINE=InnoDB DEFAULT CHARSET=utf8mb4;

INSERT INTO `homepages` (`id`, `name`, `value`, `created`, `modified`) VALUES
(1,	'section_1',	'[\"19\",\"15\",\"13\",\"12\"]',	'2022-10-11 17:23:50',	'2022-11-09 12:30:09'),
(4,	'section_2',	'[{\"title\":\"awdasd sf f sdf dsf sd s fds d\",\"description\":\"asdsada\"},{\"title\":\"dadad\",\"description\":\"dada\"},{\"title\":\"ada\",\"description\":\"dad\"},{\"title\":\"asd\",\"description\":\"sadad sas     sdasdsdsad sa a a s  sasa aaa a a ad da ad sads sa ssad sadsad sad dsd  asdsasasas sa as  asdasdasddsaasasasasas asd ad\"}]',	'2022-10-11 17:23:50',	'2022-10-14 08:29:39'),
(5,	'section_3',	'[\"\\/uploads\\/pages\\/16686739562367-banner-im.png\"]',	'2022-10-11 17:23:50',	'2022-11-17 08:32:45'),
(6,	'latest_collection',	'OUR LATEST COLLECTION',	'2022-10-11 17:23:50',	'2022-10-11 11:53:50'),
(7,	'section_4',	'[\"1137\",\"1136\",\"1135\"]',	'2022-10-11 17:23:50',	'2022-11-14 09:58:34'),
(8,	'section_5',	'[{\"title\":\"Collection Arrived\",\"sub_title\":\"Emilia Wolf\",\"button_link\":\"https:\\/\\/globizcloudserver.com\\/html\\/fellowship\\/\",\"image\":\"\\/uploads\\/pages\\/1668673909456-banner-im.png\"},{\"title\":\"New Collection\",\"sub_title\":\"May be you\'ve earned it\",\"button_link\":\"https:\\/\\/globizcloudserver.com\\/html\\/fellowship\\/\",\"image\":\"\\/uploads\\/pages\\/16686739137821-banner-im.png\"}]',	'2022-10-11 17:23:50',	'2022-11-17 08:32:03'),
(11,	'best_selling_section',	'OUR BESTSELLING ITEMS',	'2022-10-11 17:23:50',	'2022-10-11 11:53:50'),
(12,	'section_6',	'[\"1137\",\"1136\",\"1135\"]',	'2022-10-11 17:23:50',	'2022-11-14 09:58:34'),
(13,	'section_6_button_name',	'View More',	'2022-10-11 17:23:50',	'2022-10-11 11:53:50'),
(14,	'section_6_button_link',	'http://localhost/fellowship/public/',	'2022-10-11 17:23:50',	'2022-10-11 11:53:50'),
(15,	'testimonial_title',	'TESTIMONIALS',	'2022-10-11 17:23:50',	'2022-10-11 11:53:50'),
(16,	'section_7',	'[\"3\",\"2\"]',	'2022-10-11 17:23:50',	'2022-10-13 10:02:34'),
(17,	'blog',	'Blogs',	'2022-10-11 17:23:50',	'2022-10-11 11:53:50'),
(18,	'section_8',	'[\"80\"]',	'2022-10-11 17:23:50',	'2022-11-17 10:32:37'),
(19,	'section_9',	'[\"\\/uploads\\/homepage\\/16686739205048-banner-im.png\"]',	'2022-10-11 17:23:50',	'2022-11-17 08:32:03'),
(20,	'section_4_button',	'View More',	'2022-10-11 17:23:50',	'2022-10-21 05:30:05'),
(21,	'section_4_button_link',	'http://localhost/fellowship/public/sadadadad',	'2022-10-11 17:23:50',	'2022-10-21 05:20:03'),
(22,	'social_links',	'{\"facebook\":\"http:\\/\\/localhost\\/fellowship\\/public\\/#\",\"instagram\":\"http:\\/\\/localhost\\/fellowship\\/public\\/#\",\"whatsapp\":\"http:\\/\\/localhost\\/fellowship\\/public\\/#\",\"pinterest\":\"http:\\/\\/localhost\\/fellowship\\/public\\/#\"}',	'2022-10-11 17:23:50',	'2022-10-13 06:23:17'),
(23,	'company_description',	'Lorem ipsum dolor sit amet, consectetur adip iscing elit. Cursus nibh mauris.',	'2022-10-11 17:23:50',	'2022-10-11 11:53:50'),
(24,	'product_cat_title',	'product categories',	NULL,	'2022-11-09 11:57:28'),
(25,	'product_categories',	'[\"135\",\"124\",\"123\",\"122\"]',	NULL,	'2022-11-17 10:31:07'),
(26,	'footer_product_cat_title',	'product categories',	NULL,	'2022-11-09 12:16:51'),
(27,	'footer_product_categories',	'[\"135\",\"124\",\"123\",\"122\",\"121\"]',	NULL,	'2022-11-14 09:58:34');

CREATE TABLE `home_settings` (
  `id` int(11) NOT NULL AUTO_INCREMENT,
  `banner_title` varchar(255) DEFAULT NULL,
  `banner_description` text DEFAULT NULL,
  `banner_image` text DEFAULT NULL,
  `pet_title` varchar(255) DEFAULT NULL,
  `pet_link_title` varchar(255) DEFAULT NULL,
  `pet_link` varchar(255) DEFAULT NULL,
  `pet_image` text DEFAULT NULL,
  `footer_title` varchar(255) DEFAULT NULL,
  `footer_description` text DEFAULT NULL,
  `highlights` text DEFAULT NULL,
  `created_by` int(11) DEFAULT NULL,
  `deleted_at` datetime DEFAULT NULL,
  `created` datetime NOT NULL,
  `modified` timestamp NOT NULL DEFAULT current_timestamp() ON UPDATE current_timestamp(),
  PRIMARY KEY (`id`),
  KEY `created_by` (`created_by`),
  CONSTRAINT `home_settings_ibfk_1` FOREIGN KEY (`created_by`) REFERENCES `admins` (`id`) ON DELETE CASCADE
) ENGINE=InnoDB DEFAULT CHARSET=utf8;

INSERT INTO `home_settings` (`id`, `banner_title`, `banner_description`, `banner_image`, `pet_title`, `pet_link_title`, `pet_link`, `pet_image`, `footer_title`, `footer_description`, `highlights`, `created_by`, `deleted_at`, `created`, `modified`) VALUES
(1,	'Find your new best friend',	'Connect safely with a good breeder to find a happy healthy puppy',	'/uploads/homes/16504434449316-banner.png',	'Haven\'t found your Best friend yet?',	'Don\'t miss out',	'#',	'/uploads/homes/16504445639213-foun.png',	'Browse4Pets',	'Connect safely with a good breeder to find a happy healthy puppy',	'[\"105\",\"102\",\"101\",\"97\"]',	7,	NULL,	'2021-08-18 15:35:45',	'2022-05-04 08:10:33');

CREATE TABLE `migrations` (
  `id` int(10) unsigned NOT NULL AUTO_INCREMENT,
  `migration` varchar(255) COLLATE utf8mb4_unicode_ci NOT NULL,
  `batch` int(11) NOT NULL,
  PRIMARY KEY (`id`)
) ENGINE=InnoDB DEFAULT CHARSET=utf8mb4 COLLATE=utf8mb4_unicode_ci;


CREATE TABLE `newsletter` (
  `id` int(11) NOT NULL AUTO_INCREMENT,
  `email` varchar(255) NOT NULL,
  `status` tinyint(1) NOT NULL DEFAULT 1,
  `created_by` int(11) DEFAULT NULL,
  `deleted_at` datetime DEFAULT NULL,
  `created` datetime NOT NULL,
  `modified` timestamp NOT NULL DEFAULT current_timestamp() ON UPDATE current_timestamp(),
  PRIMARY KEY (`id`)
) ENGINE=InnoDB DEFAULT CHARSET=utf8mb4;

INSERT INTO `newsletter` (`id`, `email`, `status`, `created_by`, `deleted_at`, `created`, `modified`) VALUES
(162,	'admin@globiz.com',	1,	NULL,	NULL,	'2022-09-28 19:00:45',	'2022-09-28 13:30:45'),
(163,	'bisecevor@mailinator.com',	1,	NULL,	NULL,	'2022-09-28 19:01:03',	'2022-09-28 13:31:03'),
(164,	'rakesh@mailinator.com',	1,	NULL,	NULL,	'2022-09-28 19:01:09',	'2022-09-28 13:31:09'),
(165,	'rakesh.globiztechnology@gmail.com',	1,	NULL,	NULL,	'2022-09-28 19:01:32',	'2022-09-28 13:31:32'),
(166,	'pysuxaw@mailinator.com',	1,	NULL,	NULL,	'2022-09-28 19:03:50',	'2022-09-28 13:33:50'),
(167,	'dituzozibo@mailinator.com',	1,	7,	NULL,	'2022-10-03 12:34:43',	'2022-10-03 07:04:43'),
(168,	'gyle@mailinator.com',	1,	NULL,	NULL,	'2022-10-03 13:25:40',	'2022-10-03 07:55:40'),
(169,	'xide@mailinator.com',	1,	NULL,	NULL,	'2022-10-03 13:25:47',	'2022-10-03 07:55:47'),
(170,	'crm@mailinator.com',	1,	NULL,	NULL,	'2022-10-03 13:26:15',	'2022-10-03 07:56:15'),
(171,	'hafamo@mailinator.com',	1,	NULL,	NULL,	'2022-10-03 14:00:35',	'2022-10-03 08:30:35'),
(172,	'huluvudife@mailinator.com',	1,	7,	NULL,	'2022-10-06 17:25:13',	'2022-10-06 11:55:13'),
(173,	'jatin.gandhi@globiztechnology.com',	1,	7,	NULL,	'2022-10-13 13:19:08',	'2022-10-13 07:49:08'),
(174,	'admin@comunex.com',	1,	7,	NULL,	'2022-10-13 13:20:33',	'2022-10-13 07:50:33'),
(175,	'admin@iqcar.com',	1,	7,	NULL,	'2022-10-13 13:20:59',	'2022-10-13 07:50:59'),
(176,	'yallamenadirectory@gmail.com',	1,	7,	NULL,	'2022-10-13 13:23:18',	'2022-10-13 07:53:18'),
(177,	'info@gradgenius.com',	1,	7,	NULL,	'2022-10-13 13:24:24',	'2022-10-13 07:54:24'),
(178,	'kamaldeep@fdd',	1,	7,	NULL,	'2022-11-09 18:36:56',	'2022-11-09 13:06:56');

CREATE TABLE `notifications` (
  `id` int(11) NOT NULL AUTO_INCREMENT,
  `rel_id` int(11) DEFAULT NULL,
  `from_id` int(11) DEFAULT NULL,
  `to_id` int(11) DEFAULT NULL,
  `message` varchar(255) CHARACTER SET utf8 NOT NULL,
  `type` enum('audio_uploaded','video_uploaded','meeting_created','meeting_updated','made_announcement','schedule_uploaded','poll_created','poll_submitted','subscribe_creator','renew_creator','changes_in_plan','review_received','review_updated','questions_received','video_likes') CHARACTER SET utf8 DEFAULT NULL,
  `read` tinyint(1) NOT NULL DEFAULT 0,
  `created` timestamp NOT NULL DEFAULT current_timestamp() ON UPDATE current_timestamp(),
  `modified` timestamp NOT NULL DEFAULT current_timestamp() ON UPDATE current_timestamp(),
  PRIMARY KEY (`id`),
  KEY `cc_user_id` (`rel_id`),
  KEY `from_id` (`from_id`),
  KEY `to_id` (`to_id`),
  CONSTRAINT `notifications_ibfk_1` FOREIGN KEY (`from_id`) REFERENCES `users` (`id`) ON DELETE CASCADE,
  CONSTRAINT `notifications_ibfk_2` FOREIGN KEY (`to_id`) REFERENCES `users` (`id`) ON DELETE CASCADE
) ENGINE=InnoDB DEFAULT CHARSET=utf8 COLLATE=utf8_bin;


CREATE TABLE `pages` (
  `id` int(11) NOT NULL AUTO_INCREMENT,
  `title` varchar(255) NOT NULL,
  `sub_title` varchar(255) DEFAULT NULL,
  `description` text DEFAULT NULL,
  `slug` varchar(255) DEFAULT NULL,
  `image` text DEFAULT NULL,
  `video` text DEFAULT NULL,
  `meta_title` varchar(255) DEFAULT NULL,
  `meta_description` varchar(255) DEFAULT NULL,
  `meta_keywords` varchar(255) DEFAULT NULL,
  `status` tinyint(1) NOT NULL DEFAULT 1,
  `created_by` int(11) DEFAULT NULL,
  `deleted_at` datetime DEFAULT NULL,
  `created` datetime NOT NULL,
  `modified` timestamp NOT NULL DEFAULT current_timestamp() ON UPDATE current_timestamp(),
  PRIMARY KEY (`id`),
  KEY `created_by` (`created_by`),
  CONSTRAINT `pages_ibfk_1` FOREIGN KEY (`created_by`) REFERENCES `admins` (`id`) ON DELETE CASCADE
) ENGINE=InnoDB DEFAULT CHARSET=utf8;

INSERT INTO `pages` (`id`, `title`, `sub_title`, `description`, `slug`, `image`, `video`, `meta_title`, `meta_description`, `meta_keywords`, `status`, `created_by`, `deleted_at`, `created`, `modified`) VALUES
(2,	'Terms & Conditions',	NULL,	'<h4><strong>Lorem ipsum dolor sit amet consectetur</strong></h4>\r\n\r\n<p>Sed ut perspiciatis unde omnis iste natus error sit voluptatem accusantium doloremque laudantium, totam rem aperiam, eaque ipsa quae ab illo inventore veritatis et quasi architecto beatae vitae dicta sunt explicabo. Nemo enim ipsam voluptatem quia voluptas sit aspernatur aut odit aut fugit, sed quia consequuntur magni dolores eos qui ratione voluptatem sequi nesciunt.Sed ut perspiciatis unde omnis iste natus error sit voluptatem accusantium doloremque laudantium, totam rem aperiam, eaque ipsa quae ab illo inventore veritatis et quasi architecto beatae vitae dicta sunt explicabo. Nemo enim ipsam voluptatem quia voluptas sit aspernatur aut odit</p>\r\n\r\n<p>aut fugit, sed quia consequuntur magni dolores eos qui ratione voluptatem sequi nesciunt. sed quia non numquam eius modi tempora incidunt ut labore et dolore magnam aliquam quaerat voluptatem. Ut enim ad minima veniam, quis nostrum exercitationem ullam corporis suscipit laboriosam. Sed ut perspiciatis unde omnis iste natus error sit voluptatem accusantium doloremque laudantium, totam rem aperiam, eaque ipsa quae ab illo inventore veritatis et quasi architecto beatae vitae dicta sunt explicabo. Nemo enim ipsam voluptatem quia voluptas sit aspernatur aut odit aut fugit, sed quia consequuntur magni dolores eos qui ratione voluptatem sequi nesciunt. sed quia non numquam eius modi tempora incidunt ut labore et dolore magnam aliquam quaerat voluptatem. Ut enim ad minima veniam, quis nostrum exercitationem ullam corporis suscipit laboriosam.</p>\r\n\r\n<h4>Lorem ipsum dolor sit amet consectetur</h4>\r\n\r\n<p>Sed ut perspiciatis unde omnis iste natus error sit voluptatem accusantium doloremque laudantium, totam rem aperiam, eaque ipsa quae ab illo inventore veritatis et quasi architecto beatae vitae dicta sunt explicabo. Nemo enim ipsam voluptatem quia voluptas sit aspernatur aut odit aut fugit, sed quia consequuntur magni dolores eos qui ratione voluptatem sequi nesciunt.Sed ut perspiciatis unde omnis iste natus error sit voluptatem accusantium doloremque laudantium, totam rem aperiam, eaque ipsa quae ab illo inventore veritatis et quasi architecto beatae vitae dicta sunt explicabo. Nemo enim ipsam voluptatem quia voluptas sit aspernatur aut odit aut fugit, sed quia consequuntur magni dolores eos qui ratione voluptatem sequi nesciunt. sed quia non numquam eius modi tempora incidunt ut labore et dolore magnam aliquam quaerat voluptatem. Ut enim ad minima veniam, quis nostrum exercitationem ullam corporis suscipit laboriosam. Sed ut perspiciatis unde omnis iste natus error sit voluptatem accusantium doloremque laudantium, totam rem aperiam, eaque ipsa quae ab illo inventore veritatis et quasi architecto beatae vitae dicta sunt explicabo. Nemo enim ipsam voluptatem quia voluptas sit aspernatur aut odit aut fugit, sed quia consequuntur magni dolores eos qui ratione voluptatem sequi nesciunt. sed quia non numquam eius modi tempora incidunt ut labore et dolore magnam aliquam quaerat voluptatem. Ut enim ad minima veniam, quis nostrum exercitationem ullam corporis suscipit laboriosam.</p>\r\n\r\n<h4><strong>Ut enim ad minim veniam quis nostrud</strong></h4>\r\n\r\n<p>Sed ut perspiciatis unde omnis iste natus error sit voluptatem accusantium doloremque laudantium, totam rem aperiam, eaque ipsa quae ab illo inventore veritatis et quasi architecto beatae vitae dicta sunt explicabo. Nemo enim ipsam voluptatem quia voluptas sit aspernatur aut odit aut fugit, sed quia consequuntur magni dolores eos qui ratione voluptatem sequi nesciunt.Sed ut perspiciatis unde omnis iste natus error sit voluptatem accusantium doloremque laudantium, totam rem aperiam, eaque ipsa quae ab illo inventore veritatis et quasi architecto beatae vitae dicta sunt explicabo. Nemo enim ipsam voluptatem quia voluptas sit aspernatur aut odit aut fugit, sed quia consequuntur magni dolores eos qui ratione voluptatem sequi nesciunt. sed quia non numquam eius modi tempora incidunt ut labore et dolore magnam aliquam quaerat voluptatem. Ut enim ad minima veniam, quis nostrum exercitationem ullam corporis suscipit laboriosam. Sed ut perspiciatis unde omnis iste natus error sit voluptatem accusantium doloremque laudantium, totam rem aperiam, eaque ipsa quae ab illo inventore veritatis et quasi architecto beatae vitae dicta sunt explicabo. Nemo enim ipsam voluptatem quia voluptas sit aspernatur aut odit aut fugit, sed quia consequuntur magni dolores eos qui ratione voluptatem sequi nesciunt. sed quia non numquam eius modi tempora incidunt ut labore et dolore magnam aliquam quaerat voluptatem. Ut enim ad minima veniam, quis nostrum exercitationem ullam corporis suscipit laboriosam.</p>\r\n\r\n<h4><strong>Sed ut perspiciatis unde omnis iste natus</strong></h4>\r\n\r\n<p>Sed ut perspiciatis unde omnis iste natus error sit voluptatem accusantium doloremque laudantium, totam rem aperiam, eaque ipsa quae ab illo inventore veritatis et quasi architecto beatae vitae dicta sunt explicabo. Nemo enim ipsam voluptatem quia voluptas sit aspernatur aut odit aut fugit, sed quia consequuntur magni dolores eos qui ratione voluptatem sequi nesciunt.Sed ut perspiciatis unde omnis iste natus error sit voluptatem accusantium doloremque laudantium, totam rem aperiam, eaque ipsa quae ab illo inventore veritatis et quasi architecto beatae vitae dicta sunt explicabo. Nemo enim ipsam voluptatem quia voluptas sit aspernatur aut odit aut fugit, sed quia consequuntur magni dolores eos qui ratione voluptatem sequi nesciunt. sed quia non numquam eius modi tempora incidunt ut labore et dolore magnam aliquam quaerat voluptatem. Ut enim ad minima veniam, quis nostrum exercitationem ullam corporis suscipit laboriosam. Sed ut perspiciatis unde omnis iste natus error sit voluptatem accusantium doloremque laudantium, totam rem aperiam, eaque ipsa quae ab illo inventore veritatis et quasi architecto beatae vitae dicta sunt explicabo. Nemo enim ipsam voluptatem quia voluptas sit aspernatur aut odit aut fugit, sed quia consequuntur magni dolores eos qui ratione voluptatem sequi nesciunt. sed quia non numquam eius modi tempora incidunt ut labore et dolore magnam aliquam quaerat voluptatem. Ut enim ad minima veniam, quis nostrum exercitationem ullam corporis suscipit laboriosam.</p>\r\n\r\n<h4><strong>At vero eos et accusamus et iusto</strong></h4>\r\n\r\n<p>Sed ut perspiciatis unde omnis iste natus error sit voluptatem Nemo enim ipsam voluptatem quia voluptas Ut enim ad minima veniam, quis nostrum exercitationem ullam corporis suscipit laboriosam.</p>',	'terms-conditions',	'',	NULL,	'Terms & Conditions',	'Terms & Conditions',	'Terms & Conditions',	1,	7,	NULL,	'2020-09-05 15:05:14',	'2022-11-22 12:08:46'),
(3,	'Privacy Policy',	NULL,	'<section>\r\n<h4><strong>Lorem ipsum dolor sit amet consectetur</strong></h4>\r\n\r\n<p>Sed ut perspiciatis unde omnis iste natus error sit voluptatem accusantium doloremque laudantium, totam rem aperiam, eaque ipsa quae ab illo inventore veritatis et quasi architecto beatae vitae dicta sunt explicabo. Nemo enim ipsam voluptatem quia voluptas sit aspernatur aut odit aut fugit, sed quia consequuntur magni dolores eos qui ratione voluptatem sequi nesciunt.Sed ut perspiciatis unde omnis iste natus error sit voluptatem accusantium doloremque laudantium, totam rem aperiam, eaque ipsa quae ab illo inventore veritatis et quasi architecto beatae vitae dicta sunt explicabo. Nemo enim ipsam voluptatem quia voluptas sit aspernatur aut odit</p>\r\n\r\n<p>aut fugit, sed quia consequuntur magni dolores eos qui ratione voluptatem sequi nesciunt. sed quia non numquam eius modi tempora incidunt ut labore et dolore magnam aliquam quaerat voluptatem. Ut enim ad minima veniam, quis nostrum exercitationem ullam corporis suscipit laboriosam. Sed ut perspiciatis unde omnis iste natus error sit voluptatem accusantium doloremque laudantium, totam rem aperiam, eaque ipsa quae ab illo inventore veritatis et quasi architecto beatae vitae dicta sunt explicabo. Nemo enim ipsam voluptatem quia voluptas sit aspernatur aut odit aut fugit, sed quia consequuntur magni dolores eos qui ratione voluptatem sequi nesciunt. sed quia non numquam eius modi tempora incidunt ut labore et dolore magnam aliquam quaerat voluptatem. Ut enim ad minima veniam, quis nostrum exercitationem ullam corporis suscipit laboriosam.</p>\r\n\r\n<h4><strong>Lorem ipsum dolor sit amet consectetur</strong></h4>\r\n\r\n<p>Sed ut perspiciatis unde omnis iste natus error sit voluptatem accusantium doloremque laudantium, totam rem aperiam, eaque ipsa quae ab illo inventore veritatis et quasi architecto beatae vitae dicta sunt explicabo. Nemo enim ipsam voluptatem quia voluptas sit aspernatur aut odit aut fugit, sed quia consequuntur magni dolores eos qui ratione voluptatem sequi nesciunt.Sed ut perspiciatis unde omnis iste natus error sit voluptatem accusantium doloremque laudantium, totam rem aperiam, eaque ipsa quae ab illo inventore veritatis et quasi architecto beatae vitae dicta sunt explicabo. Nemo enim ipsam voluptatem quia voluptas sit aspernatur aut odit aut fugit, sed quia consequuntur magni dolores eos qui ratione voluptatem sequi nesciunt. sed quia non numquam eius modi tempora incidunt ut labore et dolore magnam aliquam quaerat voluptatem. Ut enim ad minima veniam, quis nostrum exercitationem ullam corporis suscipit laboriosam. Sed ut perspiciatis unde omnis iste natus error sit voluptatem accusantium doloremque laudantium, totam rem aperiam, eaque ipsa quae ab illo inventore veritatis et quasi architecto beatae vitae dicta sunt explicabo. Nemo enim ipsam voluptatem quia voluptas sit aspernatur aut odit aut fugit, sed quia consequuntur magni dolores eos qui ratione voluptatem sequi nesciunt. sed quia non numquam eius modi tempora incidunt ut labore et dolore magnam aliquam quaerat voluptatem. Ut enim ad minima veniam, quis nostrum exercitationem ullam corporis suscipit laboriosam.</p>\r\n\r\n<h4><strong>Ut enim ad minim veniam quis nostrud</strong></h4>\r\n\r\n<p>Sed ut perspiciatis unde omnis iste natus error sit voluptatem accusantium doloremque laudantium, totam rem aperiam, eaque ipsa quae ab illo inventore veritatis et quasi architecto beatae vitae dicta sunt explicabo. Nemo enim ipsam voluptatem quia voluptas sit aspernatur aut odit aut fugit, sed quia consequuntur magni dolores eos qui ratione voluptatem sequi nesciunt.Sed ut perspiciatis unde omnis iste natus error sit voluptatem accusantium doloremque laudantium, totam rem aperiam, eaque ipsa quae ab illo inventore veritatis et quasi architecto beatae vitae dicta sunt explicabo. Nemo enim ipsam voluptatem quia voluptas sit aspernatur aut odit aut fugit, sed quia consequuntur magni dolores eos qui ratione voluptatem sequi nesciunt. sed quia non numquam eius modi tempora incidunt ut labore et dolore magnam aliquam quaerat voluptatem. Ut enim ad minima veniam, quis nostrum exercitationem ullam corporis suscipit laboriosam. Sed ut perspiciatis unde omnis iste natus error sit voluptatem accusantium doloremque laudantium, totam rem aperiam, eaque ipsa quae ab illo inventore veritatis et quasi architecto beatae vitae dicta sunt explicabo. Nemo enim ipsam voluptatem quia voluptas sit aspernatur aut odit aut fugit, sed quia consequuntur magni dolores eos qui ratione voluptatem sequi nesciunt. sed quia non numquam eius modi tempora incidunt ut labore et dolore magnam aliquam quaerat voluptatem. Ut enim ad minima veniam, quis nostrum exercitationem ullam corporis suscipit laboriosam.</p>\r\n\r\n<h4><strong>Sed ut perspiciatis unde omnis iste natus</strong></h4>\r\n\r\n<p>Sed ut perspiciatis unde omnis iste natus error sit voluptatem accusantium doloremque laudantium, totam rem aperiam, eaque ipsa quae ab illo inventore veritatis et quasi architecto beatae vitae dicta sunt explicabo. Nemo enim ipsam voluptatem quia voluptas sit aspernatur aut odit aut fugit, sed quia consequuntur magni dolores eos qui ratione voluptatem sequi nesciunt.Sed ut perspiciatis unde omnis iste natus error sit voluptatem accusantium doloremque laudantium, totam rem aperiam, eaque ipsa quae ab illo inventore veritatis et quasi architecto beatae vitae dicta sunt explicabo. Nemo enim ipsam voluptatem quia voluptas sit aspernatur aut odit aut fugit, sed quia consequuntur magni dolores eos qui ratione voluptatem sequi nesciunt. sed quia non numquam eius modi tempora incidunt ut labore et dolore magnam aliquam quaerat voluptatem. Ut enim ad minima veniam, quis nostrum exercitationem ullam corporis suscipit laboriosam. Sed ut perspiciatis unde omnis iste natus error sit voluptatem accusantium doloremque laudantium, totam rem aperiam, eaque ipsa quae ab illo inventore veritatis et quasi architecto beatae vitae dicta sunt explicabo. Nemo enim ipsam voluptatem quia voluptas sit aspernatur aut odit aut fugit, sed quia consequuntur magni dolores eos qui ratione voluptatem sequi nesciunt. sed quia non numquam eius modi tempora incidunt ut labore et dolore magnam aliquam quaerat voluptatem. Ut enim ad minima veniam, quis nostrum exercitationem ullam corporis suscipit laboriosam.</p>\r\n\r\n<h4><strong>At vero eos et accusamus et iusto</strong></h4>\r\n\r\n<p>Sed ut perspiciatis unde omnis iste natus error sit voluptatem Nemo enim ipsam voluptatem quia voluptas Ut enim ad minima veniam, quis nostrum exercitationem ullam corporis suscipit laboriosam.</p>\r\n</section>\r\n\r\n<section>\r\n<h4>Follow Us</h4>\r\n\r\n<p>Get connected with us on social media.</p>\r\n\r\n<ul>\r\n	<li>&nbsp;</li>\r\n	<li>&nbsp;</li>\r\n	<li>&nbsp;</li>\r\n	<li>&nbsp;</li>\r\n	<li>&nbsp;</li>\r\n</ul>\r\n\r\n<h4>Useful Links</h4>\r\n</section>',	'privacy-policy',	'',	NULL,	'Privacy Policy',	'<p>Privacy Policy</p>',	'Privacy Policy',	1,	7,	NULL,	'2020-09-05 15:05:14',	'2022-11-22 12:09:38'),
(4,	'About Us',	'Who We Are',	'<p>Lorem ipsum dolor sit amet, consectetur adipiscing elit, sed do eiusmod tempor incididunt ut labore et dolore magna aliqua. Ut enim ad minim veniam, quis nostrud exercitation ullamco laboris nisi ut. Lorem ipsum dolor sit amet, consectetur adipiscing elit, sed do eiusmod tempor incididunt ut labore et dolore magna aliqua. Ut enim ad minim veniam, quis nostrud exercitation ullamco laboris nisi ut.Lorem ipsum dolor sit amet, consectetur adipiscing elit, sed do eiusmod tempor incididunt ut labore et dolore magna aliqua. Ut enim ad minim veniam, quis nostrud exercitation ullamco laboris nisi ut. Lorem ipsum dolor sit amet, consectetur adipiscing elit, sed do eiusmod tempor incididunt ut labore et dolore magna aliqua.d</p>',	'about-us',	NULL,	'/uploads/pages/16691205225995-video.mp4',	'About Us',	'About Us',	'About Us',	1,	7,	NULL,	'2020-09-05 15:05:14',	'2022-11-22 12:35:26'),
(5,	'Video page',	NULL,	'<p>Mr.Ghanshyam Soni Possesses rich experience in the silver market. An enthusiastic entrepreneur in silver Products. He set up SIDHI VINAYAK SILVER in 2011.e earlier headed Tirupati Traders, a wholesale dealer of silver anklets established in 1992. Mr. Soni represented Salem Payals as the youngest wholesaler at the age of 18. With a humble beginnings, he is a first-generation Entrepreneur in the World of Silver Articles with more than 25 years of experience. He has gained all the required skills and knowledge.Mr. Ghanshyam Soni\'s</p>',	'video-page',	'/uploads/pages/16645347282059-51364.jpg',	NULL,	'video-page',	'video-page',	'video-page',	1,	7,	NULL,	'2020-09-05 15:05:14',	'2022-10-28 13:47:37'),
(6,	'Help & Support',	NULL,	'Visit our shop to see amazing creations from our designers',	'contact-us',	NULL,	NULL,	'Help & Support',	'Help & Support',	'Help & Support',	1,	7,	NULL,	'2020-09-05 15:05:14',	'2022-11-09 12:11:29');

CREATE TABLE `page_custom_field` (
  `id` int(11) NOT NULL AUTO_INCREMENT,
  `page_id` int(11) NOT NULL,
  `name` text NOT NULL,
  `value` text DEFAULT NULL,
  `created` datetime DEFAULT NULL,
  `modified` timestamp NOT NULL DEFAULT current_timestamp() ON UPDATE current_timestamp(),
  PRIMARY KEY (`id`),
  KEY `page_id` (`page_id`),
  CONSTRAINT `page_custom_field_ibfk_1` FOREIGN KEY (`page_id`) REFERENCES `pages` (`id`)
) ENGINE=InnoDB DEFAULT CHARSET=utf8mb4;

INSERT INTO `page_custom_field` (`id`, `page_id`, `name`, `value`, `created`, `modified`) VALUES
(1,	4,	'mission_vision_title',	'Mission & Vision',	NULL,	'2022-11-22 07:47:29'),
(2,	4,	'mission_vision_description',	'<p>Lorem ipsum dolor sit amet, consectetur adipiscing elit, sed do eiusmod tempor incididunt ut labore et dolore magna aliqua. Ut enim ad minim veniam, quis nostrud exercitation ullamco laboris nisi ut. Lorem ipsum dolor sit amet, consectetur adipiscing elit, sed do eiusmod tempor incididunt ut labore et dolore magna aliqua. Ut enim ad minim veniam, quis nostrud exercitation ullamco laboris nisi ut But I must explain to you how all this mistaken idea of denouncing pleasure and praising pain was born and I will give you a complete account.</p>',	NULL,	'2022-11-22 08:12:00'),
(3,	4,	'mission_vision_image',	'/uploads/pages/16691184586907-mission1.png',	NULL,	'2022-11-22 12:02:26'),
(4,	4,	'believe_title',	'What we believes',	NULL,	'2022-11-22 08:27:13'),
(5,	4,	'believe_description',	'<p>Lorem ipsum dolor sit amet, consectetur adipiscing elit. Phasellus imperdiet, nulla et dictum interdum, nisi lorem egestas vitae scelerisque enim ligula venenatis dolor. Maecenas nisl est, ultrices nec congue eget, auctor vitae massa. Fusce luctus vestibulum augue ut aliquet. Nunc sagittis dictum nisi, sed ullamcorperipsum dignissim ac. In at libero sed nunc venenatis imperdiet sed ornare turpis. Donec vitae dui eget tellus gravida venenatis. Integer fringilla congue eros non fermentum. Sed dapibus pulvinar nibh tempor porta.ss</p>',	NULL,	'2022-11-22 08:27:13'),
(6,	4,	'believe_image',	'/uploads/pages/16691184887697-mission2.png',	NULL,	'2022-11-22 12:02:26'),
(7,	4,	'achievment_title',	'Our Achievment',	NULL,	'2022-11-22 08:38:06'),
(8,	4,	'achievment_description',	'<p>Lorem ipsum dolor sit amet, consectetur adipiscing elit, sed do eiusmod tempor incididunt ut labore et dolore magna aliqua. Ut enim ad minim veniam, quis nostrud exercitation ullamco laboris nisi ut. Lorem ipsum dolor sit amet, consectetur adipiscing elit, sed do eiusmod tempor incididunt ut labore et dolore magna aliqua. Ut enim ad minim veniam, quis nostrud exercitation ullamco laboris nisi ut.Lorem ipsum dolor sit amet, consectetur adipiscing elit, sed do eiusmod tempor incididunt ut labore et dolore magna aliqua. Ut enim ad minim veniam, quis nostrud exercitation ullamco laboris nisi ut. Lorem ipsum dolor sit amet, consectetur adipiscing elit, sed do eiusmod tempor incididunt ut labore et dolore magna aliqua.</p>',	NULL,	'2022-11-22 08:38:06'),
(9,	4,	'count_value_1',	'125',	NULL,	'2022-11-22 12:06:30'),
(10,	4,	'count_title_1',	'Years of Experience',	NULL,	'2022-11-22 12:05:22'),
(11,	4,	'count_image_1',	'/uploads/pages/16691185166794-smile.png',	NULL,	'2022-11-22 12:02:26'),
(12,	4,	'count_value_2',	'8',	NULL,	'2022-11-22 11:06:59'),
(13,	4,	'count_title_2',	'Award Gained',	NULL,	'2022-11-22 10:53:20'),
(14,	4,	'count_image_2',	'/uploads/pages/16691185284058-award.png',	NULL,	'2022-11-22 12:02:26'),
(15,	4,	'count_value_3',	'10',	NULL,	'2022-11-22 11:09:16'),
(16,	4,	'count_title_3',	'Years of Experience',	NULL,	'2022-11-22 10:56:28'),
(17,	4,	'count_image_3',	'/uploads/pages/16691185367266-experience.png',	NULL,	'2022-11-22 12:02:26'),
(18,	4,	'count_value_4',	'640',	NULL,	'2022-11-22 12:05:22'),
(19,	4,	'count_title_4',	'Support Cases',	NULL,	'2022-11-22 10:58:08'),
(20,	4,	'count_image_4',	'/uploads/pages/16691185431483-services.png',	NULL,	'2022-11-22 12:02:26'),
(39,	5,	'sub_title',	'dfsdfsd',	NULL,	'2022-10-28 13:08:14'),
(42,	6,	'sub_title',	'Let Us Know What You Have In Mind',	NULL,	'2022-11-09 12:11:29');

CREATE TABLE `permissions` (
  `id` int(11) NOT NULL AUTO_INCREMENT,
  `title` varchar(255) NOT NULL,
  `type` varchar(255) NOT NULL,
  `permissions` varchar(255) NOT NULL,
  PRIMARY KEY (`id`)
) ENGINE=InnoDB DEFAULT CHARSET=utf8;

INSERT INTO `permissions` (`id`, `title`, `type`, `permissions`) VALUES
(8,	'Faq',	'faqs',	'{\"listing\":\"1\",\"create\":\"1\",\"update\":\"1\",\"delete\":\"1\"}'),
(9,	'Pages',	'pages',	'{\"listing\":\"1\",\"create\":\"1\",\"update\":\"1\",\"delete\":\"1\"}'),
(10,	'Help support',	'help_support',	'{\"listing\":\"1\",\"create\":\"0\",\"update\":\"0\",\"delete\":\"1\"}'),
(13,	'Products',	'products',	'{\"listing\":\"1\",\"create\":\"1\",\"update\":\"1\",\"delete\":\"1\"}'),
(22,	'Product Cateogories',	'product_categories',	'{\"listing\":\"1\",\"create\":\"1\",\"update\":\"1\",\"delete\":\"1\"}'),
(32,	'Product Orders',	'product_orders',	'{\"listing\":\"1\",\"create\":\"1\",\"update\":\"1\",\"delete\":\"1\"}'),
(33,	'Product Queries',	'product_queries',	'{\"listing\":\"1\",\"create\":\"1\",\"update\":\"1\",\"delete\":\"1\"}');

CREATE TABLE `postal_codes` (
  `id` int(11) NOT NULL AUTO_INCREMENT,
  `name` varchar(255) NOT NULL,
  `city_id` int(11) DEFAULT NULL,
  `status` tinyint(1) NOT NULL DEFAULT 1,
  `created` datetime NOT NULL,
  `modified` timestamp NOT NULL DEFAULT current_timestamp() ON UPDATE current_timestamp(),
  PRIMARY KEY (`id`),
  KEY `city_id` (`city_id`),
  CONSTRAINT `postal_codes_ibfk_1` FOREIGN KEY (`city_id`) REFERENCES `cities` (`id`) ON DELETE CASCADE
) ENGINE=InnoDB DEFAULT CHARSET=utf8;

INSERT INTO `postal_codes` (`id`, `name`, `city_id`, `status`, `created`, `modified`) VALUES
(1,	'141008',	60,	1,	'2022-06-28 18:52:31',	'2022-06-28 07:52:31'),
(2,	'A42',	1,	1,	'2022-07-05 16:10:24',	'2022-07-05 05:10:24'),
(3,	'A45',	3,	1,	'2022-07-05 16:10:53',	'2022-07-05 05:10:53'),
(4,	'A63',	4,	1,	'2022-07-05 16:11:29',	'2022-07-05 05:11:29'),
(5,	'A67',	5,	1,	'2022-07-05 16:11:53',	'2022-07-05 05:11:53'),
(6,	'Y14',	136,	1,	'2022-07-05 18:37:41',	'2022-07-05 07:37:41'),
(7,	'A84',	10,	1,	'2022-07-05 18:40:55',	'2022-07-05 07:40:55'),
(8,	'N37',	81,	1,	'2022-07-05 18:41:32',	'2022-07-05 07:41:32');

CREATE TABLE `products` (
  `id` int(11) NOT NULL AUTO_INCREMENT,
  `title` varchar(255) NOT NULL,
  `slug` varchar(255) NOT NULL,
  `price` varchar(255) DEFAULT NULL,
  `description` text DEFAULT NULL,
  `image` longtext DEFAULT NULL,
  `status` tinyint(1) NOT NULL DEFAULT 1,
  `created_by` int(11) DEFAULT NULL,
  `deleted_at` datetime DEFAULT NULL,
  `created` datetime DEFAULT NULL,
  `modified` timestamp NOT NULL DEFAULT current_timestamp() ON UPDATE current_timestamp(),
  PRIMARY KEY (`id`)
) ENGINE=InnoDB DEFAULT CHARSET=utf8mb4;

INSERT INTO `products` (`id`, `title`, `slug`, `price`, `description`, `image`, `status`, `created_by`, `deleted_at`, `created`, `modified`) VALUES
(1135,	'Cupidatat ea molesti',	'cupidatat-ea-molesti-JPezEM',	'',	'Omnis maxime volupta',	'[\"\\/uploads\\/products\\/16684193162701-51364.jpg\",\"\\/uploads\\/products\\/16687553482387-blog-2.jpg\",\"\\/uploads\\/products\\/16687553459600-accounmnet.jpg\",\"\\/uploads\\/products\\/16687553401560-blog-detail.jpg\"]',	1,	7,	NULL,	'2022-11-14 15:18:38',	'2022-11-18 07:09:14'),
(1136,	'Autem aspernatur pos',	'autem-aspernatur-pos-wrv5EM',	'',	'Necessitatibus quia',	'[\"/uploads/products/16684193511580-img-20220713-091944.jpg\"]',	1,	7,	NULL,	'2022-11-14 15:19:13',	'2022-11-18 11:28:50'),
(1137,	'Molestias harum in c',	'molestias-harum-in-c-4LJdqM',	'',	'Quasi consequatur in',	'[\"/uploads/products/16684193641515-istockphoto-1198271727-170667a.jpg\"]',	1,	7,	NULL,	'2022-11-14 15:19:25',	'2022-11-18 11:28:41'),
(1138,	'Nostrud aut velit e',	'nostrud-aut-velit-e-qPNYoL',	'',	'Ad similique non in',	'[\"/uploads/products/16687699831747-blog-7.jpg\"]',	1,	7,	NULL,	'2022-11-18 16:43:09',	'2022-11-18 11:14:17'),
(1139,	'Et eum laboriosam d',	'et-eum-laboriosam-d-zLlaXP',	'',	'Voluptate iusto quos',	'[\"/uploads/products/16687709565434-layed.png\"]',	1,	7,	NULL,	'2022-11-18 16:59:17',	'2022-11-18 11:29:17'),
(1140,	'Rerum exercitationem',	'rerum-exercitationem-wMQZGr',	'',	'Sed facere sit mole',	'[\"/uploads/products/16687709695345-blog-6.jpg\"]',	1,	7,	NULL,	'2022-11-18 16:59:30',	'2022-11-18 11:29:30'),
(1141,	'Illo aut quis adipis',	'illo-aut-quis-adipis-grEEer',	'',	'Magna molestias maxi',	'[\"/uploads/products/16690145881832-mk1e3hn-a-laptop-apple-original-imag7yzmv57cvg3f.png\"]',	1,	7,	NULL,	'2022-11-21 12:39:54',	'2022-11-21 07:09:54');

CREATE TABLE `product_categories` (
  `id` int(11) NOT NULL AUTO_INCREMENT,
  `parent_id` int(11) DEFAULT NULL,
  `title` varchar(255) DEFAULT NULL,
  `image` text DEFAULT NULL,
  `status` tinyint(1) DEFAULT 1,
  `type` enum('articals-categories') DEFAULT NULL,
  `slug` varchar(255) DEFAULT NULL,
  `created_by` int(11) DEFAULT NULL,
  `deleted_at` datetime DEFAULT NULL,
  `created` datetime NOT NULL,
  `modified` timestamp NOT NULL DEFAULT current_timestamp() ON UPDATE current_timestamp(),
  PRIMARY KEY (`id`),
  UNIQUE KEY `slug` (`slug`),
  KEY `parent_id` (`parent_id`),
  KEY `created_by` (`created_by`),
  CONSTRAINT `product_categories_ibfk_1` FOREIGN KEY (`parent_id`) REFERENCES `product_categories` (`id`) ON DELETE CASCADE ON UPDATE CASCADE,
  CONSTRAINT `product_categories_ibfk_2` FOREIGN KEY (`created_by`) REFERENCES `admins` (`id`)
) ENGINE=InnoDB DEFAULT CHARSET=utf8;

INSERT INTO `product_categories` (`id`, `parent_id`, `title`, `image`, `status`, `type`, `slug`, `created_by`, `deleted_at`, `created`, `modified`) VALUES
(121,	NULL,	'P1',	'/uploads/category/16633306154702-istockphoto-1198271727-170667a.jpg',	1,	NULL,	'p1-ZM0ZaL',	7,	NULL,	'2022-09-16 17:46:57',	'2022-10-14 12:48:37'),
(122,	NULL,	'P2',	'/uploads/category/16633306275185-51364.jpg',	1,	NULL,	'p2-2M3Q6L',	7,	NULL,	'2022-09-16 17:47:08',	'2022-10-14 12:48:37'),
(123,	NULL,	'P3',	'/uploads/category/16633306397331-wallpaperflare.jpg',	1,	NULL,	'p3-eP5oar',	7,	NULL,	'2022-09-16 17:47:20',	'2022-10-14 12:48:36'),
(124,	NULL,	'P4',	'/uploads/category/16633306523738-wallpaperflare.jpg',	1,	NULL,	'p4-QLknOr',	7,	NULL,	'2022-09-16 17:47:33',	'2022-10-14 12:48:36'),
(125,	121,	'C1P1',	'/uploads/products/16633307294976-51364.jpg',	1,	NULL,	'c1p1-zPw0WM',	7,	NULL,	'2022-09-16 17:47:46',	'2022-09-16 12:18:51'),
(126,	121,	'C2P1',	'/uploads/category/16633307147947-istockphoto-1198271727-170667a.jpg',	1,	NULL,	'c2p1-WPngnM',	7,	NULL,	'2022-09-16 17:48:35',	'2022-09-16 12:18:35'),
(127,	121,	'C3P1',	'/uploads/category/16633307471002-wallpaperflare.jpg',	1,	NULL,	'c3p1-YrOx9L',	7,	NULL,	'2022-09-16 17:49:08',	'2022-09-16 12:19:08'),
(128,	122,	'C1P2',	'/uploads/category/16633307667128-51364.jpg',	1,	NULL,	'c1p2-mLWdeP',	7,	NULL,	'2022-09-16 17:49:28',	'2022-09-16 12:19:28'),
(129,	122,	'C2P2',	'/uploads/category/1663330784276-istockphoto-1198271727-170667a.jpg',	1,	NULL,	'c2p2-BPGQJr',	7,	NULL,	'2022-09-16 17:49:46',	'2022-09-16 12:19:46'),
(130,	122,	'C3P2',	'/uploads/category/16633308023271-wallpaperflare.jpg',	1,	NULL,	'c3p2-jPbWKM',	7,	NULL,	'2022-09-16 17:50:03',	'2022-09-16 12:20:03'),
(131,	123,	'C1P3',	'/uploads/category/16633308208187-51364.jpg',	1,	NULL,	'c1p3-lMjeQP',	7,	NULL,	'2022-09-16 17:50:22',	'2022-09-16 12:20:22'),
(132,	123,	'C2P3',	'/uploads/category/16633308353451-wallpaperflare.jpg',	1,	NULL,	'c2p3-dLo0wP',	7,	NULL,	'2022-09-16 17:50:37',	'2022-09-16 12:20:37'),
(133,	123,	'C3P3',	'/uploads/category/16633308515289-istockphoto-1198271727-170667a.jpg',	1,	NULL,	'c3p3-6LBAyr',	7,	NULL,	'2022-09-16 17:50:52',	'2022-09-16 12:20:52'),
(134,	124,	'C1P4',	'/uploads/category/16633913725360-wallpaperflare.jpg',	1,	NULL,	'c1p4-br4yvL',	7,	NULL,	'2022-09-17 10:39:34',	'2022-09-17 05:09:34'),
(135,	NULL,	'P5',	'/uploads/category/16635669307807-istockphoto-1198271727-170667a.jpg',	1,	NULL,	'p5-JPe44L',	7,	NULL,	'2022-09-19 11:25:35',	'2022-10-14 12:48:35'),
(136,	135,	'C1P5',	'/uploads/category/16635669556024-51364.jpg',	1,	NULL,	'c1p5-wrvw2L',	7,	NULL,	'2022-09-19 11:25:57',	'2022-09-19 05:55:57'),
(137,	135,	'C2P5',	'/uploads/category/16635669704111-istockphoto-1198271727-170667a.jpg',	1,	NULL,	'c2p5-4LJoAP',	7,	NULL,	'2022-09-19 11:26:11',	'2022-09-19 05:56:11'),
(138,	135,	'C3P5',	'/uploads/category/16635669844875-wallpaperflare.jpg',	1,	NULL,	'c3p5-qPNx0r',	7,	NULL,	'2022-09-19 11:26:26',	'2022-09-19 05:56:26'),
(139,	135,	'C4P5',	'/uploads/category/16635669984181-photo-1543946207-39bd91e70ca7.jpg',	1,	NULL,	'c4p5-zLl07L',	7,	NULL,	'2022-09-19 11:26:40',	'2022-09-19 05:56:40'),
(140,	135,	'C5P5',	'',	1,	NULL,	'c5p5-wMQpdP',	7,	NULL,	'2022-09-19 11:26:57',	'2022-09-30 11:28:13'),
(141,	NULL,	'Quam esse dolore vol',	'/uploads/category/16645365647065-istockphoto-1198271727-170667a.jpg',	1,	NULL,	'quam-esse-dolore-vol-grEDAM',	7,	'2022-11-14 15:17:52',	'2022-09-23 15:45:40',	'2022-11-14 09:47:52'),
(142,	124,	'Aliqua Quisquam ut',	'/uploads/subcategory/16645372264305-istockphoto-1198271727-170667a.jpg',	1,	NULL,	'aliqua-quisquam-ut-KLymzL',	7,	'2022-11-14 15:18:03',	'2022-09-23 15:47:44',	'2022-11-14 09:48:03'),
(143,	NULL,	'Rakesh',	'/uploads/category/16653886985012-img-20220713-091944.jpg',	1,	NULL,	'rakesh-9PmBvM',	7,	'2022-11-14 15:17:52',	'2022-10-10 13:28:20',	'2022-11-14 09:47:52'),
(144,	143,	'Glass & bowls',	'/uploads/subcategory/16653887159601-istockphoto-1198271727-170667a.jpg',	1,	NULL,	'glass-bowls-5PXner',	7,	NULL,	'2022-10-10 13:28:37',	'2022-10-10 07:58:37'),
(145,	143,	'Glass & bowls',	'/uploads/subcategory/16653887517265-img-20220713-091944.jpg',	1,	NULL,	'glass-bowls-oPKo3P',	7,	NULL,	'2022-10-10 13:29:13',	'2022-10-10 07:59:13'),
(146,	NULL,	'Jatin',	'',	1,	NULL,	'jatin-awbmq9',	7,	'2022-11-14 15:17:52',	'2022-10-13 11:33:28',	'2022-11-14 09:47:52'),
(147,	146,	'Jatin Sub',	'',	1,	NULL,	'jatin-sub-Ewer5p',	7,	NULL,	'2022-10-13 11:33:37',	'2022-10-13 06:03:37'),
(148,	NULL,	'demo',	'',	1,	NULL,	'demo-G2RWz9',	7,	'2022-11-14 15:17:52',	'2022-10-21 10:40:13',	'2022-11-14 09:47:52'),
(149,	NULL,	'demo',	'',	1,	NULL,	'demo-Kp4yR2',	7,	'2022-11-14 15:17:52',	'2022-10-21 10:40:17',	'2022-11-14 09:47:52');

CREATE TABLE `product_category_relation` (
  `id` int(11) NOT NULL AUTO_INCREMENT,
  `product_id` int(11) NOT NULL,
  `cat_id` int(11) DEFAULT NULL,
  `sub_cat_id` int(11) DEFAULT NULL,
  `created_at` datetime NOT NULL DEFAULT current_timestamp() ON UPDATE current_timestamp(),
  `updated_at` datetime NOT NULL DEFAULT current_timestamp() ON UPDATE current_timestamp(),
  PRIMARY KEY (`id`),
  KEY `product_id` (`product_id`),
  KEY `cat_id` (`cat_id`),
  KEY `sub_cat_id` (`sub_cat_id`),
  CONSTRAINT `product_category_relation_ibfk_3` FOREIGN KEY (`product_id`) REFERENCES `products` (`id`) ON DELETE CASCADE,
  CONSTRAINT `product_category_relation_ibfk_5` FOREIGN KEY (`cat_id`) REFERENCES `product_categories` (`id`) ON DELETE CASCADE,
  CONSTRAINT `product_category_relation_ibfk_7` FOREIGN KEY (`sub_cat_id`) REFERENCES `product_categories` (`id`) ON DELETE CASCADE
) ENGINE=InnoDB DEFAULT CHARSET=utf8mb4;

INSERT INTO `product_category_relation` (`id`, `product_id`, `cat_id`, `sub_cat_id`, `created_at`, `updated_at`) VALUES
(1727,	1135,	124,	134,	'2022-11-18 12:39:14',	'2022-11-18 12:39:14'),
(1729,	1138,	124,	134,	'2022-11-18 16:44:17',	'2022-11-18 16:44:17'),
(1730,	1137,	124,	134,	'2022-11-18 16:58:41',	'2022-11-18 16:58:41'),
(1731,	1136,	124,	134,	'2022-11-18 16:58:50',	'2022-11-18 16:58:50'),
(1732,	1139,	124,	134,	'2022-11-18 16:59:17',	'2022-11-18 16:59:17'),
(1733,	1140,	124,	134,	'2022-11-18 16:59:30',	'2022-11-18 16:59:30'),
(1734,	1141,	135,	137,	'2022-11-21 12:39:54',	'2022-11-21 12:39:54');

CREATE TABLE `settings` (
  `id` int(11) NOT NULL AUTO_INCREMENT,
  `name` varchar(255) NOT NULL,
  `value` text DEFAULT NULL,
  PRIMARY KEY (`id`)
) ENGINE=InnoDB DEFAULT CHARSET=utf8;

INSERT INTO `settings` (`id`, `name`, `value`) VALUES
(1,	'company_name',	'Fellow Ship'),
(2,	'website_url',	'http://localhost/laravel/fellowship/public/'),
(3,	'measurement_unit',	'pc'),
(4,	'currency_symbol',	'₹'),
(5,	'company_address',	'Dummy Address'),
(6,	'company_gst_number',	'1888998520'),
(7,	'currency_code',	'INR'),
(8,	'admin_recaptcha',	''),
(9,	'admin_second_auth_factor',	''),
(10,	'recaptcha_secret',	'6LdhM1oaAAAAACK2IkHNxnjEMh5Jkoa5hl2aZb0i'),
(11,	'recaptcha_key',	'6LdhM1oaAAAAADJXL3qLn2sxBpbMTdnaHZwV8hL1'),
(12,	'sendgrid_api_key',	'Globiz#123'),
(13,	'sendgrid_email',	'vermani.ritish@gmail.com'),
(14,	'pagination_method',	'scroll'),
(15,	'globiz_logo',	'data:image/png;base64,[encoded data, 24332 characters]'),
(16,	'favicon',	'/uploads/logos/16690156223727-82838-1552371481.png'),
(17,	'from_email',	'globiznotification@gmail.com'),
(18,	'smtp_host',	'smtp.gmail.com'),
(19,	'smtp_encryption',	'ssl'),
(20,	'smtp_username',	'globiznotification@gmail.com'),
(21,	'smtp_email',	'globiznotification@gmail.com'),
(22,	'smtp_password',	'mmcxulnkhaxcngqo'),
(23,	'smtp_port',	'465'),
(24,	'email_method',	'smtp'),
(25,	'logo',	'/uploads/logos/1669015618802-82838-1552371481.png'),
(26,	'admin_notification_email',	'info@example.com'),
(27,	'date_format',	'd/m/Y'),
(28,	'time_format',	'h:iA'),
(29,	'direct_login_after_registration',	'1'),
(30,	'session_expires_in_minutes',	'1440'),
(31,	'client_recaptcha',	'0'),
(32,	'client_second_auth_factor',	''),
(33,	'client_multi_device_logins',	'1'),
(46,	'google_api_key',	'AIzaSyDT7TbxQgOhC-6baK4vOvb2SfT7b2yXOY0'),
(47,	'footer_logo',	'https://globizcloudserver.com/comunex/public/assets/frontend/images/footer-logo.png'),
(48,	'powered_by',	'Globiz Technology Inc.'),
(49,	'powered_by_link',	'https://globiztechnology.com/'),
(50,	'company_email',	'rakesh.globiztechnology@gmail.com'),
(51,	'company_phonenumber',	'7888584255'),
(52,	'facebook',	'https://www.facebook.com/'),
(53,	'twitter',	'https://twitter.com/'),
(54,	'instagram',	'https://www.instagram.com/'),
(55,	'youtube',	'https://www.youtube.com/'),
(59,	'google_client_id',	'642028846293-1d4glu2m16v36omdgj3o3844vrdh5b9l.apps.googleusercontent.com'),
(60,	'google_secret_key',	'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'),
(61,	'google_redirect_uri',	'https://globizcloudserver.com/comunex/public/google-login'),
(62,	'aboutid',	'2'),
(63,	'google_scopes',	'https://www.googleapis.com/auth/userinfo.email, https://www.googleapis.com/auth/userinfo.profile'),
(64,	'google_approvel_prompt',	'auto'),
(65,	'google_access_type',	'online'),
(66,	'facebook_app_id',	'623371488915655'),
(67,	'facebook_api_version',	'v12.0'),
(68,	'facebook_app_secret',	'5d2505d8a21213bde036e68896ccd88c'),
(69,	'facebook_scopes',	'email'),
(70,	'facebook_redirect_uri',	'https://globizcloudserver.com/comunex/public/facebook-login'),
(71,	'resize_method',	'aspect_ratio'),
(72,	'block_email_domains',	'mailinator.com'),
(73,	'block_email_domains',	'mailinator.com,globiztechnology.com'),
(74,	'front_pagination_method',	'reload');

CREATE TABLE `slider` (
  `id` int(11) NOT NULL AUTO_INCREMENT,
  `title` varchar(255) NOT NULL,
  `button_title` varchar(255) NOT NULL,
  `url` varchar(255) NOT NULL,
  `description` text DEFAULT NULL,
  `slug` varchar(255) DEFAULT NULL,
  `image` text DEFAULT NULL,
  `status` tinyint(1) NOT NULL DEFAULT 1,
  `created_by` int(11) DEFAULT NULL,
  `deleted_at` datetime DEFAULT NULL,
  `created` datetime NOT NULL,
  `modified` timestamp NOT NULL DEFAULT current_timestamp() ON UPDATE current_timestamp(),
  PRIMARY KEY (`id`),
  KEY `created_by` (`created_by`),
  CONSTRAINT `slider_ibfk_1` FOREIGN KEY (`created_by`) REFERENCES `admins` (`id`) ON DELETE CASCADE
) ENGINE=InnoDB DEFAULT CHARSET=utf8;

INSERT INTO `slider` (`id`, `title`, `button_title`, `url`, `description`, `slug`, `image`, `status`, `created_by`, `deleted_at`, `created`, `modified`) VALUES
(1,	'Alias sed dolorum ve',	'dtghd',	'fghfg',	'Modi est non eius mi',	'alias-sed-dolorum-ve-oPKJLN',	'/uploads/slider/1662959498407-photo-1543946207-39bd91e70ca7.jpg',	1,	7,	NULL,	'2022-09-12 10:41:40',	'2022-09-12 05:11:40');

CREATE TABLE `states` (
  `id` int(11) NOT NULL AUTO_INCREMENT,
  `name` varchar(50) NOT NULL,
  `state_code` varchar(50) NOT NULL,
  `country_id` int(11) NOT NULL,
  `latitude` decimal(8,5) DEFAULT NULL,
  `longitude` decimal(8,5) DEFAULT NULL,
  `status` tinyint(4) NOT NULL,
  `created` datetime DEFAULT NULL,
  `modified` timestamp NOT NULL DEFAULT current_timestamp() ON UPDATE current_timestamp(),
  PRIMARY KEY (`id`)
) ENGINE=InnoDB DEFAULT CHARSET=utf8;

INSERT INTO `states` (`id`, `name`, `state_code`, `country_id`, `latitude`, `longitude`, `status`, `created`, `modified`) VALUES
(37,	'Alaska',	'AK',	236,	NULL,	NULL,	1,	'2022-04-25 17:32:49',	'2022-04-25 12:03:23'),
(38,	'Alabama',	'AL',	236,	NULL,	NULL,	1,	'2022-04-25 17:32:49',	'2022-04-25 12:03:23'),
(39,	'Arkansas',	'AR',	236,	NULL,	NULL,	1,	'2022-04-25 17:32:49',	'2022-04-25 12:03:23'),
(40,	'Arizona',	'AZ',	236,	NULL,	NULL,	1,	'2022-04-25 17:32:49',	'2022-04-25 12:03:23'),
(41,	'California',	'CA',	236,	NULL,	NULL,	1,	'2022-04-25 17:32:49',	'2022-04-25 12:03:23'),
(42,	'Colorado',	'CO',	236,	NULL,	NULL,	1,	'2022-04-25 17:32:49',	'2022-04-25 12:03:23'),
(43,	'Connecticut',	'CT',	236,	NULL,	NULL,	1,	'2022-04-25 17:32:49',	'2022-04-25 12:03:23'),
(44,	'District of Columbia',	'DC',	236,	NULL,	NULL,	1,	'2022-04-25 17:32:49',	'2022-04-25 12:03:23'),
(45,	'Delaware',	'DE',	236,	NULL,	NULL,	1,	'2022-04-25 17:32:49',	'2022-04-25 12:03:23'),
(46,	'Florida',	'FL',	236,	NULL,	NULL,	1,	'2022-04-25 17:32:49',	'2022-04-25 12:03:23'),
(47,	'Georgia',	'GA',	236,	NULL,	NULL,	1,	'2022-04-25 17:32:49',	'2022-04-25 12:03:23'),
(48,	'Hawaii',	'HI',	236,	NULL,	NULL,	1,	'2022-04-25 17:32:49',	'2022-04-25 12:03:23'),
(49,	'Iowa',	'IA',	236,	NULL,	NULL,	1,	'2022-04-25 17:32:49',	'2022-04-25 12:03:23'),
(50,	'Idaho',	'ID',	236,	NULL,	NULL,	1,	'2022-04-25 17:32:49',	'2022-04-25 12:03:23'),
(51,	'Illinois',	'IL',	236,	NULL,	NULL,	1,	'2022-04-25 17:32:49',	'2022-04-25 12:03:23'),
(52,	'Indiana',	'IN',	236,	NULL,	NULL,	1,	'2022-04-25 17:32:49',	'2022-04-25 12:03:23'),
(53,	'Kansas',	'KS',	236,	NULL,	NULL,	1,	'2022-04-25 17:32:49',	'2022-04-25 12:03:23'),
(54,	'Kentucky',	'KY',	236,	NULL,	NULL,	1,	'2022-04-25 17:32:49',	'2022-04-25 12:03:23'),
(55,	'Louisiana',	'LA',	236,	NULL,	NULL,	1,	'2022-04-25 17:32:49',	'2022-04-25 12:03:23'),
(56,	'Massachusetts',	'MA',	236,	NULL,	NULL,	1,	'2022-04-25 17:32:49',	'2022-04-25 12:03:23'),
(57,	'Maryland',	'MD',	236,	NULL,	NULL,	1,	'2022-04-25 17:32:49',	'2022-04-25 12:03:23'),
(58,	'Maine',	'ME',	236,	NULL,	NULL,	1,	'2022-04-25 17:32:49',	'2022-04-25 12:03:23'),
(59,	'Michigan',	'MI',	236,	NULL,	NULL,	1,	'2022-04-25 17:32:49',	'2022-04-25 12:03:23'),
(60,	'Minnesota',	'MN',	236,	NULL,	NULL,	1,	'2022-04-25 17:32:49',	'2022-04-25 12:03:23'),
(61,	'Missouri',	'MO',	236,	NULL,	NULL,	1,	'2022-04-25 17:32:49',	'2022-04-25 12:03:23'),
(62,	'Mississippi',	'MS',	236,	NULL,	NULL,	1,	'2022-04-25 17:32:49',	'2022-04-25 12:03:23'),
(63,	'Montana',	'MT',	236,	NULL,	NULL,	1,	'2022-04-25 17:32:49',	'2022-04-25 12:03:23'),
(64,	'North Carolina',	'NC',	236,	NULL,	NULL,	1,	'2022-04-25 17:32:49',	'2022-04-25 12:03:23'),
(65,	'North Dakota',	'ND',	236,	NULL,	NULL,	1,	'2022-04-25 17:32:49',	'2022-04-25 12:03:23'),
(66,	'Nebraska',	'NE',	236,	NULL,	NULL,	1,	'2022-04-25 17:32:49',	'2022-04-25 12:03:23'),
(67,	'New Hampshire',	'NH',	236,	NULL,	NULL,	1,	'2022-04-25 17:32:49',	'2022-04-25 12:03:23'),
(68,	'New Jersey',	'NJ',	236,	NULL,	NULL,	1,	'2022-04-25 17:32:49',	'2022-04-25 12:03:23'),
(69,	'New Mexico',	'NM',	236,	NULL,	NULL,	1,	'2022-04-25 17:32:49',	'2022-04-25 12:03:23'),
(70,	'Nevada',	'NV',	236,	NULL,	NULL,	1,	'2022-04-25 17:32:49',	'2022-04-25 12:03:23'),
(71,	'New York',	'NY',	236,	NULL,	NULL,	1,	'2022-04-25 17:32:49',	'2022-04-25 12:03:23'),
(72,	'Ohio',	'OH',	236,	NULL,	NULL,	1,	'2022-04-25 17:32:49',	'2022-04-25 12:03:23'),
(73,	'Oklahoma',	'OK',	236,	NULL,	NULL,	1,	'2022-04-25 17:32:49',	'2022-04-25 12:03:23'),
(74,	'Oregon',	'OR',	236,	NULL,	NULL,	1,	'2022-04-25 17:32:49',	'2022-04-25 12:03:23'),
(75,	'Pennsylvania',	'PA',	236,	NULL,	NULL,	1,	'2022-04-25 17:32:49',	'2022-04-25 12:03:23'),
(76,	'Rhode Island',	'RI',	236,	NULL,	NULL,	1,	'2022-04-25 17:32:49',	'2022-04-25 12:03:23'),
(77,	'South Carolina',	'SC',	236,	NULL,	NULL,	1,	'2022-04-25 17:32:49',	'2022-04-25 12:03:23'),
(78,	'South Dakota',	'SD',	236,	NULL,	NULL,	1,	'2022-04-25 17:32:49',	'2022-04-25 12:03:23'),
(79,	'Tennessee',	'TN',	236,	NULL,	NULL,	1,	'2022-04-25 17:32:49',	'2022-04-25 12:03:23'),
(80,	'Texas',	'TX',	236,	NULL,	NULL,	1,	'2022-04-25 17:32:49',	'2022-04-25 12:03:23'),
(81,	'Utah',	'UT',	236,	NULL,	NULL,	1,	'2022-04-25 17:32:49',	'2022-04-25 12:03:23'),
(82,	'Virginia',	'VA',	236,	NULL,	NULL,	1,	'2022-04-25 17:32:49',	'2022-04-25 12:03:23'),
(83,	'Vermont',	'VT',	236,	NULL,	NULL,	1,	'2022-04-25 17:32:49',	'2022-04-25 12:03:23'),
(84,	'Washington',	'WA',	236,	NULL,	NULL,	1,	'2022-04-25 17:32:49',	'2022-04-25 12:03:23'),
(85,	'Wisconsin',	'WI',	236,	NULL,	NULL,	1,	'2022-04-25 17:32:49',	'2022-04-25 12:03:23'),
(86,	'West Virginia',	'WV',	236,	NULL,	NULL,	1,	'2022-04-25 17:32:49',	'2022-04-25 12:03:23'),
(87,	'Wyoming',	'WY',	236,	NULL,	NULL,	1,	'2022-04-25 17:32:49',	'2022-04-25 12:03:23'),
(88,	'Leinster',	'A42',	106,	NULL,	NULL,	1,	'2022-04-27 17:33:38',	'2022-06-23 07:27:58'),
(89,	'Ulster',	'',	106,	NULL,	NULL,	1,	'2022-06-23 13:18:20',	'2022-06-25 12:01:16'),
(90,	'Munster',	'',	106,	NULL,	NULL,	1,	'2022-06-23 13:18:44',	'2022-06-25 12:01:16'),
(91,	'Connacht',	'',	106,	NULL,	NULL,	1,	'2022-06-23 13:18:59',	'2022-06-25 12:01:16'),
(92,	'Londonderry',	'',	252,	NULL,	NULL,	1,	'2022-06-23 13:28:50',	'2022-06-25 12:01:16'),
(93,	'Antrim',	'',	252,	NULL,	NULL,	1,	'2022-06-23 13:29:07',	'2022-06-25 12:01:16'),
(94,	'Down',	'',	252,	NULL,	NULL,	1,	'2022-06-23 13:29:23',	'2022-06-25 12:01:16'),
(95,	'Armagh',	'',	252,	NULL,	NULL,	1,	'2022-06-23 13:29:40',	'2022-06-25 12:01:16'),
(96,	'Tyrone',	'',	252,	NULL,	NULL,	1,	'2022-06-23 13:29:52',	'2022-06-25 12:01:16'),
(97,	'Fermanagh',	'',	252,	NULL,	NULL,	1,	'2022-06-23 13:30:05',	'2022-06-25 12:01:16'),
(98,	'Avon',	'',	235,	NULL,	NULL,	1,	'2022-06-23 13:33:29',	'2022-06-25 12:01:16'),
(99,	'Bath and North East Somerset',	'',	235,	NULL,	NULL,	1,	'2022-06-23 13:33:41',	'2022-06-25 12:01:16'),
(100,	'Bedfordshire',	'',	235,	NULL,	NULL,	1,	'2022-06-23 13:33:51',	'2022-06-25 12:01:16'),
(101,	'Bedford',	'',	235,	NULL,	NULL,	1,	'2022-06-23 13:34:04',	'2022-06-25 12:01:16'),
(102,	'Berkshire',	'',	235,	NULL,	NULL,	1,	'2022-06-23 13:34:17',	'2022-06-25 12:01:16'),
(103,	'Blackburn with Darwen',	'',	235,	NULL,	NULL,	1,	'2022-06-23 13:34:28',	'2022-06-25 12:01:16'),
(104,	'Blackpool',	'',	235,	NULL,	NULL,	1,	'2022-06-23 13:34:38',	'2022-06-25 12:01:16'),
(105,	'Bournemouth, Christchurch and Poole',	'',	235,	NULL,	NULL,	1,	'2022-06-23 13:35:12',	'2022-06-25 12:01:16'),
(106,	'Bournemouth',	'',	235,	NULL,	NULL,	1,	'2022-06-23 13:35:21',	'2022-06-25 12:01:16'),
(107,	'Brighton and Hove',	'',	235,	NULL,	NULL,	1,	'2022-06-23 13:35:31',	'2022-06-25 12:01:16'),
(108,	'Bristol',	'',	235,	NULL,	NULL,	1,	'2022-06-23 13:35:45',	'2022-06-25 12:01:16'),
(109,	'Buckinghamshire',	'',	235,	NULL,	NULL,	1,	'2022-06-23 13:36:13',	'2022-06-25 12:01:16'),
(110,	'Cambridgeshire',	'',	235,	NULL,	NULL,	1,	'2022-06-23 13:36:24',	'2022-06-25 12:01:16'),
(111,	'Cambridgeshire and Isle of Ely',	'',	235,	NULL,	NULL,	1,	'2022-06-23 13:36:34',	'2022-06-25 12:01:16'),
(112,	'Central Bedfordshire',	'',	235,	NULL,	NULL,	1,	'2022-06-23 13:36:46',	'2022-06-25 12:01:16'),
(113,	'Cheshire',	'',	235,	NULL,	NULL,	1,	'2022-06-23 13:37:00',	'2022-06-25 12:01:16'),
(114,	'Cheshire East',	'',	235,	NULL,	NULL,	1,	'2022-06-23 13:37:16',	'2022-06-25 12:01:16'),
(115,	'Cheshire West and Chester',	'',	235,	NULL,	NULL,	1,	'2022-06-23 13:37:29',	'2022-06-25 12:01:16'),
(116,	'Cleveland',	'',	235,	NULL,	NULL,	1,	'2022-06-23 13:37:39',	'2022-06-25 12:01:16'),
(117,	'Cornwall',	'',	235,	NULL,	NULL,	1,	'2022-06-23 13:37:51',	'2022-06-25 12:01:16'),
(118,	'Cumberland',	'',	235,	NULL,	NULL,	1,	'2022-06-23 13:38:01',	'2022-06-25 12:01:16'),
(119,	'Darlington',	'',	235,	NULL,	NULL,	1,	'2022-06-23 13:39:39',	'2022-06-25 12:01:16'),
(120,	'Cumbria',	'',	235,	NULL,	NULL,	1,	'2022-06-23 13:39:55',	'2022-06-25 12:01:16'),
(121,	'Derbyshire',	'',	235,	NULL,	NULL,	1,	'2022-06-23 13:40:26',	'2022-06-25 12:01:16'),
(122,	'Derby',	'',	235,	NULL,	NULL,	1,	'2022-06-23 13:40:36',	'2022-06-25 12:01:16'),
(123,	'Devon',	'',	235,	NULL,	NULL,	1,	'2022-06-23 13:40:46',	'2022-06-25 12:01:16'),
(124,	'Dorset',	'',	235,	NULL,	NULL,	1,	'2022-06-23 13:40:56',	'2022-06-25 12:01:16'),
(125,	'Durham',	'',	235,	NULL,	NULL,	1,	'2022-06-23 13:41:07',	'2022-06-25 12:01:16'),
(126,	'East Suffolk',	'',	235,	NULL,	NULL,	1,	'2022-06-23 13:41:18',	'2022-06-25 12:01:16'),
(127,	'East Sussex',	'',	235,	NULL,	NULL,	1,	'2022-06-23 13:41:28',	'2022-06-25 12:01:16'),
(128,	'Essex',	'',	235,	NULL,	NULL,	1,	'2022-06-23 13:41:42',	'2022-06-25 12:01:16'),
(129,	'Gloucestershire',	'',	235,	NULL,	NULL,	1,	'2022-06-23 13:41:50',	'2022-06-25 12:01:16'),
(130,	'Greater London',	'',	235,	NULL,	NULL,	1,	'2022-06-23 13:42:00',	'2022-06-25 12:01:16'),
(131,	'Greater Manchester',	'',	235,	NULL,	NULL,	1,	'2022-06-23 13:42:11',	'2022-06-25 12:01:16'),
(132,	'Hampshire',	'',	235,	NULL,	NULL,	1,	'2022-06-23 13:42:24',	'2022-06-25 12:01:16'),
(133,	'Halton',	'',	235,	NULL,	NULL,	1,	'2022-06-23 13:42:35',	'2022-06-25 12:01:16'),
(134,	'Hartlepool',	'',	235,	NULL,	NULL,	1,	'2022-06-23 13:42:48',	'2022-06-25 12:01:16'),
(135,	'Hereford and Worcester',	'',	235,	NULL,	NULL,	1,	'2022-06-23 13:42:58',	'2022-06-25 12:01:16'),
(136,	'Herefordshire',	'',	235,	NULL,	NULL,	1,	'2022-06-23 13:43:07',	'2022-06-25 12:01:16'),
(137,	'Hertfordshire',	'',	235,	NULL,	NULL,	1,	'2022-06-23 13:43:19',	'2022-06-25 12:01:16'),
(138,	'Humberside',	'',	235,	NULL,	NULL,	1,	'2022-06-23 13:43:30',	'2022-06-25 12:01:16'),
(139,	'Huntingdon and Peterborough',	'',	235,	NULL,	NULL,	1,	'2022-06-23 13:43:39',	'2022-06-25 12:01:16'),
(140,	'Huntingdon and Peterborough',	'',	235,	NULL,	NULL,	1,	'2022-06-23 13:43:40',	'2022-06-25 12:01:16'),
(141,	'Huntingdonshire',	'',	235,	NULL,	NULL,	1,	'2022-06-23 13:43:52',	'2022-06-25 12:01:16'),
(142,	'Isle of Ely',	'',	235,	NULL,	NULL,	1,	'2022-06-23 13:44:07',	'2022-06-25 12:01:16'),
(143,	'Isle of Wight',	'',	235,	NULL,	NULL,	1,	'2022-06-23 13:44:19',	'2022-06-25 12:01:16'),
(144,	'Kent',	'',	235,	NULL,	NULL,	1,	'2022-06-23 13:44:33',	'2022-06-25 12:01:16'),
(145,	'Kingston upon Hull',	'',	235,	NULL,	NULL,	1,	'2022-06-23 13:44:43',	'2022-06-25 12:01:16'),
(146,	'Lancashire',	'',	235,	NULL,	NULL,	1,	'2022-06-23 13:44:58',	'2022-06-25 12:01:16'),
(147,	'Leicestershire',	'',	235,	NULL,	NULL,	1,	'2022-06-23 13:45:08',	'2022-06-25 12:01:16'),
(148,	'Leicester',	'',	235,	NULL,	NULL,	1,	'2022-06-23 13:45:19',	'2022-06-25 12:01:16'),
(149,	'Lincolnshire',	'',	235,	NULL,	NULL,	1,	'2022-06-23 13:45:28',	'2022-06-25 12:01:16'),
(150,	'Lincolnshire, Parts of Holland',	'',	235,	NULL,	NULL,	1,	'2022-06-23 13:45:47',	'2022-06-25 12:01:16'),
(151,	'Lincolnshire, Parts of Kesteven',	'',	235,	NULL,	NULL,	1,	'2022-06-23 13:45:58',	'2022-06-25 12:01:16'),
(152,	'Lincolnshire, Parts of Lindsey',	'',	235,	NULL,	NULL,	1,	'2022-06-23 13:46:07',	'2022-06-25 12:01:16'),
(153,	'London',	'',	235,	NULL,	NULL,	1,	'2022-06-23 13:46:18',	'2022-06-25 12:01:16'),
(154,	'City of London',	'',	235,	NULL,	NULL,	1,	'2022-06-23 13:46:28',	'2022-06-25 12:01:16'),
(155,	'Luton',	'',	235,	NULL,	NULL,	1,	'2022-06-23 13:46:42',	'2022-06-25 12:01:16'),
(156,	'Medway',	'',	235,	NULL,	NULL,	1,	'2022-06-23 13:46:54',	'2022-06-25 12:01:16'),
(157,	'Merseyside',	'',	235,	NULL,	NULL,	1,	'2022-06-23 13:47:04',	'2022-06-25 12:01:16'),
(158,	'Middlesbrough',	'',	235,	NULL,	NULL,	1,	'2022-06-23 13:47:13',	'2022-06-25 12:01:16'),
(159,	'Middlesex',	'',	235,	NULL,	NULL,	1,	'2022-06-23 13:47:23',	'2022-06-25 12:01:16'),
(160,	'Milton Keynes',	'',	235,	NULL,	NULL,	1,	'2022-06-23 13:47:36',	'2022-06-25 12:01:16'),
(161,	'Norfolk',	'',	235,	NULL,	NULL,	1,	'2022-06-23 13:47:44',	'2022-06-25 12:01:16'),
(162,	'Northamptonshire',	'',	235,	NULL,	NULL,	1,	'2022-06-23 13:48:00',	'2022-06-25 12:01:16'),
(163,	'North East Lincolnshire',	'',	235,	NULL,	NULL,	1,	'2022-06-23 13:48:12',	'2022-06-25 12:01:16'),
(164,	'North Humberside',	'',	235,	NULL,	NULL,	1,	'2022-06-23 13:48:21',	'2022-06-25 12:01:16'),
(165,	'North Lincolnshire',	'',	235,	NULL,	NULL,	1,	'2022-06-23 13:48:32',	'2022-06-25 12:01:16'),
(166,	'North Northamptonshire',	'',	235,	NULL,	NULL,	1,	'2022-06-23 13:48:41',	'2022-06-25 12:01:16'),
(167,	'North Somerset',	'',	235,	NULL,	NULL,	1,	'2022-06-23 13:48:49',	'2022-06-25 12:01:16'),
(168,	'Northumberland',	'',	235,	NULL,	NULL,	1,	'2022-06-23 13:49:01',	'2022-06-25 12:01:16'),
(169,	'North Yorkshire',	'',	235,	NULL,	NULL,	1,	'2022-06-23 13:49:13',	'2022-06-25 12:01:16'),
(170,	'Nottinghamshire',	'',	235,	NULL,	NULL,	1,	'2022-06-23 13:49:23',	'2022-06-25 12:01:16'),
(171,	'Nottingham',	'',	235,	NULL,	NULL,	1,	'2022-06-23 13:49:32',	'2022-06-25 12:01:16'),
(172,	'Nottingham',	'',	235,	NULL,	NULL,	1,	'2022-06-23 13:49:32',	'2022-06-25 12:01:16'),
(173,	'Oxfordshire',	'',	235,	NULL,	NULL,	1,	'2022-06-23 13:49:43',	'2022-06-25 12:01:16'),
(174,	'Soke of Peterborough',	'',	235,	NULL,	NULL,	1,	'2022-06-23 13:49:57',	'2022-06-25 12:01:16'),
(175,	'Peterborough',	'',	235,	NULL,	NULL,	1,	'2022-06-23 13:50:06',	'2022-06-25 12:01:16'),
(176,	'Plymouth',	'',	235,	NULL,	NULL,	1,	'2022-06-23 13:50:15',	'2022-06-25 12:01:16'),
(177,	'Poole',	'',	235,	NULL,	NULL,	1,	'2022-06-23 13:50:23',	'2022-06-25 12:01:16'),
(178,	'Portsmouth',	'',	235,	NULL,	NULL,	1,	'2022-06-23 13:50:31',	'2022-06-25 12:01:16'),
(179,	'Portsmouth',	'',	235,	NULL,	NULL,	1,	'2022-06-23 13:50:31',	'2022-06-25 12:01:16'),
(180,	'Redcar and Cleveland',	'',	235,	NULL,	NULL,	1,	'2022-06-23 13:50:40',	'2022-06-25 12:01:16'),
(181,	'Rutland',	'',	235,	NULL,	NULL,	1,	'2022-06-23 13:51:08',	'2022-06-25 12:01:16'),
(182,	'Shropshire',	'',	235,	NULL,	NULL,	1,	'2022-06-23 13:51:21',	'2022-06-25 12:01:16'),
(183,	'Somerset',	'',	235,	NULL,	NULL,	1,	'2022-06-23 13:51:29',	'2022-06-25 12:01:16'),
(184,	'Southampton',	'',	235,	NULL,	NULL,	1,	'2022-06-23 13:51:38',	'2022-06-25 12:01:16'),
(185,	'Southend-on-Sea',	'',	235,	NULL,	NULL,	1,	'2022-06-23 13:51:46',	'2022-06-25 12:01:16'),
(186,	'South Humberside',	'',	235,	NULL,	NULL,	1,	'2022-06-23 13:51:56',	'2022-06-25 12:01:16'),
(187,	'South Gloucestershire',	'',	235,	NULL,	NULL,	1,	'2022-06-23 13:52:06',	'2022-06-25 12:01:16'),
(188,	'South Yorkshire',	'',	235,	NULL,	NULL,	1,	'2022-06-23 13:52:15',	'2022-06-25 12:01:16'),
(189,	'Staffordshire',	'',	235,	NULL,	NULL,	1,	'2022-06-23 13:52:26',	'2022-06-25 12:01:16'),
(190,	'Stockton-on-Tees',	'',	235,	NULL,	NULL,	1,	'2022-06-23 13:52:39',	'2022-06-25 12:01:16'),
(191,	'Stoke-on-Trent',	'',	235,	NULL,	NULL,	1,	'2022-06-23 13:52:47',	'2022-06-25 12:01:16'),
(192,	'Suffolk',	'',	235,	NULL,	NULL,	1,	'2022-06-23 13:53:01',	'2022-06-25 12:01:16'),
(193,	'Surrey',	'',	235,	NULL,	NULL,	1,	'2022-06-23 13:53:10',	'2022-06-25 12:01:16'),
(194,	'Sussex',	'',	235,	NULL,	NULL,	1,	'2022-06-23 13:53:22',	'2022-06-25 12:01:16'),
(195,	'Swindon',	'',	235,	NULL,	NULL,	1,	'2022-06-23 13:53:32',	'2022-06-25 12:01:16'),
(196,	'Telford and Wrekin',	'',	235,	NULL,	NULL,	1,	'2022-06-23 13:53:41',	'2022-06-25 12:01:16'),
(197,	'Thurrock',	'',	235,	NULL,	NULL,	1,	'2022-06-23 13:53:49',	'2022-06-25 12:01:16'),
(198,	'Torbay',	'',	235,	NULL,	NULL,	1,	'2022-06-23 13:53:59',	'2022-06-25 12:01:16'),
(199,	'Tyne and Wear',	'',	235,	NULL,	NULL,	1,	'2022-06-23 13:54:07',	'2022-06-25 12:01:16'),
(200,	'Warrington',	'',	235,	NULL,	NULL,	1,	'2022-06-23 13:54:19',	'2022-06-25 12:01:16'),
(201,	'Warwickshire',	'',	235,	NULL,	NULL,	1,	'2022-06-23 13:54:28',	'2022-06-25 12:01:16'),
(202,	'West Midlands',	'',	235,	NULL,	NULL,	1,	'2022-06-23 13:54:40',	'2022-06-25 12:01:16'),
(203,	'Westmorland',	'',	235,	NULL,	NULL,	1,	'2022-06-23 13:54:54',	'2022-06-25 12:01:16'),
(204,	'West Northamptonshire',	'',	235,	NULL,	NULL,	1,	'2022-06-23 13:55:06',	'2022-06-25 12:01:16'),
(205,	'West Suffolk',	'',	235,	NULL,	NULL,	1,	'2022-06-23 13:55:14',	'2022-06-25 12:01:16'),
(206,	'West Sussex',	'',	235,	NULL,	NULL,	1,	'2022-06-23 13:55:23',	'2022-06-25 12:01:16'),
(207,	'West Yorkshire',	'',	235,	NULL,	NULL,	1,	'2022-06-23 13:55:36',	'2022-06-25 12:01:16'),
(208,	'Wiltshire',	'',	235,	NULL,	NULL,	1,	'2022-06-23 13:55:45',	'2022-06-25 12:01:16'),
(209,	'Worcestershire',	'',	235,	NULL,	NULL,	1,	'2022-06-23 13:55:55',	'2022-06-25 12:01:16'),
(210,	'Yorkshire',	'',	235,	NULL,	NULL,	1,	'2022-06-23 13:56:03',	'2022-06-25 12:01:16'),
(211,	'Yorkshire, East Riding',	'',	235,	NULL,	NULL,	1,	'2022-06-23 13:56:12',	'2022-06-25 12:01:16'),
(212,	'Yorkshire, North Riding',	'',	235,	NULL,	NULL,	1,	'2022-06-23 13:56:25',	'2022-06-25 12:01:16'),
(213,	'Yorkshire, West Riding',	'',	235,	NULL,	NULL,	1,	'2022-06-23 13:56:35',	'2022-06-25 12:01:16'),
(214,	'York',	'',	235,	NULL,	NULL,	1,	'2022-06-23 13:56:45',	'2022-06-25 12:01:16'),
(215,	'Punjab',	'PB',	102,	NULL,	NULL,	1,	NULL,	'2022-11-01 05:49:04');

CREATE TABLE `testimonials` (
  `id` int(11) NOT NULL AUTO_INCREMENT,
  `name` varchar(255) NOT NULL,
  `designation` varchar(255) DEFAULT NULL,
  `location` varchar(255) NOT NULL,
  `image` varchar(255) NOT NULL,
  `description` varchar(255) NOT NULL,
  `rating` int(11) NOT NULL,
  `created_by` int(11) DEFAULT NULL,
  `status` tinyint(4) NOT NULL DEFAULT 1,
  `deleted_at` datetime DEFAULT NULL,
  `created` datetime NOT NULL,
  `modified` timestamp NOT NULL DEFAULT current_timestamp() ON UPDATE current_timestamp(),
  PRIMARY KEY (`id`),
  KEY `created_by` (`created_by`),
  CONSTRAINT `testimonials_ibfk_2` FOREIGN KEY (`created_by`) REFERENCES `admins` (`id`) ON DELETE CASCADE
) ENGINE=InnoDB DEFAULT CHARSET=utf8;

INSERT INTO `testimonials` (`id`, `name`, `designation`, `location`, `image`, `description`, `rating`, `created_by`, `status`, `deleted_at`, `created`, `modified`) VALUES
(2,	'Sigourney Velez',	'Est numquam quibusda',	'',	'/uploads/testimonials/16654874996747-testimony.png',	'Nobis facilis occaec',	5,	7,	1,	NULL,	'2022-10-10 17:50:15',	'2022-10-13 05:34:06'),
(3,	'Arsenio Hays',	'Quis nostrum dolorem',	'',	'/uploads/testimonials/16654874902567-testi.png',	'Recusandae Alias en',	1,	7,	1,	NULL,	'2022-10-10 17:50:49',	'2022-10-13 09:56:26');

CREATE TABLE `users` (
  `id` int(11) NOT NULL AUTO_INCREMENT,
  `first_name` varchar(255) NOT NULL,
  `last_name` varchar(255) DEFAULT NULL,
  `username` varchar(255) DEFAULT NULL,
  `phonenumber` varchar(255) DEFAULT NULL,
  `calling_code` varchar(10) DEFAULT NULL,
  `session_id` varchar(255) DEFAULT NULL,
  `dob` date DEFAULT NULL,
  `address` text DEFAULT NULL,
  `image` text DEFAULT NULL,
  `bio` longtext DEFAULT NULL,
  `last_login` datetime DEFAULT NULL,
  `token` varchar(255) DEFAULT NULL,
  `gender` enum('male','female') DEFAULT NULL,
  `email` varchar(255) DEFAULT NULL,
  `password` varchar(255) DEFAULT NULL,
  `status` tinyint(1) DEFAULT NULL,
  `verified_at` datetime DEFAULT NULL,
  `facebook_id` varchar(200) DEFAULT NULL,
  `google_id` varchar(200) DEFAULT NULL,
  `google_email` varchar(200) DEFAULT NULL,
  `otp` varchar(10) DEFAULT NULL,
  `phone_verification` datetime DEFAULT NULL,
  `zipcode` varchar(10) DEFAULT NULL,
  `user_type` enum('buyer','seller','rbe','rco') DEFAULT NULL COMMENT 'buyer = Private buyer or seller, seller = Registered Seller (RS),  rbe = Registered Breeding Establishment (RBE), rco = Registered Charitable Organisation',
  `seller_id` varchar(255) DEFAULT NULL,
  `rbe_number` varchar(255) DEFAULT NULL,
  `rbe_breeding_bitches` varchar(255) DEFAULT NULL,
  `charitable_number` varchar(255) DEFAULT NULL,
  `business_name` varchar(255) DEFAULT NULL,
  `country_id` int(5) DEFAULT NULL,
  `state_id` int(11) DEFAULT NULL,
  `city_id` int(11) DEFAULT NULL,
  `postal_code_id` int(11) DEFAULT NULL,
  `preferences_type` tinyint(1) NOT NULL DEFAULT 1,
  `deleted_at` timestamp NULL DEFAULT NULL,
  `created_by` int(11) DEFAULT NULL,
  `created` datetime DEFAULT NULL,
  `modified` timestamp NULL DEFAULT NULL,
  PRIMARY KEY (`id`),
  KEY `created_by` (`created_by`),
  KEY `country_id` (`country_id`),
  KEY `state_id` (`state_id`),
  KEY `city_id` (`city_id`),
  KEY `postal_code_id` (`postal_code_id`),
  CONSTRAINT `users_ibfk_1` FOREIGN KEY (`created_by`) REFERENCES `admins` (`id`) ON DELETE CASCADE,
  CONSTRAINT `users_ibfk_2` FOREIGN KEY (`country_id`) REFERENCES `countries` (`id`) ON DELETE SET NULL,
  CONSTRAINT `users_ibfk_3` FOREIGN KEY (`state_id`) REFERENCES `states` (`id`) ON DELETE SET NULL,
  CONSTRAINT `users_ibfk_4` FOREIGN KEY (`city_id`) REFERENCES `cities` (`id`) ON DELETE SET NULL,
  CONSTRAINT `users_ibfk_5` FOREIGN KEY (`postal_code_id`) REFERENCES `postal_codes` (`id`) ON DELETE SET NULL
) ENGINE=InnoDB DEFAULT CHARSET=utf8;

INSERT INTO `users` (`id`, `first_name`, `last_name`, `username`, `phonenumber`, `calling_code`, `session_id`, `dob`, `address`, `image`, `bio`, `last_login`, `token`, `gender`, `email`, `password`, `status`, `verified_at`, `facebook_id`, `google_id`, `google_email`, `otp`, `phone_verification`, `zipcode`, `user_type`, `seller_id`, `rbe_number`, `rbe_breeding_bitches`, `charitable_number`, `business_name`, `country_id`, `state_id`, `city_id`, `postal_code_id`, `preferences_type`, `deleted_at`, `created_by`, `created`, `modified`) VALUES
(107,	'Felix',	'Cunningham',	'felix.cunningham.dl8ovr',	'7787887787',	NULL,	'U2qUVczzZsLIF27nR5M7B12fOR4xs6KXgJ19zuzj',	NULL,	NULL,	NULL,	NULL,	'2022-10-04 17:23:46',	'XMfrfbq6IxHaKt4EEwM21PSGbq885F8eGcJOORe4zY6zXmj04Ucgu9S8T4CgQKfW',	NULL,	'rakesh@gmail.com',	'$2y$10$gPRSUKLvrYAHou66wAG7/uUCffadquVAoZhYFSN4axt0yWpHD84Du',	1,	NULL,	NULL,	NULL,	NULL,	NULL,	NULL,	NULL,	NULL,	NULL,	NULL,	NULL,	NULL,	NULL,	NULL,	NULL,	NULL,	NULL,	1,	NULL,	NULL,	'2022-10-04 17:18:26',	'2022-10-04 11:48:26'),
(110,	'Dacey',	'Mclaughlin',	'dacey.mclaughlin.7l9z9p',	'55889788877',	NULL,	NULL,	NULL,	NULL,	NULL,	NULL,	NULL,	'7dIqYD72eblsrME55QT2J2un75nn4qVtEIrDdtYNJKPumcRWyy1UWRotqfSejnez',	NULL,	'jikivub@mailinator',	'$2y$10$GNR8g0YLG7QcFWXjB9GgLO9rNbTUFjBQMLZH5opXf4TThkDAoNHLa',	1,	NULL,	NULL,	NULL,	NULL,	NULL,	NULL,	NULL,	NULL,	NULL,	NULL,	NULL,	NULL,	NULL,	NULL,	NULL,	NULL,	NULL,	1,	NULL,	7,	'2022-10-07 12:00:59',	'2022-10-07 06:30:59'),
(116,	'Jatin',	'Gandhi',	'jatin.gandhi.dpyo79',	'9023408361',	NULL,	'xd2PD3gSICtA53Bfv3r275ucJQk3ZKIMIHsdOpE5',	NULL,	NULL,	NULL,	NULL,	'2022-10-13 15:31:29',	'D3KhcBc2CGn9QuKA2ikRuKLiTIgMS4xeAUTyi4RV5p4PtMJA5zZfQAK6DM5aGk58',	NULL,	'jatin.gandhi@globiztechnology.com',	'$2y$10$b0tSZfvs6cd.ruieQbDSQOwIywyhD9XlExplKp4XKmZO6pAIZVdgG',	1,	NULL,	NULL,	NULL,	NULL,	NULL,	NULL,	NULL,	NULL,	NULL,	NULL,	NULL,	NULL,	NULL,	NULL,	NULL,	NULL,	NULL,	1,	NULL,	7,	'2022-10-13 13:10:34',	'2022-10-13 07:40:34'),
(117,	'kamal',	'deep',	'kamal.deep.kagr91',	'9814340655',	NULL,	'IwTUwGgVKZQSYCHnW7lFbXZ8hxmwmDuf00bKX4Du',	NULL,	NULL,	'/uploads/user/1667036313421-background1.png',	NULL,	'2022-11-11 10:26:46',	'QND4OJHJArBcB5sxrkQC4VhNnTIrV6jZtnzB5pzjtbr5G95k0vRN77xivcUpX9EX',	NULL,	'kamaldeep.globiztechnology@gmail.com',	'$2y$10$SB/uOG27ZnvPobu5Gmr8sejrsxFzk/Zv/KZkYIXBmf7BoRpcX.mOO',	1,	NULL,	NULL,	NULL,	NULL,	NULL,	NULL,	NULL,	NULL,	NULL,	NULL,	NULL,	NULL,	NULL,	NULL,	NULL,	NULL,	NULL,	1,	NULL,	NULL,	'2022-10-29 13:03:39',	'2022-10-29 09:38:26'),
(118,	'Ginger',	'Byrd',	'ginger.byrd.dm7dgr',	'9128787877',	NULL,	NULL,	NULL,	NULL,	NULL,	NULL,	NULL,	'sNB5yKrnNUtHkj2JOuTHj2XEDftLcHlQRl86FQrpjO0UEiXatJk8JJZUiX4ZXSSI',	NULL,	'sizubila@mailinator.com',	'$2y$10$b4QlePlTI/1x0CwpIJW36e6Po7mrXZaizDFS2u4yu4sesnObYKMSu',	1,	NULL,	NULL,	NULL,	NULL,	NULL,	NULL,	NULL,	NULL,	NULL,	NULL,	NULL,	NULL,	NULL,	NULL,	NULL,	NULL,	NULL,	1,	NULL,	NULL,	'2022-11-14 17:07:24',	'2022-11-14 11:37:24'),
(119,	'Joshua',	'William',	'joshua.william.am6obr',	'5447777777',	NULL,	NULL,	NULL,	NULL,	NULL,	NULL,	NULL,	'v2x2IK3oUQt6tstbkd3ECCwmMP8IMkGagZk4AF0O6OQGVZxmWsoPOIQN8kjOGamk',	NULL,	'leqeho@mailinator.com',	'$2y$10$U/syRYHLSuJnu7sMUOPXi.ohS.OL58YGlZ439vFMX.dx9oKoMuKZC',	1,	NULL,	NULL,	NULL,	NULL,	NULL,	NULL,	NULL,	NULL,	NULL,	NULL,	NULL,	NULL,	NULL,	NULL,	NULL,	NULL,	NULL,	1,	NULL,	NULL,	'2022-11-14 17:07:40',	'2022-11-14 11:37:40'),
(120,	'Chaney',	'Norris',	'chaney.norris.wmqqym',	'7107777784',	NULL,	NULL,	NULL,	NULL,	NULL,	NULL,	NULL,	'6EEGdRLxj70mReifreumUDYcPyJ5EUVWlrfNm7dw5kL9ATosvezLJsykKpuujTVK',	NULL,	'dubimigy@mailinator.com',	'$2y$10$G3WEaQlzBi3VnJ7n4oHT7uWJnXsNvSZTYm5KaOUot.Kg..TxQyh3y',	1,	NULL,	NULL,	NULL,	NULL,	NULL,	NULL,	NULL,	NULL,	NULL,	NULL,	NULL,	NULL,	NULL,	NULL,	NULL,	NULL,	NULL,	1,	NULL,	NULL,	'2022-11-14 17:08:03',	'2022-11-14 11:38:03'),
(121,	'Pandora',	'Forbes',	'pandora.forbes.zm0zal',	'9007777777',	NULL,	NULL,	NULL,	NULL,	NULL,	NULL,	NULL,	'lxXqYuowWTtv9zQ1LAMWBzBVPlxeFDUqjtEpsDLJ7s9a1N1k6dW2j3UKhjJXbOTA',	NULL,	'besycebeho@mailinator',	'$2y$10$JMGMAF3OfLjNZAoP77h2IuxdioULrw3dkGPHfFXRfPbtEk8V31p/6',	1,	NULL,	NULL,	NULL,	NULL,	NULL,	NULL,	NULL,	NULL,	NULL,	NULL,	NULL,	NULL,	NULL,	NULL,	NULL,	NULL,	NULL,	1,	NULL,	NULL,	'2022-11-14 17:29:05',	'2022-11-14 11:59:05'),
(122,	'Laura',	'Eaton',	'laura.eaton.2m3q6l',	'1254444447',	NULL,	NULL,	NULL,	NULL,	NULL,	NULL,	NULL,	'tffgs7A53bVVn9DltzbXVq3WcBHPUMnpQUfy33WtNWSKSIT3zhiFWdtEG8pm7wPl',	NULL,	'topa@mailinator.com',	'$2y$10$Esu0MJw3EbHxVeubQVkOSeHmP7RlUmVyaudglBVUD3.PHpcv6r7j6',	1,	NULL,	NULL,	NULL,	NULL,	NULL,	NULL,	NULL,	NULL,	NULL,	NULL,	NULL,	NULL,	NULL,	NULL,	NULL,	NULL,	NULL,	1,	NULL,	NULL,	'2022-11-14 17:58:11',	'2022-11-14 12:28:11'),
(123,	'Rakesh',	'Kumar',	'rakesh.kumar.ep5oar',	'7888584255',	NULL,	'IbPGGjpQ2n5LeA7QkHFOPU1dtI2lgAxR3iRTyCdP',	NULL,	NULL,	'/uploads/user/16686008274983-blog-7.jpg',	NULL,	'2022-11-18 16:44:59',	'FWqPdMYiowuU6EMBE70NLHvhywLJDdeAt1II1fwyvMFYnin1W7rtLs2cmChOhJ6k',	NULL,	'rakesh.globiztechnology@gmail.com',	'$2y$10$OZ6xnmUqvx/7rDJ4xypBxeFzTH9tQLYAsuz2mUF.Z1KI91phqNdm6',	1,	NULL,	NULL,	NULL,	NULL,	NULL,	NULL,	NULL,	NULL,	NULL,	NULL,	NULL,	NULL,	NULL,	NULL,	NULL,	NULL,	NULL,	1,	NULL,	NULL,	'2022-11-14 17:59:47',	'2022-11-15 13:11:44');

CREATE TABLE `users_tokens` (
  `id` int(11) NOT NULL AUTO_INCREMENT,
  `user_id` int(11) NOT NULL,
  `token` varchar(200) NOT NULL,
  `device_id` varchar(255) DEFAULT NULL,
  `device_type` enum('android','ios','web') DEFAULT NULL,
  `device_name` varchar(255) DEFAULT NULL,
  `fcm_token` text DEFAULT NULL,
  `expire_on` datetime NOT NULL,
  `created` datetime NOT NULL,
  `modified` timestamp NOT NULL DEFAULT current_timestamp() ON UPDATE current_timestamp(),
  PRIMARY KEY (`id`),
  KEY `user_id` (`user_id`),
  CONSTRAINT `users_tokens_ibfk_1` FOREIGN KEY (`user_id`) REFERENCES `users` (`id`) ON DELETE CASCADE
) ENGINE=InnoDB DEFAULT CHARSET=utf8;

INSERT INTO `users_tokens` (`id`, `user_id`, `token`, `device_id`, `device_type`, `device_name`, `fcm_token`, `expire_on`, `created`, `modified`) VALUES
(1020,	116,	'yLKxgXCm5r8jYHF8wN8N2NFsWIx1HQo4SeGhQk4XufBKvi0W4aLVlZt22cMo0gHN',	NULL,	'web',	'Mozilla/5.0 (Windows NT 10.0; Win64; x64) AppleWebKit/537.36 (KHTML, like Gecko) Chrome/106.0.0.0 Safari/537.36',	NULL,	'1970-01-01 05:30:00',	'2022-10-13 15:31:29',	'2022-10-13 10:01:29'),
(1774,	117,	'1B0Or1aqw36dyNjXLtgWTq8HMXdL3Iq2aPJPxvLGDfwu3n0IQNoZfsgSsgigkT8J',	NULL,	'web',	'Mozilla/5.0 (Windows NT 10.0; Win64; x64) AppleWebKit/537.36 (KHTML, like Gecko) Chrome/107.0.0.0 Safari/537.36',	NULL,	'1970-01-01 05:30:00',	'2022-11-11 10:36:54',	'2022-11-11 05:06:54'),
(1920,	123,	'f1rCuV2XpFDQnYXHfa8CarsKOFlMqANUarOnPFL6zoMc58juWKu730WhqV4B7X0N',	NULL,	'web',	'Mozilla/5.0 (Windows NT 10.0; Win64; x64) AppleWebKit/537.36 (KHTML, like Gecko) Chrome/107.0.0.0 Safari/537.36',	NULL,	'1970-01-01 05:30:00',	'2022-11-18 16:45:00',	'2022-11-18 11:15:00');

CREATE TABLE `web_settings` (
  `id` int(11) NOT NULL AUTO_INCREMENT,
  `banner_title` varchar(255) DEFAULT NULL,
  `banner_description` varchar(255) DEFAULT NULL,
  `banner_image` varchar(255) DEFAULT NULL,
  `banner_button` varchar(255) DEFAULT NULL,
  `is_banner_button` varchar(255) DEFAULT NULL,
  `banner_link` varchar(255) DEFAULT NULL,
  `subscribe_title` varchar(255) DEFAULT NULL,
  `subscribe_description` varchar(255) DEFAULT NULL,
  `about_title` varchar(255) DEFAULT NULL,
  `about_description` text DEFAULT NULL,
  `about_info` text DEFAULT NULL,
  `about_button` varchar(255) DEFAULT NULL,
  `is_about_button` varchar(255) DEFAULT NULL,
  `about_link` varchar(255) DEFAULT NULL,
  `about_image` text DEFAULT NULL,
  `services_title` varchar(255) DEFAULT NULL,
  `services_description` text DEFAULT NULL,
  `services_ability` text DEFAULT NULL,
  `services_button` varchar(255) DEFAULT NULL,
  `is_services_button` varchar(255) DEFAULT NULL,
  `services_link` varchar(255) DEFAULT NULL,
  `services` text DEFAULT NULL,
  `contact_title` varchar(255) DEFAULT NULL,
  `contact_image` varchar(255) DEFAULT NULL,
  `contact_description` text DEFAULT NULL,
  `facebook` varchar(255) DEFAULT NULL,
  `twitter` varchar(255) DEFAULT NULL,
  `youtube` varchar(255) DEFAULT NULL,
  `instagram` varchar(255) DEFAULT NULL,
  `linkdin` varchar(255) DEFAULT NULL,
  `footer_description` text DEFAULT NULL,
  `footer_services` text DEFAULT NULL,
  `footer_menu` text DEFAULT NULL,
  `ios_link` text DEFAULT NULL,
  `andriod_link` text DEFAULT NULL,
  `meta_title` text DEFAULT NULL,
  `meta_keywords` text DEFAULT NULL,
  `meta_description` text DEFAULT NULL,
  `created_by` int(11) DEFAULT NULL,
  `deleted_at` datetime DEFAULT NULL,
  `created` datetime NOT NULL,
  `modified` timestamp NOT NULL DEFAULT current_timestamp() ON UPDATE current_timestamp(),
  PRIMARY KEY (`id`),
  KEY `created_by` (`created_by`),
  CONSTRAINT `web_settings_ibfk_1` FOREIGN KEY (`created_by`) REFERENCES `admins` (`id`) ON DELETE CASCADE
) ENGINE=InnoDB DEFAULT CHARSET=utf8;


-- 2022-11-29 05:47:58
